{"id":1078,"date":"2026-04-21T09:03:36","date_gmt":"2026-04-21T09:03:36","guid":{"rendered":"https:\/\/dev.sbro.ro\/?product=atlas-de-istorie-biblica"},"modified":"2026-04-21T09:03:36","modified_gmt":"2026-04-21T09:03:36","slug":"atlas-de-istorie-biblica","status":"publish","type":"product","link":"https:\/\/dev.sbro.ro\/?product=atlas-de-istorie-biblica","title":{"rendered":"Atlas de istorie biblica"},"content":{"rendered":"<p><i>Atlasul de istorie biblic\u0103<\/i> acoper\u0103 o perioad\u0103 de 3000 de ani din istoria lumii, explic\u00e2nd numeroasele feluri \u00een care istoria \u0219i arheologia confirm\u0103 \u0219i completeaz\u0103 nara\u021biunea biblic\u0103 \u0219i oferind profunzime \u0219i dinamic\u0103 felului \u00een care \u00een\u021belegem diferite personaje \u0219i evenimente-cheie.<\/p>\n<p>Este un tablou narativ al marilor evenimente din Vechiul \u0219i din Noul Testament, de la peregrin\u0103rile lui Avraam \u00een Canaan \u0219i Egipt p\u00e2n\u0103 la c\u0103l\u0103toriile misionare ale lui Pavel \u0219i \u00eenfiin\u021barea noilor biserici.<\/p>\n<p>De-a lungul \u00eentregii c\u0103r\u021bi sunt accentuate \u00een mod special anumite subiecte, precum popoarele \u0219i limbile lor, pentru a-l ajuta pe cititor s\u0103-\u0219i aprofundeze cuno\u0219tin\u021bele despre geografia unui anumit loc, formele de relief, clima, cultura \u0219i religia \u00eent\u00e2lnite acolo.<\/p>\n<p>Textul este \u00eenso\u021bit de 97 de h\u0103r\u021bi, 7 reconstruc\u021bii panoramice, 17 planuri ale unor situri arheologice \u0219i mai mult de 150 de fotografii, plus mai multe pictograme \u0219i reprezent\u0103ri geografice ale diverselor lupte \u0219i r\u0103zboaie.<\/p>\n<p>Include: diagrame cronologice, bibliografie, index de termeni \u0219i personaje, geografic \u0219i de referin\u021be biblice.<\/p>\n<p style=\"text-align: justify;\">\n","protected":false},"excerpt":{"rendered":"<p>Atlasul de istorie biblic\u0103 acoper\u0103 o perioad\u0103 de 3000 de ani din istoria lumii, explic\u00e2nd numeroasele feluri \u00een care istoria \u0219i arheologia confirm\u0103 \u0219i completeaz\u0103 nara\u021biunea biblic\u0103 \u0219i oferind profunzime \u0219i dinamic\u0103 felului \u00een care \u00een\u021belegem diferite personaje \u0219i evenimente-cheie. Este un tablou narativ al marilor evenimente din Vechiul \u0219i din Noul Testament, de la [&hellip;]<\/p>\n","protected":false},"featured_media":6514,"comment_status":"open","ping_status":"closed","template":"","meta":[],"product_brand":[],"product_cat":[76],"product_tag":[],"class_list":{"0":"post-1078","1":"product","2":"type-product","3":"status-publish","4":"has-post-thumbnail","6":"product_cat-atlase","8":"first","9":"instock","10":"shipping-taxable","11":"purchasable","12":"product-type-simple"},"_links":{"self":[{"href":"https:\/\/dev.sbro.ro\/index.php?rest_route=\/wp\/v2\/product\/1078","targetHints":{"allow":["GET"]}}],"collection":[{"href":"https:\/\/dev.sbro.ro\/index.php?rest_route=\/wp\/v2\/product"}],"about":[{"href":"https:\/\/dev.sbro.ro\/index.php?rest_route=\/wp\/v2\/types\/product"}],"replies":[{"embeddable":true,"href":"https:\/\/dev.sbro.ro\/index.php?rest_route=%2Fwp%2Fv2%2Fcomments&post=1078"}],"wp:featuredmedia":[{"embeddable":true,"href":"https:\/\/dev.sbro.ro\/index.php?rest_route=\/wp\/v2\/media\/6514"}],"wp:attachment":[{"href":"https:\/\/dev.sbro.ro\/index.php?rest_route=%2Fwp%2Fv2%2Fmedia&parent=1078"}],"wp:term":[{"taxonomy":"product_brand","embeddable":true,"href":"https:\/\/dev.sbro.ro\/index.php?rest_route=%2Fwp%2Fv2%2Fproduct_brand&post=1078"},{"taxonomy":"product_cat","embeddable":true,"href":"https:\/\/dev.sbro.ro\/index.php?rest_route=%2Fwp%2Fv2%2Fproduct_cat&post=1078"},{"taxonomy":"product_tag","embeddable":true,"href":"https:\/\/dev.sbro.ro\/index.php?rest_route=%2Fwp%2Fv2%2Fproduct_tag&post=1078"}],"curies":[{"name":"wp","href":"https:\/\/api.w.org\/{rel}","templated":true}]}}