{"id":1161,"date":"2026-04-21T09:03:45","date_gmt":"2026-04-21T09:03:45","guid":{"rendered":"https:\/\/dev.sbro.ro\/?product=costul-uceniciei"},"modified":"2026-04-21T09:03:45","modified_gmt":"2026-04-21T09:03:45","slug":"costul-uceniciei","status":"publish","type":"product","link":"https:\/\/dev.sbro.ro\/product\/costul-uceniciei\/","title":{"rendered":"Costul uceniciei"},"content":{"rendered":"<p>Un comentariu deosebit de apreciat al Predicii de pe Munte, av\u00e2nd ca tem\u0103 central\u0103 diferen\u021ba dintre harul ieftin \u0219i harul costisitor \u2013 chemarea lui Hristos, \u201epentru care ucenicii p\u0103r\u0103sesc mrejele \u0219i \u00cel urmeaz\u0103\u201c. <\/p>\n<p><em>Costul uceniciei<\/em>, penultima carte antum\u0103 a lui Dietrich Bonhoeffer, constituie o analiz\u0103 lucid\u0103 a harului ieftin, caracterizat de autor drept \u201edu\u0219manul de moarte al bisericii noastre\u201c. De\u0219i profund ancorat\u0103 \u00een realit\u0103\u021bile sumbre ale Germaniei interbelice, analiza necru\u021b\u0103toare a autorului \u0219i-a dep\u0103\u0219it cu mult epoca, intr\u00e2nd, astfel, \u00een repertoriul spiritualit\u0103\u021bii cre\u0219tine f\u0103r\u0103 v\u00e2rst\u0103. <\/p>\n<p>Harului ieftin (principala maladie spiritual\u0103 care \u00eel preocupa), Bonhoeffer \u00eei opune f\u0103r\u0103 ezitare harul costisitor \u2013 \u201echemarea lui Hristos, pentru care ucenicii p\u0103r\u0103sesc mrejele \u0219i \u00cel urmeaz\u0103\u201c. Cu referire la aceast\u0103 chemare, Bonhoeffer scria, \u00een mod profetic: \u201eCine p\u0103\u0219e\u0219te pe drumul uceniciei se supune mor\u021bii lui Isus, \u00ee\u0219i d\u0103 via\u021ba lui mor\u021bii. [&#8230;] Fiecare chemare a lui Hristos duce la moarte.\u201c Desigur, autorul avea \u00een vedere \u201eomor\u00e2rea omului nostru vechi\u201c, care are loc prin chemarea f\u0103cut\u0103 de Isus, dar, pentru el, afirma\u021bia s-a dovedit adev\u0103rat\u0103 nu doar la nivel l\u0103untric, ci \u0219i la nivelul \u00eentregii sale existen\u021be: Bonhoeffer a p\u0103\u0219it el \u00eensu\u0219i \u00een p\u0103rt\u0103\u0219ia martiriului, fiindc\u0103 a refuzat radical compromisul cu regimul na\u021bional-socialist aflat la putere \u00een Germania. <\/p>\n<p><em>Costul uceniciei<\/em>, scris\u0103 \u00een mare parte sub forma unui comentariu la Predica de pe Munte, respir\u0103 o mare prospe\u021bime spiritual\u0103, datorit\u0103 faptului c\u0103, \u00een via\u021ba autorului, harul \u0219i ucenicia s-au \u00eengem\u0103nat indisolubil. Bonhoeffer scrie cu fervoare, polemiz\u00e2nd, nu de pu\u021bine ori, cu establishment-ul teologic al vremii sale. Retorica sa nu este \u00eens\u0103 un exerci\u021biu al teologului \u201ede fotoliu\u201c, ci expresia pasiunii ucenicului care a primit harul costisitor.<\/p>\n<p><strong>Dietrich Bonhoeffer<\/strong> (1906 \u2013 1945), pastor \u0219i teolog luteran educat la T\u00fcbingen, Berlin \u0219i New York, a l\u0103sat o bogat\u0103 mo\u0219tenire teologic\u0103, publicat\u0103 mai ales postum. S-a dovedit inflexibil \u00een rela\u021bia cu partidul nazist, care a \u00eencercat s\u0103 \u201ealinieze\u201d Biserica Evanghelic\u0103 la propriile scopuri politice. Ap\u0103r\u0103tor neobosit al cauzei Bisericii M\u0103rturisitoare, n-a ezitat s\u0103 preg\u0103teasc\u0103 pastori \u00een clandestinitate, la Finkenwalde (ast\u0103zi, Szczecin-Zdroje, Polonia) sau \u00een diverse localit\u0103\u021bi din Pomerania. Pentru implicarea \u00een rezisten\u021ba antinazist\u0103, a fost \u00eentemni\u021bat \u0219i condamnat la moarte prin sp\u00e2nzurare. Execu\u021bia a avut loc la Flossenb\u00fcrg, la 9 aprilie 1945, cu o lun\u0103 \u00eenainte de capitularea Germaniei.<\/p>\n<p>* * *<\/p>\n<\/p>\n<p>\u00cen aceast\u0103 carte, Bonhoeffer comenteaz\u0103 pericopele din sinoptici despre chemarea la ucenicie \u015fi vede \u00een Predica de pe Munte un \u00eendrumar spre o ucenicie consecvent\u0103. Autorul \u00eencearc\u0103 s\u0103 descopere acela\u015fi lucru \u015fi \u00een textele pauline. Cartea prezint\u0103 f\u0103r\u0103 ocoli\u015furi c\u00e2t de mare este pre\u0163ul pe care trebuie s\u0103-l pl\u0103teasc\u0103 un cre\u015ftin \u00een ucenicie. \u201eHarul costisitor&#8221; care pe om \u201e\u00eel cost\u0103 via\u0163a&#8221; este mesajul Evangheliei&#8230; Ascultarea de Hristos, ucenicia, este ceea ce face dintr-un om un credincios. Aceast\u0103 ucenicie nu \u00eenseamn\u0103 urmarea unui program etic sau a anumitor norme morale. Ucenicia este leg\u0103tura concret\u0103 cu Hristos, via\u0163a tr\u0103it\u0103 \u00een ascultare concret\u0103.<\/p>\n<p>&#8212; Christiane Tietz<\/p>\n<p>\n<strong>Cuprins<\/strong><\/p>\n<p>Abrevieri<br \/>\nNota editorului<br \/>\nPrefa\u021b\u0103 la edi\u021bia \u00een limba rom\u00e2n\u0103<br \/>\nRepere cronologice<br \/>\nPrefa\u021ba autorului<\/p>\n<p><strong>Partea I<\/strong><br \/>\n1. Harul costisitor<br \/>\n2. Chemarea la ucenicie<br \/>\n3. Ascultarea simpl\u0103<br \/>\n4. Ucenicia \u0219i crucea<br \/>\n5. Ucenicia \u0219i individul<br \/>\n6. Predica de pe Munte<br \/>\nMatei 5: Despre &#8220;extraordinarul&#8221; vie\u021bii cre\u0219tine<br \/>\nFericirile<br \/>\nComunitatea vizibil\u0103<br \/>\nDreptatea lui Hristos<br \/>\nFratele<br \/>\nFemeia<br \/>\nSinceritatea<br \/>\nR\u0103zbunarea<br \/>\nDu\u0219manul &#8212; &#8220;extraordinarul&#8221;<br \/>\nMatei 6: Despre caracterul ascuns al vie\u021bii cre\u0219tine<br \/>\nDreptatea \u00eenf\u0103ptuit\u0103 \u00een ascuns<br \/>\nRug\u0103ciunea f\u0103cut\u0103 \u00een ascuns<br \/>\nCaracterul ascuns al vie\u021bii evlavioase<br \/>\nSimplitatea vie\u021bii lipsite de griji<br \/>\nMatei 7: Separarea comunit\u0103\u021bii ucenicilor<br \/>\nUcenicul \u0219i cei necredincio\u0219i<br \/>\nMarea separare<br \/>\nConcluzie<br \/>\n7. Mesagerii<br \/>\nSeceri\u0219ul<br \/>\nApostolii<br \/>\nLucrarea<br \/>\nSuferin\u021ba mesagerilor<br \/>\nHot\u0103r\u00e2rea<br \/>\nRodul<\/p>\n<p><strong>Partea a II-a<\/strong><br \/>\nBiserica lui Isus Hristos \u0219i ucenicia<br \/>\n8. Preliminarii<br \/>\n9. Botezul<br \/>\n10. Trupul lui Hristos<br \/>\n11. Comunitatea vizibil\u0103<br \/>\n12. Sfin\u021bii<br \/>\n13. Chipul lui Hristos<\/p>\n<p>Postfa\u021b\u0103 la edi\u021bia \u00een limba german\u0103<br \/>\nBibliografie<br \/>\n1. Bibliografie folosit\u0103 de Bonhoeffer<br \/>\n2. Bibliografie folosit\u0103 de editorii germani<br \/>\n3. Bibliografie selectiv\u0103 despre Costul uceniciei<br \/>\nIndice tematic<br \/>\nIndice de referin\u021be biblice<br \/>\nIndice de persoane<\/p>\n","protected":false},"excerpt":{"rendered":"<p>Un comentariu deosebit de apreciat al Predicii de pe Munte, av\u00e2nd ca tem\u0103 central\u0103 diferen\u021ba dintre harul ieftin \u0219i harul costisitor \u2013 chemarea lui Hristos, \u201epentru care ucenicii p\u0103r\u0103sesc mrejele \u0219i \u00cel urmeaz\u0103\u201c. Costul uceniciei, penultima carte antum\u0103 a lui Dietrich Bonhoeffer, constituie o analiz\u0103 lucid\u0103 a harului ieftin, caracterizat de autor drept \u201edu\u0219manul de [&hellip;]<\/p>\n","protected":false},"featured_media":6596,"comment_status":"open","ping_status":"closed","template":"","meta":[],"product_brand":[],"product_cat":[16,18],"product_tag":[],"class_list":{"0":"post-1161","1":"product","2":"type-product","3":"status-publish","4":"has-post-thumbnail","6":"product_cat-comentarii-biblice","7":"product_cat-viata-crestina","9":"first","10":"instock","11":"shipping-taxable","12":"purchasable","13":"product-type-simple"},"_links":{"self":[{"href":"https:\/\/dev.sbro.ro\/wp-json\/wp\/v2\/product\/1161","targetHints":{"allow":["GET"]}}],"collection":[{"href":"https:\/\/dev.sbro.ro\/wp-json\/wp\/v2\/product"}],"about":[{"href":"https:\/\/dev.sbro.ro\/wp-json\/wp\/v2\/types\/product"}],"replies":[{"embeddable":true,"href":"https:\/\/dev.sbro.ro\/wp-json\/wp\/v2\/comments?post=1161"}],"wp:featuredmedia":[{"embeddable":true,"href":"https:\/\/dev.sbro.ro\/wp-json\/wp\/v2\/media\/6596"}],"wp:attachment":[{"href":"https:\/\/dev.sbro.ro\/wp-json\/wp\/v2\/media?parent=1161"}],"wp:term":[{"taxonomy":"product_brand","embeddable":true,"href":"https:\/\/dev.sbro.ro\/wp-json\/wp\/v2\/product_brand?post=1161"},{"taxonomy":"product_cat","embeddable":true,"href":"https:\/\/dev.sbro.ro\/wp-json\/wp\/v2\/product_cat?post=1161"},{"taxonomy":"product_tag","embeddable":true,"href":"https:\/\/dev.sbro.ro\/wp-json\/wp\/v2\/product_tag?post=1161"}],"curies":[{"name":"wp","href":"https:\/\/api.w.org\/{rel}","templated":true}]}}