{"id":1216,"date":"2026-04-21T09:03:51","date_gmt":"2026-04-21T09:03:51","guid":{"rendered":"https:\/\/dev.sbro.ro\/?product=isus-si-prietenii-sai"},"modified":"2026-04-21T09:03:51","modified_gmt":"2026-04-21T09:03:51","slug":"isus-si-prietenii-sai","status":"publish","type":"product","link":"https:\/\/dev.sbro.ro\/?product=isus-si-prietenii-sai","title":{"rendered":"Isus si prietenii Sai"},"content":{"rendered":"<p>Desene \u015fi jocuri ce ajut\u0103 copiii s\u0103 cunoasc\u0103 mai mult din lumea copil\u0103riei Domnului Isus.<\/p>\n","protected":false},"excerpt":{"rendered":"<p>Desene \u015fi jocuri ce ajut\u0103 copiii s\u0103 cunoasc\u0103 mai mult din lumea copil\u0103riei Domnului Isus.<\/p>\n","protected":false},"featured_media":6651,"comment_status":"open","ping_status":"closed","template":"","meta":[],"product_brand":[],"product_cat":[35,13],"product_tag":[],"class_list":{"0":"post-1216","1":"product","2":"type-product","3":"status-publish","4":"has-post-thumbnail","6":"product_cat-copii","7":"product_cat-familie","9":"first","10":"instock","11":"shipping-taxable","12":"purchasable","13":"product-type-simple"},"_links":{"self":[{"href":"https:\/\/dev.sbro.ro\/index.php?rest_route=\/wp\/v2\/product\/1216","targetHints":{"allow":["GET"]}}],"collection":[{"href":"https:\/\/dev.sbro.ro\/index.php?rest_route=\/wp\/v2\/product"}],"about":[{"href":"https:\/\/dev.sbro.ro\/index.php?rest_route=\/wp\/v2\/types\/product"}],"replies":[{"embeddable":true,"href":"https:\/\/dev.sbro.ro\/index.php?rest_route=%2Fwp%2Fv2%2Fcomments&post=1216"}],"wp:featuredmedia":[{"embeddable":true,"href":"https:\/\/dev.sbro.ro\/index.php?rest_route=\/wp\/v2\/media\/6651"}],"wp:attachment":[{"href":"https:\/\/dev.sbro.ro\/index.php?rest_route=%2Fwp%2Fv2%2Fmedia&parent=1216"}],"wp:term":[{"taxonomy":"product_brand","embeddable":true,"href":"https:\/\/dev.sbro.ro\/index.php?rest_route=%2Fwp%2Fv2%2Fproduct_brand&post=1216"},{"taxonomy":"product_cat","embeddable":true,"href":"https:\/\/dev.sbro.ro\/index.php?rest_route=%2Fwp%2Fv2%2Fproduct_cat&post=1216"},{"taxonomy":"product_tag","embeddable":true,"href":"https:\/\/dev.sbro.ro\/index.php?rest_route=%2Fwp%2Fv2%2Fproduct_tag&post=1216"}],"curies":[{"name":"wp","href":"https:\/\/api.w.org\/{rel}","templated":true}]}}