{"id":1296,"date":"2026-04-21T09:03:58","date_gmt":"2026-04-21T09:03:58","guid":{"rendered":"https:\/\/dev.sbro.ro\/?product=romani-comentariu-expozitiv"},"modified":"2026-04-21T09:03:58","modified_gmt":"2026-04-21T09:03:58","slug":"romani-comentariu-expozitiv","status":"publish","type":"product","link":"https:\/\/dev.sbro.ro\/product\/romani-comentariu-expozitiv\/","title":{"rendered":"Romani &#8211; comentariu expozitiv"},"content":{"rendered":"<p>John Stott se al\u0103tur\u0103, prin acest comentariu, distinselor voci biserice\u0219ti care au meditat asupra uimitoarelor teme ale Epistolei c\u0103tre romani \u0219i au discutat modul \u00een care ele trebuie aplicate \u00een via\u021b\u0103, ajut\u00e2ndu-ne \u0219i pe noi s\u0103 auzim ineditele armonii \u0219i s\u0103 \u00eentrez\u0103rim m\u0103rea\u021ba viziune. Respect\u00e2nd tradi\u021bia clasic\u0103 a marilor lideri cre\u0219tini care au comentat aceast\u0103 epistol\u0103, Stott prezint\u0103 termenii folosi\u021bi \u00een ea, temele abordate \u0219i ra\u021bionamentele pe care le con\u021bine. Puterea Evangheliei &#8211; neprih\u0103nirea lui Dumnezeu descoperit\u0103 din ceruri &#8211; este adresat\u0103 \u00een mod clar oamenilor din vremea noastr\u0103 care au r\u0103spuns chem\u0103rii ei. C\u00e2nd Pavel a scris aceast\u0103 epistol\u0103 bisericilor din Roma ce se adunau prin case, scopul s\u0103u fusese s\u0103 ob\u021bin\u0103 sprijinul lor \u00een rug\u0103ciune pentru misiunea pe care inten\u021biona s\u0103 o \u00eentreprind\u0103 \u00een zona vestic\u0103 a lumii mediteraneene. Nu \u00ee\u0219i imagina el la acea dat\u0103 c\u0103, timp de dou\u0103 milenii, ecoul acestei prezent\u0103ri at\u00e2t de exacte a Evangheliei va reverbera \u00een Biseric\u0103 \u0219i prin case, \u00een lumea academic\u0103 \u0219i printre oamenii obi\u0219nui\u021bi, nici c\u0103 va str\u0103bate m\u0103ri \u0219i \u021b\u0103ri, ajung\u00e2nd p\u00e2n\u0103 la marginile p\u0103m\u00e2ntului. Stott demonstreaz\u0103 o bun\u0103 cunoa\u0219tere a textului \u0219i contextului Epistolei c\u0103tre romani, c\u00e2t \u0219i a celor mai recente studii pauline. Poate chiar mai important este faptul c\u0103 prive\u0219te aceast\u0103 epistol\u0103 prin prisma propriei experien\u021be pastorale \u0219i misionare, perspectiv\u0103 modelat\u0103 de viziunea m\u0103rea\u021b\u0103 a apostolului \u00eensu\u0219i. \u00cen paginile de fa\u021b\u0103 ave\u021bi un comentariu adresat oamenilor acestui mileniu, un comentariu care acoper\u0103 cele dou\u0103 lumi ale Epistolei c\u0103tre romani &#8211; lumea lui Pavel \u0219i lumea noastr\u0103. J.R.W. Stott a fost ordinat \u00een Biserica Anglican\u0103 \u00een 1945, dup\u0103 care a slujit \u00een Biserica All Souls, Langham Place din Londra ca ajutor de paroh (1945\u20131950), ca paroh (1950\u20131975), iar din 1975 ca paroh emerit. A fost numit Capelan al Reginei (1959\u20131991) \u0219i Capelan Suplimentar \u00een 1991. John Stott este fondatorul \u0219i pre\u0219edintele onorific al Institutului pentru Cre\u0219tinism din Londra. Este autorul a peste patruzeci de c\u0103r\u021bi, dintre care amintim Esen\u021ba credin\u021bei cre\u0219tine, S\u0103 \u00een\u021belegem Biblia, Crucea lui Cristos, Cre\u0219tinul contemporan, Comentariile expozitive \u0219i Puterea predic\u0103rii.<\/p>\n","protected":false},"excerpt":{"rendered":"<p>John Stott se al\u0103tur\u0103, prin acest comentariu, distinselor voci biserice\u0219ti care au meditat asupra uimitoarelor teme ale Epistolei c\u0103tre romani \u0219i au discutat modul \u00een care ele trebuie aplicate \u00een via\u021b\u0103, ajut\u00e2ndu-ne \u0219i pe noi s\u0103 auzim ineditele armonii \u0219i s\u0103 \u00eentrez\u0103rim m\u0103rea\u021ba viziune. Respect\u00e2nd tradi\u021bia clasic\u0103 a marilor lideri cre\u0219tini care au comentat aceast\u0103 [&hellip;]<\/p>\n","protected":false},"featured_media":6731,"comment_status":"open","ping_status":"closed","template":"","meta":[],"product_brand":[],"product_cat":[16],"product_tag":[],"class_list":{"0":"post-1296","1":"product","2":"type-product","3":"status-publish","4":"has-post-thumbnail","6":"product_cat-comentarii-biblice","8":"first","9":"instock","10":"shipping-taxable","11":"purchasable","12":"product-type-simple"},"_links":{"self":[{"href":"https:\/\/dev.sbro.ro\/wp-json\/wp\/v2\/product\/1296","targetHints":{"allow":["GET"]}}],"collection":[{"href":"https:\/\/dev.sbro.ro\/wp-json\/wp\/v2\/product"}],"about":[{"href":"https:\/\/dev.sbro.ro\/wp-json\/wp\/v2\/types\/product"}],"replies":[{"embeddable":true,"href":"https:\/\/dev.sbro.ro\/wp-json\/wp\/v2\/comments?post=1296"}],"wp:featuredmedia":[{"embeddable":true,"href":"https:\/\/dev.sbro.ro\/wp-json\/wp\/v2\/media\/6731"}],"wp:attachment":[{"href":"https:\/\/dev.sbro.ro\/wp-json\/wp\/v2\/media?parent=1296"}],"wp:term":[{"taxonomy":"product_brand","embeddable":true,"href":"https:\/\/dev.sbro.ro\/wp-json\/wp\/v2\/product_brand?post=1296"},{"taxonomy":"product_cat","embeddable":true,"href":"https:\/\/dev.sbro.ro\/wp-json\/wp\/v2\/product_cat?post=1296"},{"taxonomy":"product_tag","embeddable":true,"href":"https:\/\/dev.sbro.ro\/wp-json\/wp\/v2\/product_tag?post=1296"}],"curies":[{"name":"wp","href":"https:\/\/api.w.org\/{rel}","templated":true}]}}