{"id":1342,"date":"2026-04-21T09:04:03","date_gmt":"2026-04-21T09:04:03","guid":{"rendered":"https:\/\/dev.sbro.ro\/?product=sa-l-onoram-pe-dumnezeu-vol-6-copiii-imparatiei"},"modified":"2026-04-21T09:04:03","modified_gmt":"2026-04-21T09:04:03","slug":"sa-l-onoram-pe-dumnezeu-vol-6-copiii-imparatiei","status":"publish","type":"product","link":"https:\/\/dev.sbro.ro\/product\/sa-l-onoram-pe-dumnezeu-vol-6-copiii-imparatiei\/","title":{"rendered":"Sa-L onoram pe Dumnezeu, vol. 6 Copiii Imparatiei"},"content":{"rendered":"<p>Seria Copiii \u00cemp\u0103r\u0103\u021biei continu\u0103 cu vol. 6.<\/p>\n<p>Acest manual con\u021bine 13 lec\u021bii din vie\u021bile regilor \u0219i profe\u021bilor Israelului, \u00eencuraj\u00e2ndu-i pe copii s\u0103-L onoreze pe Dumnezeu prin iubirea \u0219i ascultarea pe care o arat\u0103.<\/p>\n<p>Dac\u0103 a\u021bi achizi\u021biona\u021bi vreunul din primele volume din serie, ve\u021bi fi deja obi\u0219nui\u021bi cu structura complex\u0103 \u0219i con\u021binutul complet pentru lec\u021biile pe care le ave\u021bi de prezentat grupei voastre.<\/p>\n<p>Afla\u021bi \u0219i despre celelalte volume care abordeaz\u0103 alte teme, care poate v\u0103 vor interesa.<\/p>\n","protected":false},"excerpt":{"rendered":"<p>Seria Copiii \u00cemp\u0103r\u0103\u021biei continu\u0103 cu vol. 6. Acest manual con\u021bine 13 lec\u021bii din vie\u021bile regilor \u0219i profe\u021bilor Israelului, \u00eencuraj\u00e2ndu-i pe copii s\u0103-L onoreze pe Dumnezeu prin iubirea \u0219i ascultarea pe care o arat\u0103. Dac\u0103 a\u021bi achizi\u021biona\u021bi vreunul din primele volume din serie, ve\u021bi fi deja obi\u0219nui\u021bi cu structura complex\u0103 \u0219i con\u021binutul complet pentru lec\u021biile pe [&hellip;]<\/p>\n","protected":false},"featured_media":6777,"comment_status":"open","ping_status":"closed","template":"","meta":[],"product_brand":[],"product_cat":[35,13],"product_tag":[],"class_list":{"0":"post-1342","1":"product","2":"type-product","3":"status-publish","4":"has-post-thumbnail","6":"product_cat-copii","7":"product_cat-familie","9":"first","10":"outofstock","11":"shipping-taxable","12":"purchasable","13":"product-type-simple"},"_links":{"self":[{"href":"https:\/\/dev.sbro.ro\/wp-json\/wp\/v2\/product\/1342","targetHints":{"allow":["GET"]}}],"collection":[{"href":"https:\/\/dev.sbro.ro\/wp-json\/wp\/v2\/product"}],"about":[{"href":"https:\/\/dev.sbro.ro\/wp-json\/wp\/v2\/types\/product"}],"replies":[{"embeddable":true,"href":"https:\/\/dev.sbro.ro\/wp-json\/wp\/v2\/comments?post=1342"}],"wp:featuredmedia":[{"embeddable":true,"href":"https:\/\/dev.sbro.ro\/wp-json\/wp\/v2\/media\/6777"}],"wp:attachment":[{"href":"https:\/\/dev.sbro.ro\/wp-json\/wp\/v2\/media?parent=1342"}],"wp:term":[{"taxonomy":"product_brand","embeddable":true,"href":"https:\/\/dev.sbro.ro\/wp-json\/wp\/v2\/product_brand?post=1342"},{"taxonomy":"product_cat","embeddable":true,"href":"https:\/\/dev.sbro.ro\/wp-json\/wp\/v2\/product_cat?post=1342"},{"taxonomy":"product_tag","embeddable":true,"href":"https:\/\/dev.sbro.ro\/wp-json\/wp\/v2\/product_tag?post=1342"}],"curies":[{"name":"wp","href":"https:\/\/api.w.org\/{rel}","templated":true}]}}