{"id":1608,"date":"2026-04-21T09:04:31","date_gmt":"2026-04-21T09:04:31","guid":{"rendered":"https:\/\/dev.sbro.ro\/?product=cum-striga-un-barbat-dupa-ajutor"},"modified":"2026-04-21T09:04:31","modified_gmt":"2026-04-21T09:04:31","slug":"cum-striga-un-barbat-dupa-ajutor","status":"publish","type":"product","link":"https:\/\/dev.sbro.ro\/product\/cum-striga-un-barbat-dupa-ajutor\/","title":{"rendered":"Cum strig\u0103 un b\u0103rbat dup\u0103 ajutor?"},"content":{"rendered":"<p align=\"justify\">\u00cen societatea noastr\u0103, de la b\u0103rbat se a\u015fteapt\u0103 s\u0103 fie puternic \u015fi s\u0103 nu cad\u0103 \u00een \u201ecapcanele\u201d vie\u0163ii. Lui nu i se permite s\u0103 verse lacrimi sau s\u0103 se pl\u00e2ng\u0103, ci trebuie s\u0103 fie \u00een stare s\u0103-\u015fi rezolve problemele \u015fi s\u0103-i asiste \u015fi pe al\u0163ii \u00een rezolvarea problemelor lor. Dac\u0103 \u00ee\u015fi recunoa\u015fte sl\u0103biciunile, este considerat un b\u0103rbat neputincios. B\u0103rbatul poate ajunge s\u0103 simt\u0103 c\u0103 pentru el nu exist\u0103 niciun loc de sc\u0103pare.<\/p>\n<p align=\"justify\">\n<p align=\"justify\">Autorul, pe baza experien\u0163elor din propria sa via\u0163\u0103 \u015fi examin\u00e2nd via\u0163a altor b\u0103rba\u0163i, recunoa\u015fte nevoia unei surse \u015fi mai mari de putere. Scopul c\u0103r\u0163ii de fa\u0163\u0103 este s\u0103 le ofere b\u0103rba\u0163ilor aceast\u0103 surs\u0103 de putere. Dob\u00e2ndirea acestei surse presupune un proces zilnic, recomandat \u00eendeosebi pentru b\u0103rba\u0163ii care \u00ee\u015fi doresc pacea \u015fi direc\u0163ia de mers \u00een via\u0163\u0103. \u201eJerry Smith abordeaz\u0103 direct realitatea faptului de a fi b\u0103rbat \u015fi nu te las\u0103 \u00een incertitudine. Smith \u00ee\u0163i mai ofer\u0103 \u015fi un plan de joc care \u00een cele din urm\u0103 te atrage spre b\u0103rbatul autentic &#8211; Isus Cristos. \u201d<\/p>\n<p align=\"right\">ROD COOPER, Ph.D Fost director al \u00eenv\u0103\u0163\u0103m\u00e2ntului na\u0163ional pentru Promise Keepers Fost decan al Facult\u0103\u0163ii Man in the Mirror Ministry<\/p>\n<p align=\"right\">\n<p align=\"justify\">\u201eCredibilitatea sa ca om de afaceri de succes \u00eei permite s\u0103 se pronun\u0163e \u00een probleme spinoase \u015fi s\u0103 ofere solu\u0163ii practice bazate pe Biblie. Dac\u0103 e\u015fti un om de afaceri \u015fi-\u0163i dore\u015fti un succes de lung\u0103 durat\u0103, \u00ee\u0163i recomand aceast\u0103 carte.\u201d<\/p>\n<p align=\"right\">CHARLES S. LOWERY Ph. D<\/p>\n<p align=\"right\">\n<p align=\"justify\">\u201eJerry exploreaz\u0103 presiunile formidabile pe care le face cultura \u015fi cerin\u0163ele impuse b\u0103rbatului american modern \u015fi arat\u0103 spre singurul r\u0103spuns la dilema b\u0103rbatului &#8211; Isus Cristos. Jerry ne relateaz\u0103 propriul lui pelerinaj \u015fi ne asigur\u0103 c\u0103 \u201eajutorul\u201d poate fi g\u0103sit \u00een Isus.<\/p>\n<p align=\"right\">Dr. D. JACK NICHOLAS Fost rector la William Baptist College<\/p>\n<p align=\"right\">\n<p align=\"justify\">Cu toate c\u0103 s-a lovit de multe greut\u0103\u0163i: c\u0103s\u0103toria la o v\u00e2rst\u0103 timpurie \u015fi sus\u0163inerea de unul singur a familiei, pe l\u00e2ng\u0103 finalizarea studiilor de facultate, Jerry le-a dep\u0103\u015fit pe toate \u015fi a urmat o carier\u0103 de 13 ani \u00een cadrul companiei IBM, iar \u00een cele din urm\u0103, timp de 22 de ani, a de\u0163inut franciza mai multor restaurante McDonald\u2019s . \u00cen prezent este pre\u015fedintele Bordului de Conducere al organiza\u0163iei \u201eMinistry to Man Foundation\u201d, care sprijin\u0103 activit\u0103\u0163ile specifice b\u0103rba\u0163ilor \u015fi organizeaz\u0103 conferin\u0163ele \u201eMaximum Man\u201d. \u00cel ve\u0163i \u00eent\u00e2lni \u00een rolul de consilier al \u015fomerilor, conferen\u0163iar pentru diferite colegii locale \u015fi pentru conferin\u0163a mai sus amintit\u0103.<\/p>\n","protected":false},"excerpt":{"rendered":"<p>\u00cen societatea noastr\u0103, de la b\u0103rbat se a\u015fteapt\u0103 s\u0103 fie puternic \u015fi s\u0103 nu cad\u0103 \u00een \u201ecapcanele\u201d vie\u0163ii. Lui nu i se permite s\u0103 verse lacrimi sau s\u0103 se pl\u00e2ng\u0103, ci trebuie s\u0103 fie \u00een stare s\u0103-\u015fi rezolve problemele \u015fi s\u0103-i asiste \u015fi pe al\u0163ii \u00een rezolvarea problemelor lor. Dac\u0103 \u00ee\u015fi recunoa\u015fte sl\u0103biciunile, este considerat [&hellip;]<\/p>\n","protected":false},"featured_media":7041,"comment_status":"open","ping_status":"closed","template":"","meta":[],"product_brand":[],"product_cat":[43],"product_tag":[],"class_list":{"0":"post-1608","1":"product","2":"type-product","3":"status-publish","4":"has-post-thumbnail","6":"product_cat-barbati","8":"first","9":"instock","10":"shipping-taxable","11":"purchasable","12":"product-type-simple"},"_links":{"self":[{"href":"https:\/\/dev.sbro.ro\/wp-json\/wp\/v2\/product\/1608","targetHints":{"allow":["GET"]}}],"collection":[{"href":"https:\/\/dev.sbro.ro\/wp-json\/wp\/v2\/product"}],"about":[{"href":"https:\/\/dev.sbro.ro\/wp-json\/wp\/v2\/types\/product"}],"replies":[{"embeddable":true,"href":"https:\/\/dev.sbro.ro\/wp-json\/wp\/v2\/comments?post=1608"}],"wp:featuredmedia":[{"embeddable":true,"href":"https:\/\/dev.sbro.ro\/wp-json\/wp\/v2\/media\/7041"}],"wp:attachment":[{"href":"https:\/\/dev.sbro.ro\/wp-json\/wp\/v2\/media?parent=1608"}],"wp:term":[{"taxonomy":"product_brand","embeddable":true,"href":"https:\/\/dev.sbro.ro\/wp-json\/wp\/v2\/product_brand?post=1608"},{"taxonomy":"product_cat","embeddable":true,"href":"https:\/\/dev.sbro.ro\/wp-json\/wp\/v2\/product_cat?post=1608"},{"taxonomy":"product_tag","embeddable":true,"href":"https:\/\/dev.sbro.ro\/wp-json\/wp\/v2\/product_tag?post=1608"}],"curies":[{"name":"wp","href":"https:\/\/api.w.org\/{rel}","templated":true}]}}