{"id":1701,"date":"2026-04-21T09:04:41","date_gmt":"2026-04-21T09:04:41","guid":{"rendered":"https:\/\/dev.sbro.ro\/?product=doctrinele-bibliei"},"modified":"2026-04-21T09:04:41","modified_gmt":"2026-04-21T09:04:41","slug":"doctrinele-bibliei","status":"publish","type":"product","link":"https:\/\/dev.sbro.ro\/?product=doctrinele-bibliei","title":{"rendered":"Doctrinele Bibliei"},"content":{"rendered":"<p>\u00cen aceste vremuri critice ale tendin\u0163elor \u015fi pozi\u0163iilor liberale \u015fi moderniste ce caracterizeaz\u0103 at\u00e2t de mul\u0163i teologi \u015fi institu\u0163ii de \u00eenv\u0103\u0163\u0103m\u00e2nt din ziua de azi, este esen\u0163ial ca Biserica s\u0103 aib\u0103 o lucrare a doctrinelor de baz\u0103 care s\u0103 transmit\u0103 celor doritori un mesaj sf\u00e2nt \u015fi curat.<\/p>\n","protected":false},"excerpt":{"rendered":"<p>\u00cen aceste vremuri critice ale tendin\u0163elor \u015fi pozi\u0163iilor liberale \u015fi moderniste ce caracterizeaz\u0103 at\u00e2t de mul\u0163i teologi \u015fi institu\u0163ii de \u00eenv\u0103\u0163\u0103m\u00e2nt din ziua de azi, este esen\u0163ial ca Biserica s\u0103 aib\u0103 o lucrare a doctrinelor de baz\u0103 care s\u0103 transmit\u0103 celor doritori un mesaj sf\u00e2nt \u015fi curat.<\/p>\n","protected":false},"featured_media":7133,"comment_status":"open","ping_status":"closed","template":"","meta":[],"product_brand":[],"product_cat":[33],"product_tag":[],"class_list":{"0":"post-1701","1":"product","2":"type-product","3":"status-publish","4":"has-post-thumbnail","6":"product_cat-doctrine","8":"first","9":"instock","10":"shipping-taxable","11":"purchasable","12":"product-type-simple"},"_links":{"self":[{"href":"https:\/\/dev.sbro.ro\/index.php?rest_route=\/wp\/v2\/product\/1701","targetHints":{"allow":["GET"]}}],"collection":[{"href":"https:\/\/dev.sbro.ro\/index.php?rest_route=\/wp\/v2\/product"}],"about":[{"href":"https:\/\/dev.sbro.ro\/index.php?rest_route=\/wp\/v2\/types\/product"}],"replies":[{"embeddable":true,"href":"https:\/\/dev.sbro.ro\/index.php?rest_route=%2Fwp%2Fv2%2Fcomments&post=1701"}],"wp:featuredmedia":[{"embeddable":true,"href":"https:\/\/dev.sbro.ro\/index.php?rest_route=\/wp\/v2\/media\/7133"}],"wp:attachment":[{"href":"https:\/\/dev.sbro.ro\/index.php?rest_route=%2Fwp%2Fv2%2Fmedia&parent=1701"}],"wp:term":[{"taxonomy":"product_brand","embeddable":true,"href":"https:\/\/dev.sbro.ro\/index.php?rest_route=%2Fwp%2Fv2%2Fproduct_brand&post=1701"},{"taxonomy":"product_cat","embeddable":true,"href":"https:\/\/dev.sbro.ro\/index.php?rest_route=%2Fwp%2Fv2%2Fproduct_cat&post=1701"},{"taxonomy":"product_tag","embeddable":true,"href":"https:\/\/dev.sbro.ro\/index.php?rest_route=%2Fwp%2Fv2%2Fproduct_tag&post=1701"}],"curies":[{"name":"wp","href":"https:\/\/api.w.org\/{rel}","templated":true}]}}