{"id":1870,"date":"2026-04-21T09:04:59","date_gmt":"2026-04-21T09:04:59","guid":{"rendered":"https:\/\/dev.sbro.ro\/?product=alex-si-ana-se-joaca-si-invata-o-lume-minunata"},"modified":"2026-04-21T09:04:59","modified_gmt":"2026-04-21T09:04:59","slug":"alex-si-ana-se-joaca-si-invata-o-lume-minunata","status":"publish","type":"product","link":"https:\/\/dev.sbro.ro\/product\/alex-si-ana-se-joaca-si-invata-o-lume-minunata\/","title":{"rendered":"Alex si Ana se joaca si invata O lume minunata"},"content":{"rendered":"<p>Carte de colorat<\/p>\n<p>Tematici:<br \/>\n\u2013 mijloace de transport<br \/>\n\u2013 animale s\u0103lbatice<br \/>\n\u2013 marea<br \/>\n\u2013 forme de relief<br \/>\n\u2013 p\u0103s\u0103ri<br \/>\n\u2013 casa \u015fi familia<br \/>\n\u2013 pompierii<br \/>\n\u2013 fructe\/legume<br \/>\n\u2013 corpul omenesc<br \/>\n\u2013 toamna<br \/>\n\u2013 alfabetul<br \/>\n\u2013 z\u0103pada<br \/>\n\u2013 s\u0103rb\u0103tori de iarn\u0103<br \/>\n\u2013 animale<br \/>\n\u2013 hrana \u015fi cum ne hr\u0103nim<br \/>\n\u2013 culori<br \/>\n\u2013 m\u0103suri<br \/>\n\u2013 anul \u015fi lunile anului<\/p>\n<p>Materiale diferite: h\u00e2rtie, carton, h\u00e2rtie calc, autocolant.<\/p>\n","protected":false},"excerpt":{"rendered":"<p>Carte de colorat Tematici: \u2013 mijloace de transport \u2013 animale s\u0103lbatice \u2013 marea \u2013 forme de relief \u2013 p\u0103s\u0103ri \u2013 casa \u015fi familia \u2013 pompierii \u2013 fructe\/legume \u2013 corpul omenesc \u2013 toamna \u2013 alfabetul \u2013 z\u0103pada \u2013 s\u0103rb\u0103tori de iarn\u0103 \u2013 animale \u2013 hrana \u015fi cum ne hr\u0103nim \u2013 culori \u2013 m\u0103suri \u2013 anul \u015fi [&hellip;]<\/p>\n","protected":false},"featured_media":7301,"comment_status":"open","ping_status":"closed","template":"","meta":[],"product_brand":[],"product_cat":[35,13],"product_tag":[],"class_list":{"0":"post-1870","1":"product","2":"type-product","3":"status-publish","4":"has-post-thumbnail","6":"product_cat-copii","7":"product_cat-familie","9":"first","10":"outofstock","11":"shipping-taxable","12":"purchasable","13":"product-type-simple"},"_links":{"self":[{"href":"https:\/\/dev.sbro.ro\/wp-json\/wp\/v2\/product\/1870","targetHints":{"allow":["GET"]}}],"collection":[{"href":"https:\/\/dev.sbro.ro\/wp-json\/wp\/v2\/product"}],"about":[{"href":"https:\/\/dev.sbro.ro\/wp-json\/wp\/v2\/types\/product"}],"replies":[{"embeddable":true,"href":"https:\/\/dev.sbro.ro\/wp-json\/wp\/v2\/comments?post=1870"}],"wp:featuredmedia":[{"embeddable":true,"href":"https:\/\/dev.sbro.ro\/wp-json\/wp\/v2\/media\/7301"}],"wp:attachment":[{"href":"https:\/\/dev.sbro.ro\/wp-json\/wp\/v2\/media?parent=1870"}],"wp:term":[{"taxonomy":"product_brand","embeddable":true,"href":"https:\/\/dev.sbro.ro\/wp-json\/wp\/v2\/product_brand?post=1870"},{"taxonomy":"product_cat","embeddable":true,"href":"https:\/\/dev.sbro.ro\/wp-json\/wp\/v2\/product_cat?post=1870"},{"taxonomy":"product_tag","embeddable":true,"href":"https:\/\/dev.sbro.ro\/wp-json\/wp\/v2\/product_tag?post=1870"}],"curies":[{"name":"wp","href":"https:\/\/api.w.org\/{rel}","templated":true}]}}