{"id":1988,"date":"2026-04-21T09:05:12","date_gmt":"2026-04-21T09:05:12","guid":{"rendered":"https:\/\/dev.sbro.ro\/?product=viata-ascunsa-de-rugaciune"},"modified":"2026-04-21T09:05:12","modified_gmt":"2026-04-21T09:05:12","slug":"viata-ascunsa-de-rugaciune","status":"publish","type":"product","link":"https:\/\/dev.sbro.ro\/product\/viata-ascunsa-de-rugaciune\/","title":{"rendered":"Viata ascunsa de rugaciune"},"content":{"rendered":"<p style=\"text-align: justify;\"><span style=\"font-size: large;\">\u201e<em>Ci tu, c\u00e2nd te rogi, intr\u0103 \u00een od\u0103i\u0163a ta, \u00eencuie-\u0163i u\u015fa, \u015fi roag\u0103-te Tat\u0103lui t\u0103u care este \u00een ascuns; \u015fi Tat\u0103l t\u0103u, care vede \u00een ascuns, \u00ee\u0163i va r\u0103spl\u0103ti<\/em>.\u201d Matei 6:6<\/span><\/p>\n<p><span style=\"font-size: large;\">Cuprins<\/span><\/p>\n<p><span style=\"font-size: large;\">\u00a0\u00a0\u00a0 I. Via\u0163a de rug\u0103ciune<\/span><br \/><span style=\"font-size: large;\">\u00a0\u00a0\u00a0 II. Echipamentul<\/span><br \/><span style=\"font-size: large;\">\u00a0\u00a0\u00a0 III. Direc\u0163ia min\u0163ii<\/span><br \/><span style=\"font-size: large;\">\u00a0\u00a0\u00a0 IV. Ocupa\u0163ia: \u00cenchinarea<\/span><br \/><span style=\"font-size: large;\">\u00a0\u00a0\u00a0 V. Ocupa\u0163ia: M\u0103rturisirea<\/span><br \/><span style=\"font-size: large;\">\u00a0\u00a0\u00a0 VI. Ocupa\u0163ia: Cererea<\/span><br \/><span style=\"font-size: large;\">\u00a0\u00a0\u00a0 VII. Bog\u0103\u0163iile ascunse ale locului tainic<\/span><br \/><span style=\"font-size: large;\">\u00a0\u00a0\u00a0 VIII. R\u0103splata vizibil\u0103<\/span><\/p>\n<p><span style=\"font-size: large;\">\u00a0\u00a0\u00a0 Teologi de toate \u015fcolile \u015fi cre\u015ftini de toate tipurile sunt de acord \u00een recunoa\u015fterea acestui principiu al noii vie\u0163i. Chrysostom a spus: \u201eOmul neprih\u0103nit nu \u00eenceteaz\u0103 s\u0103 se roage dec\u00e2t atunci c\u00e2nd \u00eenceteaz\u0103 s\u0103 fie neprih\u0103nit\u201d; iar Augustin, \u201eCine iube\u015fte pu\u0163in se roag\u0103 pu\u0163in \u015fi cine iube\u015fte mult se roag\u0103 mult\u201d; iar Richard Hooker, \u201eRug\u0103ciunea este primul lucru cu care \u00eencepe o via\u0163\u0103 neprih\u0103nit\u0103 \u015fi ultimul lucru cu care se sf\u00e2r\u015fe\u015fte\u201d; iar P\u0103rintele La Combe, \u201eCel ce are o inim\u0103 curat\u0103 nu va \u00eenceta s\u0103 se roage, iar cel ce va fi constant \u00een rug\u0103ciune va \u015fti ce \u00eenseamn\u0103 s\u0103 ai o inim\u0103 curat\u0103\u201d; iar Bunyan: \u201eDac\u0103 nu e\u015fti un om al rug\u0103ciunii, nu e\u015fti cre\u015ftin\u201d; iar Richard Baxter, \u201eRug\u0103ciunea este suflarea noii crea\u0163ii\u201d, iar George Herbert, \u201eRug\u0103ciunea\u2026 s\u00e2ngele sufletului.\u201d<\/span><\/p>\n<p><span style=\"font-size: large;\">\u00a0\u00a0\u00a0 Pe paginile acestea nu s-a f\u0103cut nicio \u00eencercare de a explica misterele leg\u0103turii cu Dumnezeu \u015fi a rela\u0163iei cu cerul. Ceea ce este oferit aici este o simpl\u0103 enumerare a c\u00e2torva lucruri pe care aceia care \u015fi-au adus aminte de Domnul le au considerat a fi utile \u00een practicarea rug\u0103ciunii. Marele Bengel a explicat faptul c\u0103 dac\u0103 \u00ee\u015fi dorea cea mai perfect\u0103 intimitate cu cre\u015ftini adev\u0103ra\u0163i dintr-un motiv anume mai mult dec\u00e2t din altele, atunci acesta era \u201epentru a \u00eenv\u0103\u0163a cum reu\u015feau ei s\u0103-\u015fi p\u0103streze comuniunea cu Dumnezeu \u00een tain\u0103.<\/span><\/p>\n","protected":false},"excerpt":{"rendered":"<p>\u201eCi tu, c\u00e2nd te rogi, intr\u0103 \u00een od\u0103i\u0163a ta, \u00eencuie-\u0163i u\u015fa, \u015fi roag\u0103-te Tat\u0103lui t\u0103u care este \u00een ascuns; \u015fi Tat\u0103l t\u0103u, care vede \u00een ascuns, \u00ee\u0163i va r\u0103spl\u0103ti.\u201d Matei 6:6 Cuprins \u00a0\u00a0\u00a0 I. Via\u0163a de rug\u0103ciune\u00a0\u00a0\u00a0 II. Echipamentul\u00a0\u00a0\u00a0 III. Direc\u0163ia min\u0163ii\u00a0\u00a0\u00a0 IV. Ocupa\u0163ia: \u00cenchinarea\u00a0\u00a0\u00a0 V. Ocupa\u0163ia: M\u0103rturisirea\u00a0\u00a0\u00a0 VI. Ocupa\u0163ia: Cererea\u00a0\u00a0\u00a0 VII. Bog\u0103\u0163iile ascunse ale [&hellip;]<\/p>\n","protected":false},"featured_media":7418,"comment_status":"open","ping_status":"closed","template":"","meta":[],"product_brand":[],"product_cat":[18],"product_tag":[],"class_list":{"0":"post-1988","1":"product","2":"type-product","3":"status-publish","4":"has-post-thumbnail","6":"product_cat-viata-crestina","8":"first","9":"instock","10":"shipping-taxable","11":"purchasable","12":"product-type-simple"},"_links":{"self":[{"href":"https:\/\/dev.sbro.ro\/wp-json\/wp\/v2\/product\/1988","targetHints":{"allow":["GET"]}}],"collection":[{"href":"https:\/\/dev.sbro.ro\/wp-json\/wp\/v2\/product"}],"about":[{"href":"https:\/\/dev.sbro.ro\/wp-json\/wp\/v2\/types\/product"}],"replies":[{"embeddable":true,"href":"https:\/\/dev.sbro.ro\/wp-json\/wp\/v2\/comments?post=1988"}],"wp:featuredmedia":[{"embeddable":true,"href":"https:\/\/dev.sbro.ro\/wp-json\/wp\/v2\/media\/7418"}],"wp:attachment":[{"href":"https:\/\/dev.sbro.ro\/wp-json\/wp\/v2\/media?parent=1988"}],"wp:term":[{"taxonomy":"product_brand","embeddable":true,"href":"https:\/\/dev.sbro.ro\/wp-json\/wp\/v2\/product_brand?post=1988"},{"taxonomy":"product_cat","embeddable":true,"href":"https:\/\/dev.sbro.ro\/wp-json\/wp\/v2\/product_cat?post=1988"},{"taxonomy":"product_tag","embeddable":true,"href":"https:\/\/dev.sbro.ro\/wp-json\/wp\/v2\/product_tag?post=1988"}],"curies":[{"name":"wp","href":"https:\/\/api.w.org\/{rel}","templated":true}]}}