{"id":2119,"date":"2026-04-21T09:05:34","date_gmt":"2026-04-21T09:05:34","guid":{"rendered":"https:\/\/dev.sbro.ro\/?product=101-intamplari-preferate-din-biblie"},"modified":"2026-04-21T09:05:34","modified_gmt":"2026-04-21T09:05:34","slug":"101-intamplari-preferate-din-biblie","status":"publish","type":"product","link":"https:\/\/dev.sbro.ro\/product\/101-intamplari-preferate-din-biblie\/","title":{"rendered":"101 \u00eent\u00e2mpl\u0103ri preferate din Biblie"},"content":{"rendered":"<p>Istorisirile sunt selectate din Vechiul \u0219i Noul Testament \u015fi sunt scrise \u00eentr-un stil adecvat copiilor de toate v\u00e2rstele. Imaginile sunt colorate \u015fi sugestive, astfel \u00eenc\u00e2t fascineaz\u0103 chiar \u015fi pe copiii care nu \u015ftiu s\u0103 citeasc\u0103. \u00centreb\u0103rile de la finalul fiec\u0103rei povestiri ofer\u0103 p\u0103rin\u0163ilor \u015fi educatorilor posibilitatea s\u0103 aprofundeze povestirea.<\/p>\n","protected":false},"excerpt":{"rendered":"<p>Istorisirile sunt selectate din Vechiul \u0219i Noul Testament \u015fi sunt scrise \u00eentr-un stil adecvat copiilor de toate v\u00e2rstele. Imaginile sunt colorate \u015fi sugestive, astfel \u00eenc\u00e2t fascineaz\u0103 chiar \u015fi pe copiii care nu \u015ftiu s\u0103 citeasc\u0103. \u00centreb\u0103rile de la finalul fiec\u0103rei povestiri ofer\u0103 p\u0103rin\u0163ilor \u015fi educatorilor posibilitatea s\u0103 aprofundeze povestirea.<\/p>\n","protected":false},"featured_media":7549,"comment_status":"open","ping_status":"closed","template":"","meta":[],"product_brand":[],"product_cat":[74],"product_tag":[],"class_list":{"0":"post-2119","1":"product","2":"type-product","3":"status-publish","4":"has-post-thumbnail","6":"product_cat-biblii-pentru-copii","8":"first","9":"instock","10":"shipping-taxable","11":"purchasable","12":"product-type-simple"},"_links":{"self":[{"href":"https:\/\/dev.sbro.ro\/wp-json\/wp\/v2\/product\/2119","targetHints":{"allow":["GET"]}}],"collection":[{"href":"https:\/\/dev.sbro.ro\/wp-json\/wp\/v2\/product"}],"about":[{"href":"https:\/\/dev.sbro.ro\/wp-json\/wp\/v2\/types\/product"}],"replies":[{"embeddable":true,"href":"https:\/\/dev.sbro.ro\/wp-json\/wp\/v2\/comments?post=2119"}],"wp:featuredmedia":[{"embeddable":true,"href":"https:\/\/dev.sbro.ro\/wp-json\/wp\/v2\/media\/7549"}],"wp:attachment":[{"href":"https:\/\/dev.sbro.ro\/wp-json\/wp\/v2\/media?parent=2119"}],"wp:term":[{"taxonomy":"product_brand","embeddable":true,"href":"https:\/\/dev.sbro.ro\/wp-json\/wp\/v2\/product_brand?post=2119"},{"taxonomy":"product_cat","embeddable":true,"href":"https:\/\/dev.sbro.ro\/wp-json\/wp\/v2\/product_cat?post=2119"},{"taxonomy":"product_tag","embeddable":true,"href":"https:\/\/dev.sbro.ro\/wp-json\/wp\/v2\/product_tag?post=2119"}],"curies":[{"name":"wp","href":"https:\/\/api.w.org\/{rel}","templated":true}]}}