{"id":2307,"date":"2026-04-21T09:05:55","date_gmt":"2026-04-21T09:05:55","guid":{"rendered":"https:\/\/dev.sbro.ro\/?product=autobiografia-lui-george-muller"},"modified":"2026-04-21T09:05:55","modified_gmt":"2026-04-21T09:05:55","slug":"autobiografia-lui-george-muller","status":"publish","type":"product","link":"https:\/\/dev.sbro.ro\/product\/autobiografia-lui-george-muller\/","title":{"rendered":"Autobiografia lui George Muller"},"content":{"rendered":"<p style=\"text-align: justify;\">\n<p style=\"text-align: justify;\"><span class=\"scrisNormal\" style=\"font-size: large;\">\u00cen odaia lui de rug\u0103ciune, singur cu Dumnezeu \u015fi cu Biblia, George M\u00fcller \u00ee\u015fi \u00eencingea coapsele min\u0163ii \u015fi \u00ee\u015fi lustruia armura pentru b\u0103t\u0103liile zilei. Cu \u00eencredere total\u0103 \u015fi simplitate de copil, el credea fiecare cuv\u00e2nt rostit de Dumnezeu. Se \u00eentorcea cu \u00eenfl\u0103c\u0103rare la Cuv\u00e2ntul lui Dumnezeu de mai multe ori \u00een fiecare zi ca \u015fi cum ar fi fost \u00eentr-o comunicare constant\u0103 cu cerul, primind scrisori proaspete cu \u00eendrum\u0103ri \u015fi promisiuni pre\u0163ioase de la Tat\u0103l lui ceresc.<\/span><\/p>\n","protected":false},"excerpt":{"rendered":"<p>\u00cen odaia lui de rug\u0103ciune, singur cu Dumnezeu \u015fi cu Biblia, George M\u00fcller \u00ee\u015fi \u00eencingea coapsele min\u0163ii \u015fi \u00ee\u015fi lustruia armura pentru b\u0103t\u0103liile zilei. Cu \u00eencredere total\u0103 \u015fi simplitate de copil, el credea fiecare cuv\u00e2nt rostit de Dumnezeu. Se \u00eentorcea cu \u00eenfl\u0103c\u0103rare la Cuv\u00e2ntul lui Dumnezeu de mai multe ori \u00een fiecare zi ca \u015fi [&hellip;]<\/p>\n","protected":false},"featured_media":7736,"comment_status":"open","ping_status":"closed","template":"","meta":[],"product_brand":[],"product_cat":[20],"product_tag":[],"class_list":{"0":"post-2307","1":"product","2":"type-product","3":"status-publish","4":"has-post-thumbnail","6":"product_cat-biografii-eseuri-marturii","8":"first","9":"instock","10":"shipping-taxable","11":"purchasable","12":"product-type-simple"},"_links":{"self":[{"href":"https:\/\/dev.sbro.ro\/wp-json\/wp\/v2\/product\/2307","targetHints":{"allow":["GET"]}}],"collection":[{"href":"https:\/\/dev.sbro.ro\/wp-json\/wp\/v2\/product"}],"about":[{"href":"https:\/\/dev.sbro.ro\/wp-json\/wp\/v2\/types\/product"}],"replies":[{"embeddable":true,"href":"https:\/\/dev.sbro.ro\/wp-json\/wp\/v2\/comments?post=2307"}],"wp:featuredmedia":[{"embeddable":true,"href":"https:\/\/dev.sbro.ro\/wp-json\/wp\/v2\/media\/7736"}],"wp:attachment":[{"href":"https:\/\/dev.sbro.ro\/wp-json\/wp\/v2\/media?parent=2307"}],"wp:term":[{"taxonomy":"product_brand","embeddable":true,"href":"https:\/\/dev.sbro.ro\/wp-json\/wp\/v2\/product_brand?post=2307"},{"taxonomy":"product_cat","embeddable":true,"href":"https:\/\/dev.sbro.ro\/wp-json\/wp\/v2\/product_cat?post=2307"},{"taxonomy":"product_tag","embeddable":true,"href":"https:\/\/dev.sbro.ro\/wp-json\/wp\/v2\/product_tag?post=2307"}],"curies":[{"name":"wp","href":"https:\/\/api.w.org\/{rel}","templated":true}]}}