{"id":2323,"date":"2026-04-21T09:05:57","date_gmt":"2026-04-21T09:05:57","guid":{"rendered":"https:\/\/dev.sbro.ro\/?product=felicitare-66c-dumnezeu-ne-a-vorbit-prin-fiul"},"modified":"2026-04-21T09:05:57","modified_gmt":"2026-04-21T09:05:57","slug":"felicitare-66c-dumnezeu-ne-a-vorbit-prin-fiul","status":"publish","type":"product","link":"https:\/\/dev.sbro.ro\/product\/felicitare-66c-dumnezeu-ne-a-vorbit-prin-fiul\/","title":{"rendered":"Felicitare &#8211; 66C &#8211; Dumnezeu ne-a vorbit prin Fiul"},"content":{"rendered":"<p>Felicitare cu versete &#8211; Cr\u0103ciun \u2022 carton semilucios 300 gr \u2022 plic alb Dimensiune: 10 x 15 cm &#8212;&#8212;&#8212;&#8212;&#8212;&#8212;&#8212;&#8212;&#8212;&#8212;&#8212;&#8212;&#8212;&#8212;&#8212;&#8212;&#8212;&#8212;&#8212;&#8212;&#8212;&#8212;&#8212;&#8212;&#8212;&#8212;&#8212;&#8212;&#8212;&#8212;&#8212;&#8212;&#8212;- Versete: &#8220;Dumnezeu ne-a vorbit prin Fiul, pe care L-a pus mo\u015ftenitor al tuturor lucrurilor \u015fi prin care a f\u0103cut \u015fi veacurile. El este oglindirea slavei Lui&#8221; Evrei 1:2,3<\/p>\n","protected":false},"excerpt":{"rendered":"<p>Felicitare cu versete &#8211; Cr\u0103ciun \u2022 carton semilucios 300 gr \u2022 plic alb Dimensiune: 10 x 15 cm &#8212;&#8212;&#8212;&#8212;&#8212;&#8212;&#8212;&#8212;&#8212;&#8212;&#8212;&#8212;&#8212;&#8212;&#8212;&#8212;&#8212;&#8212;&#8212;&#8212;&#8212;&#8212;&#8212;&#8212;&#8212;&#8212;&#8212;&#8212;&#8212;&#8212;&#8212;&#8212;&#8212;- Versete: &#8220;Dumnezeu ne-a vorbit prin Fiul, pe care L-a pus mo\u015ftenitor al tuturor lucrurilor \u015fi prin care a f\u0103cut \u015fi veacurile. El este oglindirea slavei Lui&#8221; Evrei 1:2,3<\/p>\n","protected":false},"featured_media":7752,"comment_status":"open","ping_status":"closed","template":"","meta":[],"product_brand":[],"product_cat":[70],"product_tag":[],"class_list":{"0":"post-2323","1":"product","2":"type-product","3":"status-publish","4":"has-post-thumbnail","6":"product_cat-felicitari","8":"first","9":"instock","10":"shipping-taxable","11":"purchasable","12":"product-type-simple"},"_links":{"self":[{"href":"https:\/\/dev.sbro.ro\/wp-json\/wp\/v2\/product\/2323","targetHints":{"allow":["GET"]}}],"collection":[{"href":"https:\/\/dev.sbro.ro\/wp-json\/wp\/v2\/product"}],"about":[{"href":"https:\/\/dev.sbro.ro\/wp-json\/wp\/v2\/types\/product"}],"replies":[{"embeddable":true,"href":"https:\/\/dev.sbro.ro\/wp-json\/wp\/v2\/comments?post=2323"}],"wp:featuredmedia":[{"embeddable":true,"href":"https:\/\/dev.sbro.ro\/wp-json\/wp\/v2\/media\/7752"}],"wp:attachment":[{"href":"https:\/\/dev.sbro.ro\/wp-json\/wp\/v2\/media?parent=2323"}],"wp:term":[{"taxonomy":"product_brand","embeddable":true,"href":"https:\/\/dev.sbro.ro\/wp-json\/wp\/v2\/product_brand?post=2323"},{"taxonomy":"product_cat","embeddable":true,"href":"https:\/\/dev.sbro.ro\/wp-json\/wp\/v2\/product_cat?post=2323"},{"taxonomy":"product_tag","embeddable":true,"href":"https:\/\/dev.sbro.ro\/wp-json\/wp\/v2\/product_tag?post=2323"}],"curies":[{"name":"wp","href":"https:\/\/api.w.org\/{rel}","templated":true}]}}