{"id":2360,"date":"2026-04-21T09:06:00","date_gmt":"2026-04-21T09:06:00","guid":{"rendered":"https:\/\/dev.sbro.ro\/?product=cand-vine-duhul-sfant"},"modified":"2026-04-21T09:06:00","modified_gmt":"2026-04-21T09:06:00","slug":"cand-vine-duhul-sfant","status":"publish","type":"product","link":"https:\/\/dev.sbro.ro\/product\/cand-vine-duhul-sfant\/","title":{"rendered":"Cand vine Duhul Sfant"},"content":{"rendered":"<p>\u00a0<\/p>\n<p style=\"text-align: justify;\"><span class=\"scrisNormal\" style=\"font-size: large;\"> <\/span><\/p>\n<p><span style=\"font-size: large;\">Ar fi mai bine pentru un predicator s\u0103 se  fac\u0103 t\u00e2lhar la drumul mare \u015fi s\u0103 jefuiasc\u0103 oamenii cu b\u00e2ta \u015fi cu for\u0163a,  dec\u00e2t cu z\u00e2mbete, cuvinte dulci, o dragoste simulat\u0103 \u015fi lingu\u015fitoare,  dec\u00e2t s\u0103 \u00eei jefuiasc\u0103 prin m\u0103guliri \u00een timp ce s\u0103rmanele lor suflete,  neglijate \u015fi \u00een\u015felate, merg \u00een Iad. Cum se va \u00eent\u00e2lni cu acei oameni \u00een  Ziua Judec\u0103\u0163ii \u015fi cum va privi fe\u0163ele lor cuprinse de groaz\u0103, realiz\u00e2nd  c\u0103 s-a jucat \u015fi a glumit cu pl\u0103cerile, sentimentele \u015fi m\u00e2ndria lor,  pentru a ob\u0163ine bani \u015fi \u00een loc s\u0103 \u00eei avertizeze cu credincio\u015fie \u015fi s\u0103  caute s\u0103 \u00eei m\u00e2ntuiasc\u0103, le-a \u00eengr\u0103\u015fat sufletul cu cuvinte m\u0103gulitoare  pentru pieire.<\/span><\/p>\n<p><span style=\"font-size: large;\">F\u0103r\u0103 aceast\u0103 Prezen\u0163\u0103, marile daruri, \u015fi studiul temeinic \u015fi exact nu  sunt de niciun folos \u00een m\u00e2ntuirea oamenilor. Vedem adesea oameni cu  mari capacit\u0103\u0163i naturale, extraordinar de educa\u0163i \u015fi echipa\u0163i cu toate  lucrurile, cu excep\u0163ia acestui botez de foc, care trudesc \u015fi predic\u0103 an  dup\u0103 an, f\u0103r\u0103 s\u0103 vad\u0103 vreun suflet m\u00e2ntuit. Au petrecut ani \u00eentregi  studiind; dar nu au petrecut nicio zi, cu at\u00e2t mai pu\u0163in zece zile,  postind \u015fi rug\u00e2ndu-se \u015fi a\u015ftept\u00e2ndu-L pe Dumnezeu care s\u0103 vin\u0103 cu  ungerea Lui \u015fi s\u0103 \u00eei umple cu \u00een\u0163elepciune \u015fi putere cereasc\u0103 pentru  lucrarea lor. Ei sunt ca o pu\u015fc\u0103 mare, \u00eenc\u0103rcat\u0103 \u015fi \u00eengrijit\u0103, dar f\u0103r\u0103  nicio sc\u00e2nteie de foc care s\u0103 transforme pulberea \u015fi glontele \u00eentr-un  tr\u0103snet de nebiruit.<\/span><\/p>\n<p>\u00a0<\/p>\n","protected":false},"excerpt":{"rendered":"<p>\u00a0 Ar fi mai bine pentru un predicator s\u0103 se fac\u0103 t\u00e2lhar la drumul mare \u015fi s\u0103 jefuiasc\u0103 oamenii cu b\u00e2ta \u015fi cu for\u0163a, dec\u00e2t cu z\u00e2mbete, cuvinte dulci, o dragoste simulat\u0103 \u015fi lingu\u015fitoare, dec\u00e2t s\u0103 \u00eei jefuiasc\u0103 prin m\u0103guliri \u00een timp ce s\u0103rmanele lor suflete, neglijate \u015fi \u00een\u015felate, merg \u00een Iad. Cum se va [&hellip;]<\/p>\n","protected":false},"featured_media":7789,"comment_status":"open","ping_status":"closed","template":"","meta":[],"product_brand":[],"product_cat":[18],"product_tag":[],"class_list":{"0":"post-2360","1":"product","2":"type-product","3":"status-publish","4":"has-post-thumbnail","6":"product_cat-viata-crestina","8":"first","9":"instock","10":"shipping-taxable","11":"purchasable","12":"product-type-simple"},"_links":{"self":[{"href":"https:\/\/dev.sbro.ro\/wp-json\/wp\/v2\/product\/2360","targetHints":{"allow":["GET"]}}],"collection":[{"href":"https:\/\/dev.sbro.ro\/wp-json\/wp\/v2\/product"}],"about":[{"href":"https:\/\/dev.sbro.ro\/wp-json\/wp\/v2\/types\/product"}],"replies":[{"embeddable":true,"href":"https:\/\/dev.sbro.ro\/wp-json\/wp\/v2\/comments?post=2360"}],"wp:featuredmedia":[{"embeddable":true,"href":"https:\/\/dev.sbro.ro\/wp-json\/wp\/v2\/media\/7789"}],"wp:attachment":[{"href":"https:\/\/dev.sbro.ro\/wp-json\/wp\/v2\/media?parent=2360"}],"wp:term":[{"taxonomy":"product_brand","embeddable":true,"href":"https:\/\/dev.sbro.ro\/wp-json\/wp\/v2\/product_brand?post=2360"},{"taxonomy":"product_cat","embeddable":true,"href":"https:\/\/dev.sbro.ro\/wp-json\/wp\/v2\/product_cat?post=2360"},{"taxonomy":"product_tag","embeddable":true,"href":"https:\/\/dev.sbro.ro\/wp-json\/wp\/v2\/product_tag?post=2360"}],"curies":[{"name":"wp","href":"https:\/\/api.w.org\/{rel}","templated":true}]}}