{"id":2475,"date":"2026-04-21T09:06:12","date_gmt":"2026-04-21T09:06:12","guid":{"rendered":"https:\/\/dev.sbro.ro\/?product=tulburatoarele-descoperiri-ale-harului"},"modified":"2026-04-21T09:06:12","modified_gmt":"2026-04-21T09:06:12","slug":"tulburatoarele-descoperiri-ale-harului","status":"publish","type":"product","link":"https:\/\/dev.sbro.ro\/product\/tulburatoarele-descoperiri-ale-harului\/","title":{"rendered":"Tulburatoarele descoperiri ale harului"},"content":{"rendered":"<p>\u00cen 1987, o bomb\u0103 detonat\u0103 de armata irlandez\u0103 l-a \u00eengropat sub d\u0103r\u00e2m\u0103turi pe Gordon Wilson \u0219i pe fiica \u00een v\u00e2rst\u0103 de 20 de ani a acestuia. Gordon a supravie\u021buit, dar fiica lui nu. \u00cens\u0103 mesajul transmis de un tat\u0103 ce-\u0219i jelea fiica a captat aten\u021bia lumii mediatice, \u00eentruc\u00e2t a fost un mesaj de iertare. Cuvintele lui Gordon Wilson au fost: \u201eMi-am pierdut fiica, \u00eens\u0103 nu port ranchiun\u0103 nim\u0103nui&#8230; \u00eemi voi pleca genunchii ast\u0103 sear\u0103 \u0219i \u00een serile care vor urma implor\u00e2ndu-L pe Dumnezeu s\u0103 \u00eei ierte pe atacatori.\u201d Din durerea unui om, lumea a v\u0103zut r\u0103zbind o raz\u0103 a harului. Harul este cel mai de pre\u021b semn distinctiv al bisericii. Este singurul lucru pe care lumea nu-l poate falsifica \u0219i singurul dup\u0103 care t\u00e2nje\u0219te cu adev\u0103rat &#8211; \u00eentruc\u00e2t singur harul poate aduce speran\u021b\u0103 \u0219i schimbare \u00eentr-o lume istovit\u0103.<\/p>\n<p>\u00cen cartea Tulbur\u0103toarele descoperiri ale Harului, premiatul autor Philip Yancey analizeaz\u0103 harul \u00een via\u021ba de zi cu zi. Dac\u0103 harul e darul lui Dumnezeu pentru cei nevrednici, \u00eentreab\u0103 el, atunci cum se manifest\u0103 el? \u0218i at\u00e2ta vreme c\u00e2t cre\u0219tinii sunt administratorii lui exclusivi, cum \u00eel rev\u0103rs\u0103m noi asupra unei lumi care cunoa\u0219te mai mult\u0103 cruzime \u0219i neiertare dec\u00e2t mil\u0103? Yancey plaseaz\u0103 harul pe fundalul ipostazelor \u00eenfior\u0103toare ale omenirii \u0219i \u00eei testeaz\u0103 capacitatea \u00een raport cu abominabila p\u0103c\u0103to\u0219enie. Poate harul s\u0103 supravie\u021buiasc\u0103 \u00een condi\u021biile Holocaustului nazist? Poate el s\u0103 prevaleze fa\u021b\u0103 de brutalitatea celor din Ku Klux Klan? Oare un individ ca Jeffrey Dahmer, care a ucis \u0219i a canibalizat 17 tineri, poate fi beneficiar al harului divin?<\/p>\n<p>Harul nu scuz\u0103 p\u0103catele, declar\u0103 Yancey, \u00eens\u0103 \u00eel pre\u021buie\u0219te pe p\u0103c\u0103tos. Adev\u0103ratul har ne scandalizeaz\u0103 \u0219i ne \u0219ocheaz\u0103. Harul, cu insisten\u021bele lui, ne zg\u00e2l\u021b\u00e2ie zidurile conven\u021bionale \u0219i ne \u00eembolde\u0219te s\u0103 ne apropiem de p\u0103c\u0103to\u0219i, ar\u0103t\u00e2ndu-le mil\u0103 \u0219i aduc\u00e2ndu-le speran\u021b\u0103.<\/p>\n<p>Autorul Philip Yancey ridic\u0103 \u00eentreb\u0103ri grele \u0219i ne provoac\u0103 s\u0103 devenim r\u0103spunsuri vii la \u00eentreb\u0103rile lumii care este disperat\u0103 s\u0103 afle ce este at\u00e2t de tulbur\u0103tor cu privire la har<\/p>\n","protected":false},"excerpt":{"rendered":"<p>\u00cen 1987, o bomb\u0103 detonat\u0103 de armata irlandez\u0103 l-a \u00eengropat sub d\u0103r\u00e2m\u0103turi pe Gordon Wilson \u0219i pe fiica \u00een v\u00e2rst\u0103 de 20 de ani a acestuia. Gordon a supravie\u021buit, dar fiica lui nu. \u00cens\u0103 mesajul transmis de un tat\u0103 ce-\u0219i jelea fiica a captat aten\u021bia lumii mediatice, \u00eentruc\u00e2t a fost un mesaj de iertare. Cuvintele [&hellip;]<\/p>\n","protected":false},"featured_media":7904,"comment_status":"open","ping_status":"closed","template":"","meta":[],"product_brand":[],"product_cat":[18],"product_tag":[],"class_list":{"0":"post-2475","1":"product","2":"type-product","3":"status-publish","4":"has-post-thumbnail","6":"product_cat-viata-crestina","8":"first","9":"instock","10":"shipping-taxable","11":"purchasable","12":"product-type-simple"},"_links":{"self":[{"href":"https:\/\/dev.sbro.ro\/wp-json\/wp\/v2\/product\/2475","targetHints":{"allow":["GET"]}}],"collection":[{"href":"https:\/\/dev.sbro.ro\/wp-json\/wp\/v2\/product"}],"about":[{"href":"https:\/\/dev.sbro.ro\/wp-json\/wp\/v2\/types\/product"}],"replies":[{"embeddable":true,"href":"https:\/\/dev.sbro.ro\/wp-json\/wp\/v2\/comments?post=2475"}],"wp:featuredmedia":[{"embeddable":true,"href":"https:\/\/dev.sbro.ro\/wp-json\/wp\/v2\/media\/7904"}],"wp:attachment":[{"href":"https:\/\/dev.sbro.ro\/wp-json\/wp\/v2\/media?parent=2475"}],"wp:term":[{"taxonomy":"product_brand","embeddable":true,"href":"https:\/\/dev.sbro.ro\/wp-json\/wp\/v2\/product_brand?post=2475"},{"taxonomy":"product_cat","embeddable":true,"href":"https:\/\/dev.sbro.ro\/wp-json\/wp\/v2\/product_cat?post=2475"},{"taxonomy":"product_tag","embeddable":true,"href":"https:\/\/dev.sbro.ro\/wp-json\/wp\/v2\/product_tag?post=2475"}],"curies":[{"name":"wp","href":"https:\/\/api.w.org\/{rel}","templated":true}]}}