{"id":2547,"date":"2026-04-21T09:06:19","date_gmt":"2026-04-21T09:06:19","guid":{"rendered":"https:\/\/dev.sbro.ro\/?product=cum-s-au-rugat-ei-volumul-i"},"modified":"2026-04-21T09:06:19","modified_gmt":"2026-04-21T09:06:19","slug":"cum-s-au-rugat-ei-volumul-i","status":"publish","type":"product","link":"https:\/\/dev.sbro.ro\/product\/cum-s-au-rugat-ei-volumul-i\/","title":{"rendered":"Cum s-au rugat ei &#8211; volumul I"},"content":{"rendered":"<p style=\"text-align: justify;\">\u00a0<\/p>\n<p style=\"text-align: justify;\"><span style=\"font-size: large;\"><em>Cum s-au rugat<\/em> ei? Da, aceasta este \u00eentrebarea.<\/span><br \/><span style=\"font-size: large;\"> Cineva care este preocupat de o solid\u0103 formare intelectual\u0103 va dori s\u0103 afle <em>cum au studiat<\/em> al\u0163ii.<\/span><br \/><span style=\"font-size: large;\"> Cineva care este preocupat de succes sau izb\u00e2nd\u0103 \u00een afaceri, va dori s\u0103 afle <em>cum au reu\u015fit<\/em> al\u0163ii.<\/span><br \/><span style=\"font-size: large;\"> \u00cens\u0103 cre\u015ftinul preocupat de g\u00e2ndul ve\u015fniciei, va dori s\u0103 afle cum au tr\u0103it al\u0163ii, <em>cum s-au rugat<\/em> ei.<\/span><br \/><span style=\"font-size: large;\"> Un amplu r\u0103spuns v\u0103 ofer\u0103 cartea de fa\u0163\u0103.<\/span><\/p>\n","protected":false},"excerpt":{"rendered":"<p>\u00a0 Cum s-au rugat ei? Da, aceasta este \u00eentrebarea. Cineva care este preocupat de o solid\u0103 formare intelectual\u0103 va dori s\u0103 afle cum au studiat al\u0163ii. Cineva care este preocupat de succes sau izb\u00e2nd\u0103 \u00een afaceri, va dori s\u0103 afle cum au reu\u015fit al\u0163ii. \u00cens\u0103 cre\u015ftinul preocupat de g\u00e2ndul ve\u015fniciei, va dori s\u0103 afle cum [&hellip;]<\/p>\n","protected":false},"featured_media":7976,"comment_status":"open","ping_status":"closed","template":"","meta":[],"product_brand":[],"product_cat":[18],"product_tag":[],"class_list":{"0":"post-2547","1":"product","2":"type-product","3":"status-publish","4":"has-post-thumbnail","6":"product_cat-viata-crestina","8":"first","9":"outofstock","10":"shipping-taxable","11":"purchasable","12":"product-type-simple"},"_links":{"self":[{"href":"https:\/\/dev.sbro.ro\/wp-json\/wp\/v2\/product\/2547","targetHints":{"allow":["GET"]}}],"collection":[{"href":"https:\/\/dev.sbro.ro\/wp-json\/wp\/v2\/product"}],"about":[{"href":"https:\/\/dev.sbro.ro\/wp-json\/wp\/v2\/types\/product"}],"replies":[{"embeddable":true,"href":"https:\/\/dev.sbro.ro\/wp-json\/wp\/v2\/comments?post=2547"}],"wp:featuredmedia":[{"embeddable":true,"href":"https:\/\/dev.sbro.ro\/wp-json\/wp\/v2\/media\/7976"}],"wp:attachment":[{"href":"https:\/\/dev.sbro.ro\/wp-json\/wp\/v2\/media?parent=2547"}],"wp:term":[{"taxonomy":"product_brand","embeddable":true,"href":"https:\/\/dev.sbro.ro\/wp-json\/wp\/v2\/product_brand?post=2547"},{"taxonomy":"product_cat","embeddable":true,"href":"https:\/\/dev.sbro.ro\/wp-json\/wp\/v2\/product_cat?post=2547"},{"taxonomy":"product_tag","embeddable":true,"href":"https:\/\/dev.sbro.ro\/wp-json\/wp\/v2\/product_tag?post=2547"}],"curies":[{"name":"wp","href":"https:\/\/api.w.org\/{rel}","templated":true}]}}