{"id":2755,"date":"2026-04-21T09:06:43","date_gmt":"2026-04-21T09:06:43","guid":{"rendered":"https:\/\/dev.sbro.ro\/?product=sarah"},"modified":"2026-04-21T09:06:43","modified_gmt":"2026-04-21T09:06:43","slug":"sarah","status":"publish","type":"product","link":"https:\/\/dev.sbro.ro\/?product=sarah","title":{"rendered":"Sarah"},"content":{"rendered":"<p style=\"text-align: justify;\"><span style=\"font-size: large;\">Sarah Shaw p\u0103rea a de\u0163ine controlul vie\u0163ii ei. Avea o carier\u0103 de succes ca manager \u00een domeniul v\u00e2nz\u0103rilor. \u00cens\u0103 a ajuns la punctul \u00een care nu a mai putut p\u0103stra aparen\u0163ele, pierz\u00e2nd orice control asupra tulburatei ei lumi interioare. At\u00e2t de intens\u0103 i-a fost durerea sufleteasc\u0103, at\u00e2t de devastat\u0103 i-a fost via\u0163a de consecin\u0163ele abuzului suferit \u00een copil\u0103rie, \u00eenc\u00e2t, \u00een cele din urm\u0103, a fost pensionat\u0103 definitiv din cauza incapacit\u0103\u0163ii sale psihice de a mai munci. Medicul ei psihiatru nu mai \u015ftia cum s-o ajute. Aceast\u0103 povestire, \u00eens\u0103, nu este una despre ororile abuzului, ci reprezint\u0103 m\u0103rturia extraordinar\u0103 a triumfului dragostei divine care vindec\u0103. Iat\u0103 cuvintele autoarei: \u201eAt\u00e2t de mul\u0163i oameni abuza\u0163i \u015fi r\u0103ni\u0163i nu-\u015fi \u00een\u0163eleg zdrobirea lor. Sunt cople\u015fi\u0163i, la fel cum am fost \u015fi eu, de sentimente chinuitoare de vinov\u0103\u0163ie, de ur\u0103 de sine, de o mul\u0163ime de temeri, de depresie, de tulbur\u0103ri obsesiv-compulsive, de tulbur\u0103ri de alimenta\u0163ie, de propriile tendin\u0163e de auto-mutilare \u015fi de suicid. Aceast\u0103 carte ofer\u0103 \u00een\u0163elegeri profunde \u00een privin\u0163a slujirii cre\u015ftine de vindecare de care am avut parte, precum \u015fi speran\u0163\u0103 victimelor oric\u0103rui abuz, f\u0103r\u0103 a nega realitatea conflictelor \u015fi a luptelor interioare pline de disperare.\u201d<\/span><\/p>\n","protected":false},"excerpt":{"rendered":"<p>Sarah Shaw p\u0103rea a de\u0163ine controlul vie\u0163ii ei. Avea o carier\u0103 de succes ca manager \u00een domeniul v\u00e2nz\u0103rilor. \u00cens\u0103 a ajuns la punctul \u00een care nu a mai putut p\u0103stra aparen\u0163ele, pierz\u00e2nd orice control asupra tulburatei ei lumi interioare. At\u00e2t de intens\u0103 i-a fost durerea sufleteasc\u0103, at\u00e2t de devastat\u0103 i-a fost via\u0163a de consecin\u0163ele abuzului [&hellip;]<\/p>\n","protected":false},"featured_media":8182,"comment_status":"open","ping_status":"closed","template":"","meta":[],"product_brand":[],"product_cat":[20],"product_tag":[],"class_list":{"0":"post-2755","1":"product","2":"type-product","3":"status-publish","4":"has-post-thumbnail","6":"product_cat-biografii-eseuri-marturii","8":"first","9":"instock","10":"shipping-taxable","11":"purchasable","12":"product-type-simple"},"_links":{"self":[{"href":"https:\/\/dev.sbro.ro\/index.php?rest_route=\/wp\/v2\/product\/2755","targetHints":{"allow":["GET"]}}],"collection":[{"href":"https:\/\/dev.sbro.ro\/index.php?rest_route=\/wp\/v2\/product"}],"about":[{"href":"https:\/\/dev.sbro.ro\/index.php?rest_route=\/wp\/v2\/types\/product"}],"replies":[{"embeddable":true,"href":"https:\/\/dev.sbro.ro\/index.php?rest_route=%2Fwp%2Fv2%2Fcomments&post=2755"}],"wp:featuredmedia":[{"embeddable":true,"href":"https:\/\/dev.sbro.ro\/index.php?rest_route=\/wp\/v2\/media\/8182"}],"wp:attachment":[{"href":"https:\/\/dev.sbro.ro\/index.php?rest_route=%2Fwp%2Fv2%2Fmedia&parent=2755"}],"wp:term":[{"taxonomy":"product_brand","embeddable":true,"href":"https:\/\/dev.sbro.ro\/index.php?rest_route=%2Fwp%2Fv2%2Fproduct_brand&post=2755"},{"taxonomy":"product_cat","embeddable":true,"href":"https:\/\/dev.sbro.ro\/index.php?rest_route=%2Fwp%2Fv2%2Fproduct_cat&post=2755"},{"taxonomy":"product_tag","embeddable":true,"href":"https:\/\/dev.sbro.ro\/index.php?rest_route=%2Fwp%2Fv2%2Fproduct_tag&post=2755"}],"curies":[{"name":"wp","href":"https:\/\/api.w.org\/{rel}","templated":true}]}}