{"id":2890,"date":"2026-04-21T09:06:59","date_gmt":"2026-04-21T09:06:59","guid":{"rendered":"https:\/\/dev.sbro.ro\/?product=teologie-elementara"},"modified":"2026-04-21T09:06:59","modified_gmt":"2026-04-21T09:06:59","slug":"teologie-elementara","status":"publish","type":"product","link":"https:\/\/dev.sbro.ro\/?product=teologie-elementara","title":{"rendered":"Teologie elementara"},"content":{"rendered":"<\/p>\n<p><span style=\"font-size: large;\">Un  material care trebuie parcurs de fiecare pastor, &icirc;nv\u0103\u0163\u0103tor sau lider  cre\u015ftin care vrea s\u0103 aib\u0103 o preg\u0103tire teologic\u0103 adecvat\u0103 \u015fi mesaje  biblice relevante pentru auditoriul contemporan.<\/span><\/p>\n<p><span style=\"font-size: large;\">Tot  ce suntem, credem, predic\u0103m sau aplic\u0103m, ca \u015fi cre\u015ftini, avem preten\u0163ia  c\u0103 sunt aspecte sau adev\u0103ruri fundamentate &icirc;n Scripturi; aceast\u0103  preten\u0163ie impune s\u0103 avem o cunoa\u015ftere clar\u0103 din punct de vedere  doctrinar a Bibliei. Cele mai importante &icirc;nv\u0103\u0163\u0103turi (doctrine) biblice  pot fi studiate, analizate \u015fi asumate prin acest curs de teologie  neplictisitor \u015fi foarte practic.<\/span><\/p>\n<p><span style=\"font-size: large;\"> Pe  parcursul a dou\u0103 serii de 12 lec\u0163ii, \u015fi folosind ca manual de baz\u0103  cartea &bdquo;Teologie elementar\u0103&rdquo; de Charles C. Ryrie, acest curs ne va ajuta  s\u0103 cre\u015ftem &icirc;n cunoa\u015fterea lui Dumnezeu \u015fi s\u0103 putem fi de folos s\u0103  &icirc;nt\u0103rim credin\u0163a altora prin slujirea noastr\u0103.<\/span><br \/><span style=\"font-size: large;\"> Teologia este &bdquo;&Icirc;nv\u0103\u0163\u0103tura despre Dumnezeu&rdquo; \u015fi este acum \u015fi la dispozi\u0163ia ta ca slujitor !<\/span><\/p>\n","protected":false},"excerpt":{"rendered":"<p>Un material care trebuie parcurs de fiecare pastor, &icirc;nv\u0103\u0163\u0103tor sau lider cre\u015ftin care vrea s\u0103 aib\u0103 o preg\u0103tire teologic\u0103 adecvat\u0103 \u015fi mesaje biblice relevante pentru auditoriul contemporan. Tot ce suntem, credem, predic\u0103m sau aplic\u0103m, ca \u015fi cre\u015ftini, avem preten\u0163ia c\u0103 sunt aspecte sau adev\u0103ruri fundamentate &icirc;n Scripturi; aceast\u0103 preten\u0163ie impune s\u0103 avem o cunoa\u015ftere clar\u0103 [&hellip;]<\/p>\n","protected":false},"featured_media":8317,"comment_status":"open","ping_status":"closed","template":"","meta":[],"product_brand":[],"product_cat":[33],"product_tag":[],"class_list":{"0":"post-2890","1":"product","2":"type-product","3":"status-publish","4":"has-post-thumbnail","6":"product_cat-doctrine","8":"first","9":"outofstock","10":"shipping-taxable","11":"purchasable","12":"product-type-simple"},"_links":{"self":[{"href":"https:\/\/dev.sbro.ro\/index.php?rest_route=\/wp\/v2\/product\/2890","targetHints":{"allow":["GET"]}}],"collection":[{"href":"https:\/\/dev.sbro.ro\/index.php?rest_route=\/wp\/v2\/product"}],"about":[{"href":"https:\/\/dev.sbro.ro\/index.php?rest_route=\/wp\/v2\/types\/product"}],"replies":[{"embeddable":true,"href":"https:\/\/dev.sbro.ro\/index.php?rest_route=%2Fwp%2Fv2%2Fcomments&post=2890"}],"wp:featuredmedia":[{"embeddable":true,"href":"https:\/\/dev.sbro.ro\/index.php?rest_route=\/wp\/v2\/media\/8317"}],"wp:attachment":[{"href":"https:\/\/dev.sbro.ro\/index.php?rest_route=%2Fwp%2Fv2%2Fmedia&parent=2890"}],"wp:term":[{"taxonomy":"product_brand","embeddable":true,"href":"https:\/\/dev.sbro.ro\/index.php?rest_route=%2Fwp%2Fv2%2Fproduct_brand&post=2890"},{"taxonomy":"product_cat","embeddable":true,"href":"https:\/\/dev.sbro.ro\/index.php?rest_route=%2Fwp%2Fv2%2Fproduct_cat&post=2890"},{"taxonomy":"product_tag","embeddable":true,"href":"https:\/\/dev.sbro.ro\/index.php?rest_route=%2Fwp%2Fv2%2Fproduct_tag&post=2890"}],"curies":[{"name":"wp","href":"https:\/\/api.w.org\/{rel}","templated":true}]}}