{"id":3042,"date":"2026-04-21T09:07:15","date_gmt":"2026-04-21T09:07:15","guid":{"rendered":"https:\/\/dev.sbro.ro\/?product=o-istorie-ilustrata-a-tarii-sfinte"},"modified":"2026-04-21T09:07:15","modified_gmt":"2026-04-21T09:07:15","slug":"o-istorie-ilustrata-a-tarii-sfinte","status":"publish","type":"product","link":"https:\/\/dev.sbro.ro\/product\/o-istorie-ilustrata-a-tarii-sfinte\/","title":{"rendered":"O istorie ilustrata a Tarii Sfinte"},"content":{"rendered":"<p>\u00a0<\/p>\n<p><span style=\"font-size: large;\">Istoria \u00c5\u00a2\u0103rii Sfinte urc\u0103 p\u00e2n\u0103 \u00een vremuri str\u0103vechi \u015fi cuprinde o  asociere impresionant\u0103 de evenimente \u2013 de la ambuscade de frontier\u0103 p\u00e2n\u0103  la cotropiri masive, de la peregrin\u0103rile lui Avraam \u015fi ale patriarhilor  p\u00e2n\u0103 la mesajele r\u0103spicate a numero\u015fi profe\u0163i. Din cele mai vechi  timpuri p\u00e2n\u0103 \u00een 1948, istoria \u00c5\u00a2\u0103rii Sfinte s-a derulat de la un  conduc\u0103tor la altul, de la un imperiu la altul, form\u00e2ndu\u00e2\u20ac\u2018se un creuzet  de culturi \u015fi credin\u0163e neasemuite. \u00c5\u00a2ara Sf\u00e2nt\u0103, teritoriul ce reune\u015fte  locurile sacre ale iudaismului, ale cre\u015ftinismului \u015fi ale islamului, a  avut asupra istoriei un impact colosal raportat la \u00eentinderea ei \u2013 \u015fi  continu\u0103 s\u0103 aib\u0103 \u015fi azi. <\/span><br \/><span style=\"font-size: large;\">Iat\u0103 o scurt\u0103 prezentare de referin\u0163\u0103 a  acestei istorii fascinante. Bogat ilustrat\u0103 cu fotografii impresionante,  printre care numeroase cadre originale din secolele XIX \u015fi XX,  realizate de \u00c9cole Biblique din Ierusalim, aceast\u0103 carte te invit\u0103 la o  c\u0103l\u0103torie de aproape 4 000 de ani. Scris\u0103 \u00eentr-un stil u\u015for accesibil, O  istorie ilustrat\u0103 a \u00c5\u00a2\u0103rii Sfinte e o istorie \u00een imagini a \u0163\u0103rii care a  fost deseori \u201eprincipala scen\u0103\u201d mondial\u0103.<\/span><\/p>\n","protected":false},"excerpt":{"rendered":"<p>\u00a0 Istoria \u00c5\u00a2\u0103rii Sfinte urc\u0103 p\u00e2n\u0103 \u00een vremuri str\u0103vechi \u015fi cuprinde o asociere impresionant\u0103 de evenimente \u2013 de la ambuscade de frontier\u0103 p\u00e2n\u0103 la cotropiri masive, de la peregrin\u0103rile lui Avraam \u015fi ale patriarhilor p\u00e2n\u0103 la mesajele r\u0103spicate a numero\u015fi profe\u0163i. Din cele mai vechi timpuri p\u00e2n\u0103 \u00een 1948, istoria \u00c5\u00a2\u0103rii Sfinte s-a derulat de [&hellip;]<\/p>\n","protected":false},"featured_media":8469,"comment_status":"open","ping_status":"closed","template":"","meta":[],"product_brand":[],"product_cat":[76],"product_tag":[],"class_list":{"0":"post-3042","1":"product","2":"type-product","3":"status-publish","4":"has-post-thumbnail","6":"product_cat-atlase","8":"first","9":"instock","10":"shipping-taxable","11":"purchasable","12":"product-type-simple"},"_links":{"self":[{"href":"https:\/\/dev.sbro.ro\/wp-json\/wp\/v2\/product\/3042","targetHints":{"allow":["GET"]}}],"collection":[{"href":"https:\/\/dev.sbro.ro\/wp-json\/wp\/v2\/product"}],"about":[{"href":"https:\/\/dev.sbro.ro\/wp-json\/wp\/v2\/types\/product"}],"replies":[{"embeddable":true,"href":"https:\/\/dev.sbro.ro\/wp-json\/wp\/v2\/comments?post=3042"}],"wp:featuredmedia":[{"embeddable":true,"href":"https:\/\/dev.sbro.ro\/wp-json\/wp\/v2\/media\/8469"}],"wp:attachment":[{"href":"https:\/\/dev.sbro.ro\/wp-json\/wp\/v2\/media?parent=3042"}],"wp:term":[{"taxonomy":"product_brand","embeddable":true,"href":"https:\/\/dev.sbro.ro\/wp-json\/wp\/v2\/product_brand?post=3042"},{"taxonomy":"product_cat","embeddable":true,"href":"https:\/\/dev.sbro.ro\/wp-json\/wp\/v2\/product_cat?post=3042"},{"taxonomy":"product_tag","embeddable":true,"href":"https:\/\/dev.sbro.ro\/wp-json\/wp\/v2\/product_tag?post=3042"}],"curies":[{"name":"wp","href":"https:\/\/api.w.org\/{rel}","templated":true}]}}