{"id":3051,"date":"2026-04-21T09:07:16","date_gmt":"2026-04-21T09:07:16","guid":{"rendered":"https:\/\/dev.sbro.ro\/?product=amintirea-unui-trandafir-seria-secretul-trandafirului-vol-2"},"modified":"2026-04-21T09:07:16","modified_gmt":"2026-04-21T09:07:16","slug":"amintirea-unui-trandafir-seria-secretul-trandafirului-vol-2","status":"publish","type":"product","link":"https:\/\/dev.sbro.ro\/?product=amintirea-unui-trandafir-seria-secretul-trandafirului-vol-2","title":{"rendered":"Amintirea unui trandafir &#8211; seria Secretul Trandafirului &#8211; vol 2"},"content":{"rendered":"<\/p>\n<p><span style=\"font-size: large;\">BERLIN, 1961<\/span><br \/>\n<span style=\"font-size: large;\">Karin Duftblatt are de \u00eendeplinit o misiune secret\u0103. Este trist\u0103 \u015fi obosit\u0103, oglindind parc\u0103 starea general\u0103 a Berlinului de Est, ora\u015ful \u00een care locuie\u015fte, ce mai poart\u0103 \u00eenc\u0103 semnele ravagiilor r\u0103zboiului din urm\u0103 cu dou\u0103 decenii.<\/span><br \/>\n<span style=\"font-size: large;\">Totu\u015fi, chiar dac\u0103 tr\u0103ie\u015fte cu un nume diferit \u015fi optimismul din tinere\u0163e pare s-o fi p\u0103r\u0103sit, p\u0103rul blond, ochii alba\u015ftri \u015fi mai ales sufletul \u015fi-au p\u0103strat frumuse\u0163ea de odinioar\u0103. <\/span><br \/>\n<span style=\"font-size: large;\">Gustav, b\u0103rbatul plin de cruzime care o curtase \u00een tinere\u0163e, se \u0163ine pe urmele ei. Tat\u0103l ei este captiv \u00eentr-o celul\u0103 \u00eentunecoas\u0103, f\u0103r\u0103 s\u0103 se \u00eentrez\u0103reasc\u0103 vreo \u015fans\u0103 de sc\u0103pare pentru el. Ea \u00eens\u0103\u015fi se simte prizonier\u0103 \u00een propria existen\u0163\u0103 \u2013 o existen\u0163\u0103 secret\u0103 \u00eentr-un ora\u015f al secretelor. <\/span><br \/>\n<span style=\"font-size: large;\">\u00cei vine greu s\u0103 cread\u0103 c\u00e2nd z\u0103re\u015fte un chip cunoscut \u00een mul\u0163imea de pe str\u0103zile Berlinului, \u00eens\u0103 este chiar el! B\u0103rbatul care, revenind \u00een via\u0163a ei, i-o va schimba pentru totdeauna.<\/span><\/p>\n","protected":false},"excerpt":{"rendered":"<p>BERLIN, 1961 Karin Duftblatt are de \u00eendeplinit o misiune secret\u0103. Este trist\u0103 \u015fi obosit\u0103, oglindind parc\u0103 starea general\u0103 a Berlinului de Est, ora\u015ful \u00een care locuie\u015fte, ce mai poart\u0103 \u00eenc\u0103 semnele ravagiilor r\u0103zboiului din urm\u0103 cu dou\u0103 decenii. Totu\u015fi, chiar dac\u0103 tr\u0103ie\u015fte cu un nume diferit \u015fi optimismul din tinere\u0163e pare s-o fi p\u0103r\u0103sit, p\u0103rul [&hellip;]<\/p>\n","protected":false},"featured_media":8478,"comment_status":"open","ping_status":"closed","template":"","meta":[],"product_brand":[],"product_cat":[31],"product_tag":[],"class_list":{"0":"post-3051","1":"product","2":"type-product","3":"status-publish","4":"has-post-thumbnail","6":"product_cat-romane","8":"first","9":"instock","10":"shipping-taxable","11":"purchasable","12":"product-type-simple"},"_links":{"self":[{"href":"https:\/\/dev.sbro.ro\/index.php?rest_route=\/wp\/v2\/product\/3051","targetHints":{"allow":["GET"]}}],"collection":[{"href":"https:\/\/dev.sbro.ro\/index.php?rest_route=\/wp\/v2\/product"}],"about":[{"href":"https:\/\/dev.sbro.ro\/index.php?rest_route=\/wp\/v2\/types\/product"}],"replies":[{"embeddable":true,"href":"https:\/\/dev.sbro.ro\/index.php?rest_route=%2Fwp%2Fv2%2Fcomments&post=3051"}],"wp:featuredmedia":[{"embeddable":true,"href":"https:\/\/dev.sbro.ro\/index.php?rest_route=\/wp\/v2\/media\/8478"}],"wp:attachment":[{"href":"https:\/\/dev.sbro.ro\/index.php?rest_route=%2Fwp%2Fv2%2Fmedia&parent=3051"}],"wp:term":[{"taxonomy":"product_brand","embeddable":true,"href":"https:\/\/dev.sbro.ro\/index.php?rest_route=%2Fwp%2Fv2%2Fproduct_brand&post=3051"},{"taxonomy":"product_cat","embeddable":true,"href":"https:\/\/dev.sbro.ro\/index.php?rest_route=%2Fwp%2Fv2%2Fproduct_cat&post=3051"},{"taxonomy":"product_tag","embeddable":true,"href":"https:\/\/dev.sbro.ro\/index.php?rest_route=%2Fwp%2Fv2%2Fproduct_tag&post=3051"}],"curies":[{"name":"wp","href":"https:\/\/api.w.org\/{rel}","templated":true}]}}