{"id":3071,"date":"2026-04-21T09:07:18","date_gmt":"2026-04-21T09:07:18","guid":{"rendered":"https:\/\/dev.sbro.ro\/?product=cana-plangerile-lui-ieremia-322-23"},"modified":"2026-04-21T09:07:18","modified_gmt":"2026-04-21T09:07:18","slug":"cana-plangerile-lui-ieremia-322-23","status":"publish","type":"product","link":"https:\/\/dev.sbro.ro\/?product=cana-plangerile-lui-ieremia-322-23","title":{"rendered":"Cana &#8211; Plangerile lui Ieremia 3:22-23"},"content":{"rendered":"<p>Cana din ceramica cu inscriptie: &#8221; Bun\u0103t\u0103\u0163ile Domnului nu s-au sf\u00e2r\u015fit, \u00eendur\u0103rile Lui nu sunt la cap\u0103t, ci se \u00eennoiesc \u00een fiecare diminea\u0163\u0103. \u015ei credincio\u015fia Ta este at\u00e2t de mare! .&#8221; &#8211; Plangerile lui Ieremia 3:22-23<\/p>\n","protected":false},"excerpt":{"rendered":"<p>Cana din ceramica cu inscriptie: &#8221; Bun\u0103t\u0103\u0163ile Domnului nu s-au sf\u00e2r\u015fit, \u00eendur\u0103rile Lui nu sunt la cap\u0103t, ci se \u00eennoiesc \u00een fiecare diminea\u0163\u0103. \u015ei credincio\u015fia Ta este at\u00e2t de mare! .&#8221; &#8211; Plangerile lui Ieremia 3:22-23<\/p>\n","protected":false},"featured_media":8498,"comment_status":"open","ping_status":"closed","template":"","meta":[],"product_brand":[],"product_cat":[94],"product_tag":[],"class_list":{"0":"post-3071","1":"product","2":"type-product","3":"status-publish","4":"has-post-thumbnail","6":"product_cat-cani-inscriptionate","8":"first","9":"instock","10":"shipping-taxable","11":"purchasable","12":"product-type-simple"},"_links":{"self":[{"href":"https:\/\/dev.sbro.ro\/index.php?rest_route=\/wp\/v2\/product\/3071","targetHints":{"allow":["GET"]}}],"collection":[{"href":"https:\/\/dev.sbro.ro\/index.php?rest_route=\/wp\/v2\/product"}],"about":[{"href":"https:\/\/dev.sbro.ro\/index.php?rest_route=\/wp\/v2\/types\/product"}],"replies":[{"embeddable":true,"href":"https:\/\/dev.sbro.ro\/index.php?rest_route=%2Fwp%2Fv2%2Fcomments&post=3071"}],"wp:featuredmedia":[{"embeddable":true,"href":"https:\/\/dev.sbro.ro\/index.php?rest_route=\/wp\/v2\/media\/8498"}],"wp:attachment":[{"href":"https:\/\/dev.sbro.ro\/index.php?rest_route=%2Fwp%2Fv2%2Fmedia&parent=3071"}],"wp:term":[{"taxonomy":"product_brand","embeddable":true,"href":"https:\/\/dev.sbro.ro\/index.php?rest_route=%2Fwp%2Fv2%2Fproduct_brand&post=3071"},{"taxonomy":"product_cat","embeddable":true,"href":"https:\/\/dev.sbro.ro\/index.php?rest_route=%2Fwp%2Fv2%2Fproduct_cat&post=3071"},{"taxonomy":"product_tag","embeddable":true,"href":"https:\/\/dev.sbro.ro\/index.php?rest_route=%2Fwp%2Fv2%2Fproduct_tag&post=3071"}],"curies":[{"name":"wp","href":"https:\/\/api.w.org\/{rel}","templated":true}]}}