{"id":3244,"date":"2026-04-21T09:07:37","date_gmt":"2026-04-21T09:07:37","guid":{"rendered":"https:\/\/dev.sbro.ro\/?product=placheta-efeseni-613-18-cm"},"modified":"2026-04-21T09:07:37","modified_gmt":"2026-04-21T09:07:37","slug":"placheta-efeseni-613-18-cm","status":"publish","type":"product","link":"https:\/\/dev.sbro.ro\/product\/placheta-efeseni-613-18-cm\/","title":{"rendered":"Placheta &#8211; Efeseni 6:13 (18 CM)"},"content":{"rendered":"<p>Aplic\u0103 din r\u0103\u0219in\u0103 cu arm\u0103tur\u0103 \u0219i inscrip\u021bie.<\/p>\n","protected":false},"excerpt":{"rendered":"<p>Aplic\u0103 din r\u0103\u0219in\u0103 cu arm\u0103tur\u0103 \u0219i inscrip\u021bie.<\/p>\n","protected":false},"featured_media":8669,"comment_status":"open","ping_status":"closed","template":"","meta":[],"product_brand":[],"product_cat":[100],"product_tag":[],"class_list":{"0":"post-3244","1":"product","2":"type-product","3":"status-publish","4":"has-post-thumbnail","6":"product_cat-plachete","8":"first","9":"instock","10":"shipping-taxable","11":"purchasable","12":"product-type-simple"},"_links":{"self":[{"href":"https:\/\/dev.sbro.ro\/wp-json\/wp\/v2\/product\/3244","targetHints":{"allow":["GET"]}}],"collection":[{"href":"https:\/\/dev.sbro.ro\/wp-json\/wp\/v2\/product"}],"about":[{"href":"https:\/\/dev.sbro.ro\/wp-json\/wp\/v2\/types\/product"}],"replies":[{"embeddable":true,"href":"https:\/\/dev.sbro.ro\/wp-json\/wp\/v2\/comments?post=3244"}],"wp:featuredmedia":[{"embeddable":true,"href":"https:\/\/dev.sbro.ro\/wp-json\/wp\/v2\/media\/8669"}],"wp:attachment":[{"href":"https:\/\/dev.sbro.ro\/wp-json\/wp\/v2\/media?parent=3244"}],"wp:term":[{"taxonomy":"product_brand","embeddable":true,"href":"https:\/\/dev.sbro.ro\/wp-json\/wp\/v2\/product_brand?post=3244"},{"taxonomy":"product_cat","embeddable":true,"href":"https:\/\/dev.sbro.ro\/wp-json\/wp\/v2\/product_cat?post=3244"},{"taxonomy":"product_tag","embeddable":true,"href":"https:\/\/dev.sbro.ro\/wp-json\/wp\/v2\/product_tag?post=3244"}],"curies":[{"name":"wp","href":"https:\/\/api.w.org\/{rel}","templated":true}]}}