{"id":3295,"date":"2026-04-21T09:07:43","date_gmt":"2026-04-21T09:07:43","guid":{"rendered":"https:\/\/dev.sbro.ro\/?product=sub-ocrotirea-aripilor-lui"},"modified":"2026-04-21T09:07:43","modified_gmt":"2026-04-21T09:07:43","slug":"sub-ocrotirea-aripilor-lui","status":"publish","type":"product","link":"https:\/\/dev.sbro.ro\/?product=sub-ocrotirea-aripilor-lui","title":{"rendered":"Sub ocrotirea aripilor Lui"},"content":{"rendered":"<p>La patruzeci \u0219i doi de ani, Abigail MacLeod e pe cale s\u0103-\u015fi vad\u0103 visul \u00eemplinit: dintotdeauna r\u00e2vnise s\u0103 participe la s\u0103p\u0103turile arheologice din Israel. Cu inima fr\u00e2nt\u0103 din cauza c\u0103sniciei ei distruse, Abby se aga\u021b\u0103 de speran\u021ba c\u0103 aceast\u0103 c\u0103l\u0103torie va aduce pu\u021bin\u0103 lini\u015fte \u00een via\u0163a ei zguduit\u0103 din temelii. Martor\u0103 inopinat\u0103 la o tragedie cumplit\u0103, Abby este pe punctul de a renun\u0163a la tot. Totu\u015fi prietenia reconfortant\u0103 cu Ana Rahov, arheolog cu experien\u0163\u0103, \u0219i pasiunea ei pentru fascinanta \u021aar\u0103 Sf\u00e2nt\u0103 o \u00eencurajeaz\u0103 s\u0103 nu renun\u0163e. Spre uimirea ei, ceea ce descoper\u0103 dincolo de frumuse\u021bile Israelului \u0219i dincolo de intrigile din trecut este o istorie plin\u0103 de confrunt\u0103ri \u015fi durere, \u00eens\u0103, pe m\u0103sur\u0103 ce lumea tumultuoas\u0103 a primului secol din Palestina prinde via\u021b\u0103 din mijlocul ruinelor, Abby \u00ee\u015fi d\u0103 seama c\u0103 adev\u0103ratul refugiu pentru sufletul ei zbuciumat este Cel Atotputernic, Dumnezeul r\u0103scump\u0103r\u0103rii \u015fi al iert\u0103rii.<\/p>\n","protected":false},"excerpt":{"rendered":"<p>La patruzeci \u0219i doi de ani, Abigail MacLeod e pe cale s\u0103-\u015fi vad\u0103 visul \u00eemplinit: dintotdeauna r\u00e2vnise s\u0103 participe la s\u0103p\u0103turile arheologice din Israel. Cu inima fr\u00e2nt\u0103 din cauza c\u0103sniciei ei distruse, Abby se aga\u021b\u0103 de speran\u021ba c\u0103 aceast\u0103 c\u0103l\u0103torie va aduce pu\u021bin\u0103 lini\u015fte \u00een via\u0163a ei zguduit\u0103 din temelii. Martor\u0103 inopinat\u0103 la o tragedie [&hellip;]<\/p>\n","protected":false},"featured_media":8720,"comment_status":"open","ping_status":"closed","template":"","meta":[],"product_brand":[],"product_cat":[31],"product_tag":[],"class_list":{"0":"post-3295","1":"product","2":"type-product","3":"status-publish","4":"has-post-thumbnail","6":"product_cat-romane","8":"first","9":"instock","10":"shipping-taxable","11":"purchasable","12":"product-type-simple"},"_links":{"self":[{"href":"https:\/\/dev.sbro.ro\/index.php?rest_route=\/wp\/v2\/product\/3295","targetHints":{"allow":["GET"]}}],"collection":[{"href":"https:\/\/dev.sbro.ro\/index.php?rest_route=\/wp\/v2\/product"}],"about":[{"href":"https:\/\/dev.sbro.ro\/index.php?rest_route=\/wp\/v2\/types\/product"}],"replies":[{"embeddable":true,"href":"https:\/\/dev.sbro.ro\/index.php?rest_route=%2Fwp%2Fv2%2Fcomments&post=3295"}],"wp:featuredmedia":[{"embeddable":true,"href":"https:\/\/dev.sbro.ro\/index.php?rest_route=\/wp\/v2\/media\/8720"}],"wp:attachment":[{"href":"https:\/\/dev.sbro.ro\/index.php?rest_route=%2Fwp%2Fv2%2Fmedia&parent=3295"}],"wp:term":[{"taxonomy":"product_brand","embeddable":true,"href":"https:\/\/dev.sbro.ro\/index.php?rest_route=%2Fwp%2Fv2%2Fproduct_brand&post=3295"},{"taxonomy":"product_cat","embeddable":true,"href":"https:\/\/dev.sbro.ro\/index.php?rest_route=%2Fwp%2Fv2%2Fproduct_cat&post=3295"},{"taxonomy":"product_tag","embeddable":true,"href":"https:\/\/dev.sbro.ro\/index.php?rest_route=%2Fwp%2Fv2%2Fproduct_tag&post=3295"}],"curies":[{"name":"wp","href":"https:\/\/api.w.org\/{rel}","templated":true}]}}