{"id":3424,"date":"2026-04-21T09:07:57","date_gmt":"2026-04-21T09:07:57","guid":{"rendered":"https:\/\/dev.sbro.ro\/?product=lucrarea-duhului-sfant"},"modified":"2026-04-21T09:07:57","modified_gmt":"2026-04-21T09:07:57","slug":"lucrarea-duhului-sfant","status":"publish","type":"product","link":"https:\/\/dev.sbro.ro\/product\/lucrarea-duhului-sfant\/","title":{"rendered":"Lucrarea Duhului Sfant"},"content":{"rendered":"<p>O analiza succinta a teologiei despre lucrarea Duhului Sfant Invatatura despre Duhul Sfant reprezinta insasi cunoasterea lui Dumnezeu. Prezenta Duhului Sfant se resimte in fiecare pagina a Sfintelor Scripturi, incepand cu creatia, continuand cu lucrarea de intrupare a Fiului lui Dumnezeu si cu perioada actuala, numita si Dispensatia Duhului Sfant. Invatatura despre Duhul Sfant nu este o simpla doctrina biblica; ea reprezinta insasi cunoasterea lui Dumnezeu. In lipsa acestei invata\u00adturi, cunoasterea Dumnezeirii ar fi stirbita. Valoarea lucrarii Duhului Sfant este inestimabila, dar ea trebuie cunoscuta si practicata in lumina Sfintelor Scripturi. Cartea de fata, Lucrarea Duhului Sfant, se constituie ca mostenirea cea mai pretioasa ce ne-a fost lasata de pastorul si profesorul Trandafir Sandru in care el ofera o motivatie in plus pentru bisericile crestine sa se apropie de profunzimea si prospetimea lucrarii Duhului Sfant. DESPRE AUTOR Trandafir \u015eandru s-a n\u0103scut la 13 aprilie 1924 \u00een localitatea Seca\u015f, jude\u0163ul Arad. Cunosc\u00e2nd din copil\u0103rie credin\u0163a penticostal\u0103, a primit din fraged\u0103 tinere\u0163e botezul \u00een ap\u0103 (1941) \u015fi cu Duhul Sf\u00e2nt (1942). Termin\u00e2nd studiile secundare la Arad (1944), a frecventat Facultatea de Istorie a Universit\u0103\u0163ii din Bucure\u015fti (1951-1956), ob\u0163in\u00e2nd diploma \u00een specialitatea Istorie Veche (1956). Pentru prima dat\u0103 a fost ales \u00een lucrare la data de 25 ianuarie 1945. Fiind ordinat ca pastor (1953), a slujit \u00een dou\u0103 biserici penticostale din Bucure\u015fti. A vizitat \u015fi studiat activitatea mai multor institute de \u00eenv\u0103\u0163\u0103m\u00e2nt teologic din Anglia, SUA \u015fi Canada, particip\u00e2nd la numeroase conferin\u0163e na\u0163ionale, europene \u015fi mondiale, slujind la amvoanele unor biserici din 25 de \u0163\u0103ri. \u00cen anul 1992 a primit de la o institu\u0163ie teologic\u0103 din SUA titlul de doctor \u00een teologie. A \u00eendeplinit mai multe \u00eens\u0103rcin\u0103ri, ca: secretar general \u0219i, ulterior, vicepre\u015fedinte al Cultului Penticostal din Rom\u00e2nia, redactor al revistei oficiale a Cultului, devenind un neobosit scriitor de articole, c\u0103r\u0163i teologice \u0219i de istorie penticostal\u0103. A fost membru al Asocia\u0163iei Presei Penticostale Interna\u0163ionale \u0219i membru al Asocia\u0163iei Teologice Penticostale Europene. Dup\u0103 organizarea unor cursuri biblice a \u00eenfiin\u0163at \u00een 1976 Seminarul Teologic Penticostal, devenind directorul acestuia, iar \u00een 1990, Institutul Teologic Penticostal din Bucure\u0219ti, al c\u0103rui rector a fost p\u00e2n\u0103 c\u00e2nd s-a \u00eemboln\u0103vit, \u00een 1997. \u00cen data de 21 septembrie 1998, dup\u0103 o lung\u0103 \u0219i grea suferin\u0163\u0103, inima a \u00eencetat s\u0103-i mai bat\u0103. Este autorul urm\u0103toarelor lucr\u0103ri: &#8211; \u00cendrum\u0103torul p\u0103storului (1976); &#8211; Via\u0163a \u015fi \u00eenv\u0103\u0163\u0103tura apostolului Pavel (1977); &#8211; Pneumatologie sau Persoana Duhului Sf\u00e2nt (1979); &#8211; Biserica lui Dumnezeu Apostolic\u0103 Penticostal\u0103 din Rom\u00e2nia (ed. rom. \u2013 1982; ed. engl. \u2013 1983); &#8211; Evanghelogie \u2013 via\u0163a, activitatea \u015fi \u00eenv\u0103\u0163\u0103tura Domnului Isus Hristos (1986); &#8211; Doctrinele biblice ale Bisericii (1989); &#8211; Biserica Penticostal\u0103 \u00een istoria cre\u015ftinismului (1992); &#8211; Dogmatica Bisericii lui Dumnezeu Apostolice Penticostale (1993); &#8211; Pagini din istoria unei Biserici (1994).<\/p>\n","protected":false},"excerpt":{"rendered":"<p>O analiza succinta a teologiei despre lucrarea Duhului Sfant Invatatura despre Duhul Sfant reprezinta insasi cunoasterea lui Dumnezeu. Prezenta Duhului Sfant se resimte in fiecare pagina a Sfintelor Scripturi, incepand cu creatia, continuand cu lucrarea de intrupare a Fiului lui Dumnezeu si cu perioada actuala, numita si Dispensatia Duhului Sfant. Invatatura despre Duhul Sfant nu [&hellip;]<\/p>\n","protected":false},"featured_media":8848,"comment_status":"open","ping_status":"closed","template":"","meta":[],"product_brand":[],"product_cat":[51],"product_tag":[],"class_list":{"0":"post-3424","1":"product","2":"type-product","3":"status-publish","4":"has-post-thumbnail","6":"product_cat-doctrina-despre-dumnezeu","8":"first","9":"instock","10":"shipping-taxable","11":"purchasable","12":"product-type-simple"},"_links":{"self":[{"href":"https:\/\/dev.sbro.ro\/wp-json\/wp\/v2\/product\/3424","targetHints":{"allow":["GET"]}}],"collection":[{"href":"https:\/\/dev.sbro.ro\/wp-json\/wp\/v2\/product"}],"about":[{"href":"https:\/\/dev.sbro.ro\/wp-json\/wp\/v2\/types\/product"}],"replies":[{"embeddable":true,"href":"https:\/\/dev.sbro.ro\/wp-json\/wp\/v2\/comments?post=3424"}],"wp:featuredmedia":[{"embeddable":true,"href":"https:\/\/dev.sbro.ro\/wp-json\/wp\/v2\/media\/8848"}],"wp:attachment":[{"href":"https:\/\/dev.sbro.ro\/wp-json\/wp\/v2\/media?parent=3424"}],"wp:term":[{"taxonomy":"product_brand","embeddable":true,"href":"https:\/\/dev.sbro.ro\/wp-json\/wp\/v2\/product_brand?post=3424"},{"taxonomy":"product_cat","embeddable":true,"href":"https:\/\/dev.sbro.ro\/wp-json\/wp\/v2\/product_cat?post=3424"},{"taxonomy":"product_tag","embeddable":true,"href":"https:\/\/dev.sbro.ro\/wp-json\/wp\/v2\/product_tag?post=3424"}],"curies":[{"name":"wp","href":"https:\/\/api.w.org\/{rel}","templated":true}]}}