{"id":3500,"date":"2026-04-21T09:08:06","date_gmt":"2026-04-21T09:08:06","guid":{"rendered":"https:\/\/dev.sbro.ro\/?product=59-mesaje-pregatitoare-pentru-vesnicie"},"modified":"2026-04-21T09:08:06","modified_gmt":"2026-04-21T09:08:06","slug":"59-mesaje-pregatitoare-pentru-vesnicie","status":"publish","type":"product","link":"https:\/\/dev.sbro.ro\/product\/59-mesaje-pregatitoare-pentru-vesnicie\/","title":{"rendered":"59 mesaje pregatitoare pentru vesnicie"},"content":{"rendered":"<p>M-am luptat lupta cea bun\u0103, mi-am ispr\u0103vit alergarea, am p\u0103zit credin\u021ba. De acum m\u0103 a\u0219teapt\u0103 cununa neprih\u0103nirii, pe care mi-o va da \u00een \u201eziua aceea\u201d Domnul, Judec\u0103torul cel Drept. \u0218i nu numai mie, ci \u0219i tuturor celor ce vor fi iubit venirea Lui. 2 Timotei 4:7-8<\/p>\n","protected":false},"excerpt":{"rendered":"<p>M-am luptat lupta cea bun\u0103, mi-am ispr\u0103vit alergarea, am p\u0103zit credin\u021ba. De acum m\u0103 a\u0219teapt\u0103 cununa neprih\u0103nirii, pe care mi-o va da \u00een \u201eziua aceea\u201d Domnul, Judec\u0103torul cel Drept. \u0218i nu numai mie, ci \u0219i tuturor celor ce vor fi iubit venirea Lui. 2 Timotei 4:7-8<\/p>\n","protected":false},"featured_media":8924,"comment_status":"open","ping_status":"closed","template":"","meta":[],"product_brand":[],"product_cat":[10,17],"product_tag":[],"class_list":{"0":"post-3500","1":"product","2":"type-product","3":"status-publish","4":"has-post-thumbnail","6":"product_cat-editura-metanoia","7":"product_cat-predici","9":"first","10":"instock","11":"shipping-taxable","12":"purchasable","13":"product-type-simple"},"_links":{"self":[{"href":"https:\/\/dev.sbro.ro\/wp-json\/wp\/v2\/product\/3500","targetHints":{"allow":["GET"]}}],"collection":[{"href":"https:\/\/dev.sbro.ro\/wp-json\/wp\/v2\/product"}],"about":[{"href":"https:\/\/dev.sbro.ro\/wp-json\/wp\/v2\/types\/product"}],"replies":[{"embeddable":true,"href":"https:\/\/dev.sbro.ro\/wp-json\/wp\/v2\/comments?post=3500"}],"wp:featuredmedia":[{"embeddable":true,"href":"https:\/\/dev.sbro.ro\/wp-json\/wp\/v2\/media\/8924"}],"wp:attachment":[{"href":"https:\/\/dev.sbro.ro\/wp-json\/wp\/v2\/media?parent=3500"}],"wp:term":[{"taxonomy":"product_brand","embeddable":true,"href":"https:\/\/dev.sbro.ro\/wp-json\/wp\/v2\/product_brand?post=3500"},{"taxonomy":"product_cat","embeddable":true,"href":"https:\/\/dev.sbro.ro\/wp-json\/wp\/v2\/product_cat?post=3500"},{"taxonomy":"product_tag","embeddable":true,"href":"https:\/\/dev.sbro.ro\/wp-json\/wp\/v2\/product_tag?post=3500"}],"curies":[{"name":"wp","href":"https:\/\/api.w.org\/{rel}","templated":true}]}}