{"id":3558,"date":"2026-04-21T09:08:13","date_gmt":"2026-04-21T09:08:13","guid":{"rendered":"https:\/\/dev.sbro.ro\/?product=dvd-cartea-cartilor-10-cina-cea-de-taina"},"modified":"2026-04-21T09:08:13","modified_gmt":"2026-04-21T09:08:13","slug":"dvd-cartea-cartilor-10-cina-cea-de-taina","status":"publish","type":"product","link":"https:\/\/dev.sbro.ro\/product\/dvd-cartea-cartilor-10-cina-cea-de-taina\/","title":{"rendered":"DVD &#8211; Cartea Cartilor &#8211; 10. Cina cea de tain\u0103"},"content":{"rendered":"<p>\u00cen timpul unei c\u0103l\u0103torii cu Cartea C\u0103r\u021bilor, \u00een vechiul Ierusalim, Cristi \u00eenva\u021b\u0103 c\u0103 de\u0219i Isus a fost faimos, El a fost smerit \u0219i i-a slujit pe cei din jur.<\/p>\n<p>Cristi \u015fi forma\u0163ia sa au fost invita\u0163i la audi\u0163iile pentru emisiunea asem\u0103n\u0103toare cu \u201eAmerican Idol\u201d, numit\u0103 \u201eCea mai bun\u0103 forma\u0163ie din lume\u201d. Cristi devine arogant \u0219i este tot mai greu s\u0103 convie\u0163uie\u015fti cu el. \u00cen mintea sa a devenit o super vedet\u0103 \u015fi vrea ca Oana \u015fi Memo s\u0103 \u00eel trateze ca atare. Cartea C\u0103r\u0163ilor \u00eei duce pe copii \u00een Ierusalim, \u00een timpul triumf\u0103toarei intr\u0103ri a lui Isus \u00een ora\u015f. Cristi este fascinat de faima pe care o are Isus \u00een ceea ce prive\u015fte mul\u0163imile care \u00cel ova\u021bioneaz\u0103, ucenicii care \u00cel urmeaz\u0103 \u015fi mai ales faptul c\u0103 Isus urmeaz\u0103 s\u0103 devin\u0103 \u00cemp\u0103rat! Totu\u015fi, de-a lungul aventurii, care culmineaz\u0103 cu Cina cea de tain\u0103, Cristi \u00ee\u015fi d\u0103 seama c\u0103 a gre\u015fit \u00een ceea ce prive\u015fte faima \u015fi puterea. Vede la Isus ce \u00eenseamn\u0103 smerenia \u015fi slujirea \u015fi acest lucru \u00eel atinge profund. Cristi, Oana \u015fi Memo se \u00eentorc acas\u0103, iar atitudinea lui Cristi se schimb\u0103 fundamental. El \u00eencepe s\u0103 \u00ee\u015fi ajute colegii din forma\u0163ie \u00een loc s\u0103 le dea ordine ca p\u00e2n\u0103 atunci. \u0162elurile lui devin smerenia \u015fi slujirea, \u00een locul faimei \u015fi averii. <\/p>\n","protected":false},"excerpt":{"rendered":"<p>\u00cen timpul unei c\u0103l\u0103torii cu Cartea C\u0103r\u021bilor, \u00een vechiul Ierusalim, Cristi \u00eenva\u021b\u0103 c\u0103 de\u0219i Isus a fost faimos, El a fost smerit \u0219i i-a slujit pe cei din jur. Cristi \u015fi forma\u0163ia sa au fost invita\u0163i la audi\u0163iile pentru emisiunea asem\u0103n\u0103toare cu \u201eAmerican Idol\u201d, numit\u0103 \u201eCea mai bun\u0103 forma\u0163ie din lume\u201d. Cristi devine arogant \u0219i [&hellip;]<\/p>\n","protected":false},"featured_media":8982,"comment_status":"open","ping_status":"closed","template":"","meta":[],"product_brand":[],"product_cat":[66],"product_tag":[],"class_list":{"0":"post-3558","1":"product","2":"type-product","3":"status-publish","4":"has-post-thumbnail","6":"product_cat-dvd","8":"first","9":"instock","10":"shipping-taxable","11":"purchasable","12":"product-type-simple"},"_links":{"self":[{"href":"https:\/\/dev.sbro.ro\/wp-json\/wp\/v2\/product\/3558","targetHints":{"allow":["GET"]}}],"collection":[{"href":"https:\/\/dev.sbro.ro\/wp-json\/wp\/v2\/product"}],"about":[{"href":"https:\/\/dev.sbro.ro\/wp-json\/wp\/v2\/types\/product"}],"replies":[{"embeddable":true,"href":"https:\/\/dev.sbro.ro\/wp-json\/wp\/v2\/comments?post=3558"}],"wp:featuredmedia":[{"embeddable":true,"href":"https:\/\/dev.sbro.ro\/wp-json\/wp\/v2\/media\/8982"}],"wp:attachment":[{"href":"https:\/\/dev.sbro.ro\/wp-json\/wp\/v2\/media?parent=3558"}],"wp:term":[{"taxonomy":"product_brand","embeddable":true,"href":"https:\/\/dev.sbro.ro\/wp-json\/wp\/v2\/product_brand?post=3558"},{"taxonomy":"product_cat","embeddable":true,"href":"https:\/\/dev.sbro.ro\/wp-json\/wp\/v2\/product_cat?post=3558"},{"taxonomy":"product_tag","embeddable":true,"href":"https:\/\/dev.sbro.ro\/wp-json\/wp\/v2\/product_tag?post=3558"}],"curies":[{"name":"wp","href":"https:\/\/api.w.org\/{rel}","templated":true}]}}