{"id":3614,"date":"2026-04-21T09:08:19","date_gmt":"2026-04-21T09:08:19","guid":{"rendered":"https:\/\/dev.sbro.ro\/?product=biserica-in-vremea-sfarsitului"},"modified":"2026-04-21T09:08:19","modified_gmt":"2026-04-21T09:08:19","slug":"biserica-in-vremea-sfarsitului","status":"publish","type":"product","link":"https:\/\/dev.sbro.ro\/product\/biserica-in-vremea-sfarsitului\/","title":{"rendered":"Biserica \u00een vremea sf\u00e2r\u0219itului"},"content":{"rendered":"<p>Biserica \u00een vremea sf\u00e2r\u015fitului prezint\u0103, \u00eentr-un mod bine g\u00e2ndit, echilibrat \u015fi bazat pe Biblie, evenimentele din perioada sf\u00e2r\u015fitului: viitorul Bisericii, a doua venire a lui Cristos, \u00eenvierea, judecata final\u0103, eternitatea etc. Aceste evenimente sunt analizate \u015fi comentate prin prisma istoric\u0103 \u015fi se sprijin\u0103 pe textele biblice care vorbesc specific despre realitatea Bisericii \u015fi cea a sf\u00e2r\u015fitului. Sf\u00e2r\u015fitul este o realitate pe care trebuie s-o \u00een\u0163elegem!<br \/>\nNevoia de a avea un sistem hermeneutic este intrinsec\u0103 dorin\u0163ei de a \u00een\u0163elege Cuv\u00e2ntul lui Dumnezeu. Deoarece cel care face interpretarea nu are de-a face cu o carte de origine uman\u0103, ci cu Cuv\u00e2ntul lui Dumnezeu, el trebuie s\u0103 fie echipat cu metoda corect\u0103 de interpretare, sau altfel rezultatul scontat al studiului s\u0103u va fi eronat. Tocmai faptul c\u0103 Scripturile nu pot fi interpretate corect f\u0103r\u0103 o metod\u0103 adecvat\u0103 \u015fi reguli s\u0103n\u0103toase de interpretare confer\u0103 acestui studiu o importan\u0163\u0103 vital\u0103.<br \/>\nLucrarea a fost conceput\u0103 pentru a fi de folos at\u00e2t teologilor, profesorilor din \u015fcolile biblice, \u00eenv\u0103\u0163\u0103torilor de \u015fcoal\u0103 duminical\u0103, membrilor grupurilor de studii biblice, c\u00e2t \u015fi tuturor celor care doresc s\u0103-\u015fi aprofundeze cuno\u015ftin\u0163ele cu privire la viitorul Bisericii.<\/p>\n","protected":false},"excerpt":{"rendered":"<p>Biserica \u00een vremea sf\u00e2r\u015fitului prezint\u0103, \u00eentr-un mod bine g\u00e2ndit, echilibrat \u015fi bazat pe Biblie, evenimentele din perioada sf\u00e2r\u015fitului: viitorul Bisericii, a doua venire a lui Cristos, \u00eenvierea, judecata final\u0103, eternitatea etc. Aceste evenimente sunt analizate \u015fi comentate prin prisma istoric\u0103 \u015fi se sprijin\u0103 pe textele biblice care vorbesc specific despre realitatea Bisericii \u015fi cea a [&hellip;]<\/p>\n","protected":false},"featured_media":9038,"comment_status":"open","ping_status":"closed","template":"","meta":[],"product_brand":[],"product_cat":[10,24],"product_tag":[],"class_list":{"0":"post-3614","1":"product","2":"type-product","3":"status-publish","4":"has-post-thumbnail","6":"product_cat-editura-metanoia","7":"product_cat-eshatologie","9":"first","10":"outofstock","11":"shipping-taxable","12":"purchasable","13":"product-type-simple"},"_links":{"self":[{"href":"https:\/\/dev.sbro.ro\/wp-json\/wp\/v2\/product\/3614","targetHints":{"allow":["GET"]}}],"collection":[{"href":"https:\/\/dev.sbro.ro\/wp-json\/wp\/v2\/product"}],"about":[{"href":"https:\/\/dev.sbro.ro\/wp-json\/wp\/v2\/types\/product"}],"replies":[{"embeddable":true,"href":"https:\/\/dev.sbro.ro\/wp-json\/wp\/v2\/comments?post=3614"}],"wp:featuredmedia":[{"embeddable":true,"href":"https:\/\/dev.sbro.ro\/wp-json\/wp\/v2\/media\/9038"}],"wp:attachment":[{"href":"https:\/\/dev.sbro.ro\/wp-json\/wp\/v2\/media?parent=3614"}],"wp:term":[{"taxonomy":"product_brand","embeddable":true,"href":"https:\/\/dev.sbro.ro\/wp-json\/wp\/v2\/product_brand?post=3614"},{"taxonomy":"product_cat","embeddable":true,"href":"https:\/\/dev.sbro.ro\/wp-json\/wp\/v2\/product_cat?post=3614"},{"taxonomy":"product_tag","embeddable":true,"href":"https:\/\/dev.sbro.ro\/wp-json\/wp\/v2\/product_tag?post=3614"}],"curies":[{"name":"wp","href":"https:\/\/api.w.org\/{rel}","templated":true}]}}