{"id":3674,"date":"2026-04-21T09:08:26","date_gmt":"2026-04-21T09:08:26","guid":{"rendered":"https:\/\/dev.sbro.ro\/?product=ca-magii"},"modified":"2026-04-21T09:08:26","modified_gmt":"2026-04-21T09:08:26","slug":"ca-magii","status":"publish","type":"product","link":"https:\/\/dev.sbro.ro\/product\/ca-magii\/","title":{"rendered":"Ca magii"},"content":{"rendered":"<p>Colec\u0163ia \u2013 De Cr\u0103ciun Povestiri despre magi, despre Pruncul Isus, despre copii care au dat ce au avut mai de pre\u0163 lui Isus. Cuprins: Magii Ca magii Un joc periculos Un trei cu c\u00e2ntec Nu te l\u0103sa c\u00e2\u015ftigat Mama R\u0103\u0163u\u015fca Descoperirea 1+1+1=1 Buchetul de lalele Primul cinci C\u00e2nd pisica nu-i acas\u0103 Mai bine pu\u0163in Feti\u0163a care vrea s\u0103 fie b\u0103iat Felul doi Ciocolata Leag\u0103nul Tai\u2026 tai\u2026 Dar de Cr\u0103ciun Ispita<\/p>\n","protected":false},"excerpt":{"rendered":"<p>Colec\u0163ia \u2013 De Cr\u0103ciun Povestiri despre magi, despre Pruncul Isus, despre copii care au dat ce au avut mai de pre\u0163 lui Isus. Cuprins: Magii Ca magii Un joc periculos Un trei cu c\u00e2ntec Nu te l\u0103sa c\u00e2\u015ftigat Mama R\u0103\u0163u\u015fca Descoperirea 1+1+1=1 Buchetul de lalele Primul cinci C\u00e2nd pisica nu-i acas\u0103 Mai bine pu\u0163in Feti\u0163a [&hellip;]<\/p>\n","protected":false},"featured_media":9097,"comment_status":"open","ping_status":"closed","template":"","meta":[],"product_brand":[],"product_cat":[35,13],"product_tag":[],"class_list":{"0":"post-3674","1":"product","2":"type-product","3":"status-publish","4":"has-post-thumbnail","6":"product_cat-copii","7":"product_cat-familie","9":"first","10":"instock","11":"shipping-taxable","12":"purchasable","13":"product-type-simple"},"_links":{"self":[{"href":"https:\/\/dev.sbro.ro\/wp-json\/wp\/v2\/product\/3674","targetHints":{"allow":["GET"]}}],"collection":[{"href":"https:\/\/dev.sbro.ro\/wp-json\/wp\/v2\/product"}],"about":[{"href":"https:\/\/dev.sbro.ro\/wp-json\/wp\/v2\/types\/product"}],"replies":[{"embeddable":true,"href":"https:\/\/dev.sbro.ro\/wp-json\/wp\/v2\/comments?post=3674"}],"wp:featuredmedia":[{"embeddable":true,"href":"https:\/\/dev.sbro.ro\/wp-json\/wp\/v2\/media\/9097"}],"wp:attachment":[{"href":"https:\/\/dev.sbro.ro\/wp-json\/wp\/v2\/media?parent=3674"}],"wp:term":[{"taxonomy":"product_brand","embeddable":true,"href":"https:\/\/dev.sbro.ro\/wp-json\/wp\/v2\/product_brand?post=3674"},{"taxonomy":"product_cat","embeddable":true,"href":"https:\/\/dev.sbro.ro\/wp-json\/wp\/v2\/product_cat?post=3674"},{"taxonomy":"product_tag","embeddable":true,"href":"https:\/\/dev.sbro.ro\/wp-json\/wp\/v2\/product_tag?post=3674"}],"curies":[{"name":"wp","href":"https:\/\/api.w.org\/{rel}","templated":true}]}}