{"id":3677,"date":"2026-04-21T09:08:27","date_gmt":"2026-04-21T09:08:27","guid":{"rendered":"https:\/\/dev.sbro.ro\/?product=adeluta-si-lumea-nevazuta-a-ingerilor"},"modified":"2026-04-21T09:08:27","modified_gmt":"2026-04-21T09:08:27","slug":"adeluta-si-lumea-nevazuta-a-ingerilor","status":"publish","type":"product","link":"https:\/\/dev.sbro.ro\/product\/adeluta-si-lumea-nevazuta-a-ingerilor\/","title":{"rendered":"Adeluta si lumea nevazuta a ingerilor"},"content":{"rendered":"<p>Adelu\u021ba este o feti\u021b\u0103 foooarte curioas\u0103. Vrea s\u0103 \u0219tie totul, iar c\u00e2nd afl\u0103 c\u0103 bunicul are un \u00eenger p\u0103zitor devine brusc interesat\u0103 de subiect. Cine sunt \u00eengerii? De ce nu \u00eei vedem? De unde \u0219tim c\u0103 \u00eengerii exist\u0103? Au \u0219i ei bunici? O mul\u021bime de \u00eentreb\u0103ri dau buzna \u00een mintea ei care func\u021bioneaz\u0103 ca un motora\u0219. Din fericire, Adelu\u021ba \u00eei are al\u0103turi pe bunicul Iliu\u021b\u0103 \u0219i pe bunica Miu\u021ba, doi b\u0103tr\u00e2nei \u00een\u021belep\u021bi \u0219i bucuro\u0219i s-o ajute \u00een c\u0103l\u0103toria pentru descoperirea lumii nev\u0103zute a \u00eengerilor. Geanina Constantin este redactor de carte pentru copii. A fost redactor al revistei pentru copii Nota 10 (2013-2015) \u0219i a publicat mai multe c\u0103r\u021bi pentru copii: Bunele maniere pentru copilul cre\u0219tin (2014); Peripe\u021biile lui R\u0103sf\u0103\u021bel (2015); Bunele maniere pentru pre\u0219colari (2016); \u00cenva\u021b\u0103 cum s\u0103 \u00eenve\u021bi! (2017). Este \u0219i autoarea textului \u201eDoi fra\u021bi \u0219i-o musta\u021b\u0103\u201d, inclus \u00een volumul Amintiri din copil\u0103rii (2017). Teodora Oprea este absolvent\u0103 a Facult\u0103\u021bii de Arte Vizuale din cadrul Universit\u0103\u021bii din Oradea. Pasionat\u0103 de ilustra\u021bia pentru copii, lucreaz\u0103 \u00een prezent ca ilustrator freelancer.<\/p>\n","protected":false},"excerpt":{"rendered":"<p>Adelu\u021ba este o feti\u021b\u0103 foooarte curioas\u0103. Vrea s\u0103 \u0219tie totul, iar c\u00e2nd afl\u0103 c\u0103 bunicul are un \u00eenger p\u0103zitor devine brusc interesat\u0103 de subiect. Cine sunt \u00eengerii? De ce nu \u00eei vedem? De unde \u0219tim c\u0103 \u00eengerii exist\u0103? Au \u0219i ei bunici? O mul\u021bime de \u00eentreb\u0103ri dau buzna \u00een mintea ei care func\u021bioneaz\u0103 ca un [&hellip;]<\/p>\n","protected":false},"featured_media":9100,"comment_status":"open","ping_status":"closed","template":"","meta":[],"product_brand":[],"product_cat":[35,13],"product_tag":[],"class_list":{"0":"post-3677","1":"product","2":"type-product","3":"status-publish","4":"has-post-thumbnail","6":"product_cat-copii","7":"product_cat-familie","9":"first","10":"outofstock","11":"shipping-taxable","12":"purchasable","13":"product-type-simple"},"_links":{"self":[{"href":"https:\/\/dev.sbro.ro\/wp-json\/wp\/v2\/product\/3677","targetHints":{"allow":["GET"]}}],"collection":[{"href":"https:\/\/dev.sbro.ro\/wp-json\/wp\/v2\/product"}],"about":[{"href":"https:\/\/dev.sbro.ro\/wp-json\/wp\/v2\/types\/product"}],"replies":[{"embeddable":true,"href":"https:\/\/dev.sbro.ro\/wp-json\/wp\/v2\/comments?post=3677"}],"wp:featuredmedia":[{"embeddable":true,"href":"https:\/\/dev.sbro.ro\/wp-json\/wp\/v2\/media\/9100"}],"wp:attachment":[{"href":"https:\/\/dev.sbro.ro\/wp-json\/wp\/v2\/media?parent=3677"}],"wp:term":[{"taxonomy":"product_brand","embeddable":true,"href":"https:\/\/dev.sbro.ro\/wp-json\/wp\/v2\/product_brand?post=3677"},{"taxonomy":"product_cat","embeddable":true,"href":"https:\/\/dev.sbro.ro\/wp-json\/wp\/v2\/product_cat?post=3677"},{"taxonomy":"product_tag","embeddable":true,"href":"https:\/\/dev.sbro.ro\/wp-json\/wp\/v2\/product_tag?post=3677"}],"curies":[{"name":"wp","href":"https:\/\/api.w.org\/{rel}","templated":true}]}}