{"id":3706,"date":"2026-04-21T09:08:30","date_gmt":"2026-04-21T09:08:30","guid":{"rendered":"https:\/\/dev.sbro.ro\/?product=puzzle-biblic-povestiri-despre-eroi"},"modified":"2026-04-21T09:08:30","modified_gmt":"2026-04-21T09:08:30","slug":"puzzle-biblic-povestiri-despre-eroi","status":"publish","type":"product","link":"https:\/\/dev.sbro.ro\/product\/puzzle-biblic-povestiri-despre-eroi\/","title":{"rendered":"Puzzle biblic. Povestiri despre eroi"},"content":{"rendered":"<p>Aceast\u0103 carte-puzzle con\u021bine 6 puzzle-uri a c\u00e2te 30 de piese fiecare, \u00eenso\u021bite de scurte istorioare biblice \u00een care copiii fac cuno\u0219tin\u021b\u0103 cu eroi de seam\u0103, precum: Noe, Moise, David, Samson, Ilie \u0219i Daniel. Copiii asimileaz\u0103 \u00eenv\u0103\u021b\u0103tura biblic\u0103 ascult\u00e2nd povestioarele \u0219i totodat\u0103 \u00ee\u0219i dezvolt\u0103 abilit\u0103\u021bi precum coordonarea m\u00e2n\u0103-ochi \u0219i dexteritatea, rezolv\u00e2nd puzzle-urile ilustrate \u0219i colorate \u00eentr-un mod atractiv.<\/p>\n","protected":false},"excerpt":{"rendered":"<p>Aceast\u0103 carte-puzzle con\u021bine 6 puzzle-uri a c\u00e2te 30 de piese fiecare, \u00eenso\u021bite de scurte istorioare biblice \u00een care copiii fac cuno\u0219tin\u021b\u0103 cu eroi de seam\u0103, precum: Noe, Moise, David, Samson, Ilie \u0219i Daniel. Copiii asimileaz\u0103 \u00eenv\u0103\u021b\u0103tura biblic\u0103 ascult\u00e2nd povestioarele \u0219i totodat\u0103 \u00ee\u0219i dezvolt\u0103 abilit\u0103\u021bi precum coordonarea m\u00e2n\u0103-ochi \u0219i dexteritatea, rezolv\u00e2nd puzzle-urile ilustrate \u0219i colorate \u00eentr-un [&hellip;]<\/p>\n","protected":false},"featured_media":9129,"comment_status":"open","ping_status":"closed","template":"","meta":[],"product_brand":[],"product_cat":[35,13],"product_tag":[],"class_list":{"0":"post-3706","1":"product","2":"type-product","3":"status-publish","4":"has-post-thumbnail","6":"product_cat-copii","7":"product_cat-familie","9":"first","10":"instock","11":"shipping-taxable","12":"purchasable","13":"product-type-simple"},"_links":{"self":[{"href":"https:\/\/dev.sbro.ro\/wp-json\/wp\/v2\/product\/3706","targetHints":{"allow":["GET"]}}],"collection":[{"href":"https:\/\/dev.sbro.ro\/wp-json\/wp\/v2\/product"}],"about":[{"href":"https:\/\/dev.sbro.ro\/wp-json\/wp\/v2\/types\/product"}],"replies":[{"embeddable":true,"href":"https:\/\/dev.sbro.ro\/wp-json\/wp\/v2\/comments?post=3706"}],"wp:featuredmedia":[{"embeddable":true,"href":"https:\/\/dev.sbro.ro\/wp-json\/wp\/v2\/media\/9129"}],"wp:attachment":[{"href":"https:\/\/dev.sbro.ro\/wp-json\/wp\/v2\/media?parent=3706"}],"wp:term":[{"taxonomy":"product_brand","embeddable":true,"href":"https:\/\/dev.sbro.ro\/wp-json\/wp\/v2\/product_brand?post=3706"},{"taxonomy":"product_cat","embeddable":true,"href":"https:\/\/dev.sbro.ro\/wp-json\/wp\/v2\/product_cat?post=3706"},{"taxonomy":"product_tag","embeddable":true,"href":"https:\/\/dev.sbro.ro\/wp-json\/wp\/v2\/product_tag?post=3706"}],"curies":[{"name":"wp","href":"https:\/\/api.w.org\/{rel}","templated":true}]}}