{"id":4160,"date":"2026-04-21T09:09:24","date_gmt":"2026-04-21T09:09:24","guid":{"rendered":"https:\/\/dev.sbro.ro\/?product=profilul-robului-lui-hristos-mijlocitor-si-profet"},"modified":"2026-04-21T09:09:24","modified_gmt":"2026-04-21T09:09:24","slug":"profilul-robului-lui-hristos-mijlocitor-si-profet","status":"publish","type":"product","link":"https:\/\/dev.sbro.ro\/product\/profilul-robului-lui-hristos-mijlocitor-si-profet\/","title":{"rendered":"Profilul robului lui Hristos: mijlocitor \u0219i profet"},"content":{"rendered":"<p>Ca ambasadori ai \u00cemp\u0103r\u0103\u021biei lui Dumnezeu \u00een mijlocul \u00eemp\u0103r\u0103\u021biei lumii \u00een care tr\u0103im, fiecare dintre noi trebuie s\u0103 reg\u0103sim, \u00eentr-o m\u0103sur\u0103 mai mic\u0103 sau mai mare, aceste caracteristici &#8211; mijlocitor \u0219i profet &#8211; \u00een formarea noastr\u0103 spiritual\u0103. Mai \u00eent\u00e2i \u00een momentul na\u0219terii noastre din nou \u0219i apoi \u00een momentul botezului nostru cu Duhul Sf\u00e2nt al lui Dumnezeu, aceste caracteristici spirituale ne-au fost \u00eenscrise cu degetul lui Dumnezeu \u00een caracterul nostru \u0219i \u00een profilul spiritual al omului nou. \u00cen m\u0103sura p\u0103str\u0103rii plin\u0103t\u0103\u021bii Duhului \u00een via\u021ba noastr\u0103 \u0219i \u00een func\u021bie de situa\u021bia \u0219i cadrul spiritual \u00een care ne g\u0103sim la un moment dat, aceste tr\u0103s\u0103turi spirituale vor r\u0103zbate \u0219i vor ie\u0219i la suprafa\u021b\u0103, cu ajutorul Duhului Sf\u00e2nt.<\/p>\n","protected":false},"excerpt":{"rendered":"<p>Ca ambasadori ai \u00cemp\u0103r\u0103\u021biei lui Dumnezeu \u00een mijlocul \u00eemp\u0103r\u0103\u021biei lumii \u00een care tr\u0103im, fiecare dintre noi trebuie s\u0103 reg\u0103sim, \u00eentr-o m\u0103sur\u0103 mai mic\u0103 sau mai mare, aceste caracteristici &#8211; mijlocitor \u0219i profet &#8211; \u00een formarea noastr\u0103 spiritual\u0103. Mai \u00eent\u00e2i \u00een momentul na\u0219terii noastre din nou \u0219i apoi \u00een momentul botezului nostru cu Duhul Sf\u00e2nt al [&hellip;]<\/p>\n","protected":false},"featured_media":9580,"comment_status":"open","ping_status":"closed","template":"","meta":[],"product_brand":[],"product_cat":[51],"product_tag":[],"class_list":{"0":"post-4160","1":"product","2":"type-product","3":"status-publish","4":"has-post-thumbnail","6":"product_cat-doctrina-despre-dumnezeu","8":"first","9":"instock","10":"shipping-taxable","11":"purchasable","12":"product-type-simple"},"_links":{"self":[{"href":"https:\/\/dev.sbro.ro\/wp-json\/wp\/v2\/product\/4160","targetHints":{"allow":["GET"]}}],"collection":[{"href":"https:\/\/dev.sbro.ro\/wp-json\/wp\/v2\/product"}],"about":[{"href":"https:\/\/dev.sbro.ro\/wp-json\/wp\/v2\/types\/product"}],"replies":[{"embeddable":true,"href":"https:\/\/dev.sbro.ro\/wp-json\/wp\/v2\/comments?post=4160"}],"wp:featuredmedia":[{"embeddable":true,"href":"https:\/\/dev.sbro.ro\/wp-json\/wp\/v2\/media\/9580"}],"wp:attachment":[{"href":"https:\/\/dev.sbro.ro\/wp-json\/wp\/v2\/media?parent=4160"}],"wp:term":[{"taxonomy":"product_brand","embeddable":true,"href":"https:\/\/dev.sbro.ro\/wp-json\/wp\/v2\/product_brand?post=4160"},{"taxonomy":"product_cat","embeddable":true,"href":"https:\/\/dev.sbro.ro\/wp-json\/wp\/v2\/product_cat?post=4160"},{"taxonomy":"product_tag","embeddable":true,"href":"https:\/\/dev.sbro.ro\/wp-json\/wp\/v2\/product_tag?post=4160"}],"curies":[{"name":"wp","href":"https:\/\/api.w.org\/{rel}","templated":true}]}}