{"id":4386,"date":"2026-04-21T09:09:52","date_gmt":"2026-04-21T09:09:52","guid":{"rendered":"https:\/\/dev.sbro.ro\/?product=un-cuvant-de-imbarbatare"},"modified":"2026-04-21T09:09:52","modified_gmt":"2026-04-21T09:09:52","slug":"un-cuvant-de-imbarbatare","status":"publish","type":"product","link":"https:\/\/dev.sbro.ro\/product\/un-cuvant-de-imbarbatare\/","title":{"rendered":"Un cuv\u00e2nt de \u00eemb\u0103rb\u0103tare"},"content":{"rendered":"<p>S\u0103 privim cu aten\u0163ie la Isus \u0219i apoi s\u0103 ne \u00eencuraj\u0103m unii pe al\u0163ii. Nu privi\u0163i mai \u00eent\u00e2i la fra\u0163i \u0219i la surori. Dac\u0103 privim mai \u00eent\u00e2i la ei \u00eenainte de a privi la Cristos, vom vedea doar sl\u0103biciunile \u0219i gre\u0219elile lor. Un frate a spus odat\u0103: \u201eAm privit la acel frate printr-un microscop.\u201d C\u00e2nd prive\u0219ti la un frate, folose\u0219te un telescop. A\u0219adar, s\u0103 privim la Domnul. Dac\u0103 privim la Domnul printr-un microscop, este bine, dar, dup\u0103 ce am privit la El, s\u0103 ne \u00eencuraj\u0103m unii pe al\u0163ii, pentru c\u0103 suntem chema\u0163i s\u0103 fim Casa lui Dumnezeu. Nu este vorba numai de rela\u0163ia dintre tine \u0219i Domnul, ci de rela\u0163ia dintre tine, Domnul \u0219i fra\u0163ii t\u0103i. Nu te g\u00e2ndi numai la spiritualitatea ta. G\u00e2nde\u0219te-te \u0219i la fra\u0163ii t\u0103i. \u00cencurajeaz\u0103-\u0163i fra\u0163ii, pentru c\u0103, dac\u0103 ei e\u0219ueaz\u0103, zidirea Casei va fi \u00eent\u00e2rziat\u0103. Este nevoie ca to\u0163i \u00eempreun\u0103 s\u0103 zidim Casa \u0219i s\u0103 fim \u00eenso\u0163itori ai lui Cristos. Cristos nu are numai un singur \u00eenso\u0163itor, ci mai mul\u0163i.<\/p>\n","protected":false},"excerpt":{"rendered":"<p>S\u0103 privim cu aten\u0163ie la Isus \u0219i apoi s\u0103 ne \u00eencuraj\u0103m unii pe al\u0163ii. Nu privi\u0163i mai \u00eent\u00e2i la fra\u0163i \u0219i la surori. Dac\u0103 privim mai \u00eent\u00e2i la ei \u00eenainte de a privi la Cristos, vom vedea doar sl\u0103biciunile \u0219i gre\u0219elile lor. Un frate a spus odat\u0103: \u201eAm privit la acel frate printr-un microscop.\u201d C\u00e2nd [&hellip;]<\/p>\n","protected":false},"featured_media":9796,"comment_status":"open","ping_status":"closed","template":"","meta":[],"product_brand":[],"product_cat":[18],"product_tag":[],"class_list":{"0":"post-4386","1":"product","2":"type-product","3":"status-publish","4":"has-post-thumbnail","6":"product_cat-viata-crestina","8":"first","9":"instock","10":"shipping-taxable","11":"purchasable","12":"product-type-simple"},"_links":{"self":[{"href":"https:\/\/dev.sbro.ro\/wp-json\/wp\/v2\/product\/4386","targetHints":{"allow":["GET"]}}],"collection":[{"href":"https:\/\/dev.sbro.ro\/wp-json\/wp\/v2\/product"}],"about":[{"href":"https:\/\/dev.sbro.ro\/wp-json\/wp\/v2\/types\/product"}],"replies":[{"embeddable":true,"href":"https:\/\/dev.sbro.ro\/wp-json\/wp\/v2\/comments?post=4386"}],"wp:featuredmedia":[{"embeddable":true,"href":"https:\/\/dev.sbro.ro\/wp-json\/wp\/v2\/media\/9796"}],"wp:attachment":[{"href":"https:\/\/dev.sbro.ro\/wp-json\/wp\/v2\/media?parent=4386"}],"wp:term":[{"taxonomy":"product_brand","embeddable":true,"href":"https:\/\/dev.sbro.ro\/wp-json\/wp\/v2\/product_brand?post=4386"},{"taxonomy":"product_cat","embeddable":true,"href":"https:\/\/dev.sbro.ro\/wp-json\/wp\/v2\/product_cat?post=4386"},{"taxonomy":"product_tag","embeddable":true,"href":"https:\/\/dev.sbro.ro\/wp-json\/wp\/v2\/product_tag?post=4386"}],"curies":[{"name":"wp","href":"https:\/\/api.w.org\/{rel}","templated":true}]}}