{"id":4393,"date":"2026-04-21T09:09:52","date_gmt":"2026-04-21T09:09:52","guid":{"rendered":"https:\/\/dev.sbro.ro\/?product=lupta-pentru-viata"},"modified":"2026-04-21T09:09:52","modified_gmt":"2026-04-21T09:09:52","slug":"lupta-pentru-viata","status":"publish","type":"product","link":"https:\/\/dev.sbro.ro\/?product=lupta-pentru-viata","title":{"rendered":"Lupta pentru via\u021b\u0103"},"content":{"rendered":"<p>Tocmai \u00een aceast\u0103 lume, unde moartea domne\u0219te \u0219i ac\u021bioneaz\u0103 ca o mare for\u021b\u0103, noi, prin r\u00e2nduiala suveran\u0103 a lui Dumnezeu, trebuie s\u0103 ajungem s\u0103 dovedim valorile vie\u021bii care a fost depozitat\u0103 \u00een noi, s\u0103 descoperim posibilit\u0103\u021bile ei. Aceasta este o descoperire experimental\u0103. De aceea, totul se raporteaz\u0103 la o lupt\u0103 \u00eentre ceea ce este \u00een lume \u0219i via\u021ba care este \u00een cel credincios. Este lupta pentru via\u021b\u0103. Nu e ca \u0219i cum acea via\u021b\u0103 s-ar putea pierde \u2013 ca \u0219i cum moartea ne-ar putea lua via\u021ba ve\u0219nic\u0103 -, ci lupta se d\u0103 cu privire la exprimarea triumf\u0103toare \u0219i manifestarea deplin\u0103 a puterii acelei vie\u021bi. Noi putem s\u0103 avem via\u021ba ve\u0219nic\u0103 \u0219i totu\u0219i, acea via\u021b\u0103 s\u0103 fie \u021binut\u0103 deoparte \u00een \u00eens\u0103\u0219i fiin\u021ba noastr\u0103, f\u0103r\u0103 nicio ar\u0103tare, f\u0103r\u0103 nicio manifestare a ei, f\u0103r\u0103 nicio dovad\u0103 a triumfului ei. Ea poate fi acolo, dar e str\u00e2mtorat\u0103, sufocat\u0103.<\/p>\n","protected":false},"excerpt":{"rendered":"<p>Tocmai \u00een aceast\u0103 lume, unde moartea domne\u0219te \u0219i ac\u021bioneaz\u0103 ca o mare for\u021b\u0103, noi, prin r\u00e2nduiala suveran\u0103 a lui Dumnezeu, trebuie s\u0103 ajungem s\u0103 dovedim valorile vie\u021bii care a fost depozitat\u0103 \u00een noi, s\u0103 descoperim posibilit\u0103\u021bile ei. Aceasta este o descoperire experimental\u0103. De aceea, totul se raporteaz\u0103 la o lupt\u0103 \u00eentre ceea ce este \u00een [&hellip;]<\/p>\n","protected":false},"featured_media":9803,"comment_status":"open","ping_status":"closed","template":"","meta":[],"product_brand":[],"product_cat":[18],"product_tag":[],"class_list":{"0":"post-4393","1":"product","2":"type-product","3":"status-publish","4":"has-post-thumbnail","6":"product_cat-viata-crestina","8":"first","9":"instock","10":"shipping-taxable","11":"purchasable","12":"product-type-simple"},"_links":{"self":[{"href":"https:\/\/dev.sbro.ro\/index.php?rest_route=\/wp\/v2\/product\/4393","targetHints":{"allow":["GET"]}}],"collection":[{"href":"https:\/\/dev.sbro.ro\/index.php?rest_route=\/wp\/v2\/product"}],"about":[{"href":"https:\/\/dev.sbro.ro\/index.php?rest_route=\/wp\/v2\/types\/product"}],"replies":[{"embeddable":true,"href":"https:\/\/dev.sbro.ro\/index.php?rest_route=%2Fwp%2Fv2%2Fcomments&post=4393"}],"wp:featuredmedia":[{"embeddable":true,"href":"https:\/\/dev.sbro.ro\/index.php?rest_route=\/wp\/v2\/media\/9803"}],"wp:attachment":[{"href":"https:\/\/dev.sbro.ro\/index.php?rest_route=%2Fwp%2Fv2%2Fmedia&parent=4393"}],"wp:term":[{"taxonomy":"product_brand","embeddable":true,"href":"https:\/\/dev.sbro.ro\/index.php?rest_route=%2Fwp%2Fv2%2Fproduct_brand&post=4393"},{"taxonomy":"product_cat","embeddable":true,"href":"https:\/\/dev.sbro.ro\/index.php?rest_route=%2Fwp%2Fv2%2Fproduct_cat&post=4393"},{"taxonomy":"product_tag","embeddable":true,"href":"https:\/\/dev.sbro.ro\/index.php?rest_route=%2Fwp%2Fv2%2Fproduct_tag&post=4393"}],"curies":[{"name":"wp","href":"https:\/\/api.w.org\/{rel}","templated":true}]}}