{"id":4472,"date":"2026-04-21T09:10:01","date_gmt":"2026-04-21T09:10:01","guid":{"rendered":"https:\/\/dev.sbro.ro\/?product=cronicile-din-narnia-vi-jiltul-de-argint"},"modified":"2026-04-21T09:10:01","modified_gmt":"2026-04-21T09:10:01","slug":"cronicile-din-narnia-vi-jiltul-de-argint","status":"publish","type":"product","link":"https:\/\/dev.sbro.ro\/product\/cronicile-din-narnia-vi-jiltul-de-argint\/","title":{"rendered":"Cronicile din Narnia VI. Jil\u021bul de argint"},"content":{"rendered":"<p>Un nobil grup de prieteni, format din Jill, Eustace \u0219i Puddleglum, Omul-din-mla\u0219tini, este trimis de Aslan s\u0103-l salveze pe Rilian, Prin\u021bul Narniei disp\u0103rut. Ca s\u0103-i c\u0103l\u0103uzeasc\u0103, Aslan \u00eei d\u0103 lui Jill patru semne pe care trebuie s\u0103 le \u021bin\u0103 bine minte, \u00een ordinea \u00een care i-au fost date. \u00cen c\u0103utarea lor, cei trei au de \u00eenfruntat pericole groaznice \u0219i de str\u0103b\u0103tut pe\u0219teri ad\u00e2nci \u0219i \u00eentunecate. Dar misiunea lor \u00een \u021ainuturile Subp\u0103m\u00e2ntene \u00eei face s\u0103 \u00eenfrunte un r\u0103u mai seduc\u0103tor \u0219i mai mortal dec\u00e2t \u0219i-ar fi \u00eenchipuit vreodat\u0103.<\/p>\n","protected":false},"excerpt":{"rendered":"<p>Un nobil grup de prieteni, format din Jill, Eustace \u0219i Puddleglum, Omul-din-mla\u0219tini, este trimis de Aslan s\u0103-l salveze pe Rilian, Prin\u021bul Narniei disp\u0103rut. Ca s\u0103-i c\u0103l\u0103uzeasc\u0103, Aslan \u00eei d\u0103 lui Jill patru semne pe care trebuie s\u0103 le \u021bin\u0103 bine minte, \u00een ordinea \u00een care i-au fost date. \u00cen c\u0103utarea lor, cei trei au de [&hellip;]<\/p>\n","protected":false},"featured_media":9881,"comment_status":"open","ping_status":"closed","template":"","meta":[],"product_brand":[],"product_cat":[8,35],"product_tag":[],"class_list":{"0":"post-4472","1":"product","2":"type-product","3":"status-publish","4":"has-post-thumbnail","6":"product_cat-carti","7":"product_cat-copii","9":"first","10":"outofstock","11":"shipping-taxable","12":"purchasable","13":"product-type-simple"},"_links":{"self":[{"href":"https:\/\/dev.sbro.ro\/wp-json\/wp\/v2\/product\/4472","targetHints":{"allow":["GET"]}}],"collection":[{"href":"https:\/\/dev.sbro.ro\/wp-json\/wp\/v2\/product"}],"about":[{"href":"https:\/\/dev.sbro.ro\/wp-json\/wp\/v2\/types\/product"}],"replies":[{"embeddable":true,"href":"https:\/\/dev.sbro.ro\/wp-json\/wp\/v2\/comments?post=4472"}],"wp:featuredmedia":[{"embeddable":true,"href":"https:\/\/dev.sbro.ro\/wp-json\/wp\/v2\/media\/9881"}],"wp:attachment":[{"href":"https:\/\/dev.sbro.ro\/wp-json\/wp\/v2\/media?parent=4472"}],"wp:term":[{"taxonomy":"product_brand","embeddable":true,"href":"https:\/\/dev.sbro.ro\/wp-json\/wp\/v2\/product_brand?post=4472"},{"taxonomy":"product_cat","embeddable":true,"href":"https:\/\/dev.sbro.ro\/wp-json\/wp\/v2\/product_cat?post=4472"},{"taxonomy":"product_tag","embeddable":true,"href":"https:\/\/dev.sbro.ro\/wp-json\/wp\/v2\/product_tag?post=4472"}],"curies":[{"name":"wp","href":"https:\/\/api.w.org\/{rel}","templated":true}]}}