{"id":4529,"date":"2026-04-21T09:10:08","date_gmt":"2026-04-21T09:10:08","guid":{"rendered":"https:\/\/dev.sbro.ro\/?product=alfabetul-in-versuri"},"modified":"2026-04-21T09:10:08","modified_gmt":"2026-04-21T09:10:08","slug":"alfabetul-in-versuri","status":"publish","type":"product","link":"https:\/\/dev.sbro.ro\/product\/alfabetul-in-versuri\/","title":{"rendered":"Alfabetul \u00een versuri"},"content":{"rendered":"<p>Aceast\u0103 carte de colorat le ofer\u0103 copiilor c\u00e2te o imagine sugestiv\u0103 \u0219i c\u00e2te o strof\u0103-catren pentru fiecare liter\u0103 sau grup de litere din alfabetul rom\u00e2nesc.<\/p>\n","protected":false},"excerpt":{"rendered":"<p>Aceast\u0103 carte de colorat le ofer\u0103 copiilor c\u00e2te o imagine sugestiv\u0103 \u0219i c\u00e2te o strof\u0103-catren pentru fiecare liter\u0103 sau grup de litere din alfabetul rom\u00e2nesc.<\/p>\n","protected":false},"featured_media":9936,"comment_status":"open","ping_status":"closed","template":"","meta":[],"product_brand":[],"product_cat":[35,13],"product_tag":[],"class_list":{"0":"post-4529","1":"product","2":"type-product","3":"status-publish","4":"has-post-thumbnail","6":"product_cat-copii","7":"product_cat-familie","9":"first","10":"instock","11":"shipping-taxable","12":"purchasable","13":"product-type-simple"},"_links":{"self":[{"href":"https:\/\/dev.sbro.ro\/wp-json\/wp\/v2\/product\/4529","targetHints":{"allow":["GET"]}}],"collection":[{"href":"https:\/\/dev.sbro.ro\/wp-json\/wp\/v2\/product"}],"about":[{"href":"https:\/\/dev.sbro.ro\/wp-json\/wp\/v2\/types\/product"}],"replies":[{"embeddable":true,"href":"https:\/\/dev.sbro.ro\/wp-json\/wp\/v2\/comments?post=4529"}],"wp:featuredmedia":[{"embeddable":true,"href":"https:\/\/dev.sbro.ro\/wp-json\/wp\/v2\/media\/9936"}],"wp:attachment":[{"href":"https:\/\/dev.sbro.ro\/wp-json\/wp\/v2\/media?parent=4529"}],"wp:term":[{"taxonomy":"product_brand","embeddable":true,"href":"https:\/\/dev.sbro.ro\/wp-json\/wp\/v2\/product_brand?post=4529"},{"taxonomy":"product_cat","embeddable":true,"href":"https:\/\/dev.sbro.ro\/wp-json\/wp\/v2\/product_cat?post=4529"},{"taxonomy":"product_tag","embeddable":true,"href":"https:\/\/dev.sbro.ro\/wp-json\/wp\/v2\/product_tag?post=4529"}],"curies":[{"name":"wp","href":"https:\/\/api.w.org\/{rel}","templated":true}]}}