{"id":4543,"date":"2026-04-21T09:10:11","date_gmt":"2026-04-21T09:10:11","guid":{"rendered":"https:\/\/dev.sbro.ro\/?product=arca-lui-noe-2"},"modified":"2026-04-21T09:10:11","modified_gmt":"2026-04-21T09:10:11","slug":"arca-lui-noe-2","status":"publish","type":"product","link":"https:\/\/dev.sbro.ro\/product\/arca-lui-noe-2\/","title":{"rendered":"Arca lui Noe"},"content":{"rendered":"<p>Povestea potopului pus\u0103 \u00een cuvinte simple \u00eenso\u021bite de imagini viu colorate pentru a le reaminti celor mici de m\u0103re\u021bia \u0219i puterea lui Dumnezeu, dar \u0219i de mila \u0219i purtarea Sa de grij\u0103 \u00een orice genera\u021bie. Un memento puternic al faptului c\u0103 \u00een pofida m\u00e2niei Sale \u00eempotriva p\u0103catului, mila \u0219i dragostea Sa au g\u0103sit \u00eentotdeauna solu\u021bia r\u0103scump\u0103r\u0103toare.<\/p>\n","protected":false},"excerpt":{"rendered":"<p>Povestea potopului pus\u0103 \u00een cuvinte simple \u00eenso\u021bite de imagini viu colorate pentru a le reaminti celor mici de m\u0103re\u021bia \u0219i puterea lui Dumnezeu, dar \u0219i de mila \u0219i purtarea Sa de grij\u0103 \u00een orice genera\u021bie. Un memento puternic al faptului c\u0103 \u00een pofida m\u00e2niei Sale \u00eempotriva p\u0103catului, mila \u0219i dragostea Sa au g\u0103sit \u00eentotdeauna solu\u021bia [&hellip;]<\/p>\n","protected":false},"featured_media":9950,"comment_status":"open","ping_status":"closed","template":"","meta":[],"product_brand":[],"product_cat":[35,13],"product_tag":[],"class_list":{"0":"post-4543","1":"product","2":"type-product","3":"status-publish","4":"has-post-thumbnail","6":"product_cat-copii","7":"product_cat-familie","9":"first","10":"outofstock","11":"shipping-taxable","12":"purchasable","13":"product-type-simple"},"_links":{"self":[{"href":"https:\/\/dev.sbro.ro\/wp-json\/wp\/v2\/product\/4543","targetHints":{"allow":["GET"]}}],"collection":[{"href":"https:\/\/dev.sbro.ro\/wp-json\/wp\/v2\/product"}],"about":[{"href":"https:\/\/dev.sbro.ro\/wp-json\/wp\/v2\/types\/product"}],"replies":[{"embeddable":true,"href":"https:\/\/dev.sbro.ro\/wp-json\/wp\/v2\/comments?post=4543"}],"wp:featuredmedia":[{"embeddable":true,"href":"https:\/\/dev.sbro.ro\/wp-json\/wp\/v2\/media\/9950"}],"wp:attachment":[{"href":"https:\/\/dev.sbro.ro\/wp-json\/wp\/v2\/media?parent=4543"}],"wp:term":[{"taxonomy":"product_brand","embeddable":true,"href":"https:\/\/dev.sbro.ro\/wp-json\/wp\/v2\/product_brand?post=4543"},{"taxonomy":"product_cat","embeddable":true,"href":"https:\/\/dev.sbro.ro\/wp-json\/wp\/v2\/product_cat?post=4543"},{"taxonomy":"product_tag","embeddable":true,"href":"https:\/\/dev.sbro.ro\/wp-json\/wp\/v2\/product_tag?post=4543"}],"curies":[{"name":"wp","href":"https:\/\/api.w.org\/{rel}","templated":true}]}}