{"id":4633,"date":"2026-04-21T09:10:21","date_gmt":"2026-04-21T09:10:21","guid":{"rendered":"https:\/\/dev.sbro.ro\/?product=romani-planul-suveran-al-lui-dumnezeu-expunere-asupra-capitolului-9"},"modified":"2026-04-21T09:10:21","modified_gmt":"2026-04-21T09:10:21","slug":"romani-planul-suveran-al-lui-dumnezeu-expunere-asupra-capitolului-9","status":"publish","type":"product","link":"https:\/\/dev.sbro.ro\/product\/romani-planul-suveran-al-lui-dumnezeu-expunere-asupra-capitolului-9\/","title":{"rendered":"Romani &#8211; Planul suveran al lui Dumnezeu. Expunere asupra capitolului 9"},"content":{"rendered":"<p>\u00cen Planul suveran al lui Dumnezeu, dr. Lloyd-Jones \u00ee\u015fi continu\u0103 expunerea la cartea Romani cu o tratare minu\u0163ioas\u0103 a capitolului 9. \u00cen mod inevitabil, acesta va fi un volum spre care mul\u0163i cititori \u015fi recenzen\u021bi se vor \u00eendrepta cu \u00eentreb\u0103ri de tipul: \u201eCum a \u00een\u0163eles dr. Lloyd-Jones \u00eempietrirea lui Faraon?\u201d Ca medic de suflete, dr. Lloyd-Jones \u0219i-a recunoscut prea bine aceast\u0103 \u00eenclina\u0163ie devenit\u0103 obi\u0219nuit\u0103 spre interpretarea Scripturii \u00een lumina \u00eentreb\u0103rilor noastre \u015fi adesea, \u00een consecin\u0163\u0103, risc\u00e2nd s\u0103 piard\u0103 \u201eimaginea de ansamblu\u201d. El insist\u0103, prin urmare, ca ascult\u0103torii (\u015fi cititorii) lui s\u0103 urm\u0103reasc\u0103 de la \u00eenceput p\u00e2n\u0103 la sf\u00e2r\u015fit \u00eenv\u0103\u0163\u0103tura apostolului Pavel. \u00cen cursul expunerii descoperim cu adev\u0103rat \u201ece a \u00een\u0163eles dr. Lloyd-Jones&#8230;\u201d; el nu a evitat niciodat\u0103 lucrurile complexe sau \u00eentreb\u0103rile dificile. Dar mult mai important, Planul suveran al lui Dumnezeu va concentra aten\u0163ia fiec\u0103rui cititor la Dumnezeul Scripturii, \u00een a C\u0103rui prezen\u0163\u0103 \u00eentreb\u0103rile noastre despre Scriptur\u0103 sunt puse \u00een perspectiva adecvat\u0103. Aici, \u00eempreun\u0103 cu Augustin, \u00eel auzim pe dr. Lloyd-Jones invit\u00e2ndu-ne \u00een fa\u0163a suveranit\u0103\u0163ii maiestuoase a lui Dumnezeu la \u201esmerenie, smerenie, smerenie\u201d.<\/p>\n<p>Alte volume \u00een aceast\u0103 serie<br \/>\nRomani \u2013 Evanghelia lui Dumnezeu                              capitolul 1<br \/>\nRomani \u2013 Dreapta judecat\u0103 a lui Dumnezeu                  capitolele 2:1-3:20<br \/>\nRomani \u2013 Isp\u0103\u015firea \u015fi justificarea                                 capitolele 3:20-4:25<br \/>\nRomani \u2013 Siguran\u0163a m\u00e2ntuirii                                      capitolul 5<br \/>\nRomani \u2013 Omul nou                                                    capitolul 6<br \/>\nRomani \u2013 Legea: Func\u0163iile \u015fi limitele ei                         capitolele 7:1-8:4<br \/>\nRomani \u2013 Fiii lui Dumnezeu                                         capitolul 8:5-17<br \/>\nRomani \u2013 Perseverarea sfin\u021bilor p\u00e2n\u0103 la cap\u0103t               capitolul 8:17-39<\/p>\n","protected":false},"excerpt":{"rendered":"<p>\u00cen Planul suveran al lui Dumnezeu, dr. Lloyd-Jones \u00ee\u015fi continu\u0103 expunerea la cartea Romani cu o tratare minu\u0163ioas\u0103 a capitolului 9. \u00cen mod inevitabil, acesta va fi un volum spre care mul\u0163i cititori \u015fi recenzen\u021bi se vor \u00eendrepta cu \u00eentreb\u0103ri de tipul: \u201eCum a \u00een\u0163eles dr. Lloyd-Jones \u00eempietrirea lui Faraon?\u201d Ca medic de suflete, dr. [&hellip;]<\/p>\n","protected":false},"featured_media":10039,"comment_status":"open","ping_status":"closed","template":"","meta":[],"product_brand":[],"product_cat":[40],"product_tag":[],"class_list":{"0":"post-4633","1":"product","2":"type-product","3":"status-publish","4":"has-post-thumbnail","6":"product_cat-studiu-biblic","8":"first","9":"instock","10":"shipping-taxable","11":"purchasable","12":"product-type-simple"},"_links":{"self":[{"href":"https:\/\/dev.sbro.ro\/wp-json\/wp\/v2\/product\/4633","targetHints":{"allow":["GET"]}}],"collection":[{"href":"https:\/\/dev.sbro.ro\/wp-json\/wp\/v2\/product"}],"about":[{"href":"https:\/\/dev.sbro.ro\/wp-json\/wp\/v2\/types\/product"}],"replies":[{"embeddable":true,"href":"https:\/\/dev.sbro.ro\/wp-json\/wp\/v2\/comments?post=4633"}],"wp:featuredmedia":[{"embeddable":true,"href":"https:\/\/dev.sbro.ro\/wp-json\/wp\/v2\/media\/10039"}],"wp:attachment":[{"href":"https:\/\/dev.sbro.ro\/wp-json\/wp\/v2\/media?parent=4633"}],"wp:term":[{"taxonomy":"product_brand","embeddable":true,"href":"https:\/\/dev.sbro.ro\/wp-json\/wp\/v2\/product_brand?post=4633"},{"taxonomy":"product_cat","embeddable":true,"href":"https:\/\/dev.sbro.ro\/wp-json\/wp\/v2\/product_cat?post=4633"},{"taxonomy":"product_tag","embeddable":true,"href":"https:\/\/dev.sbro.ro\/wp-json\/wp\/v2\/product_tag?post=4633"}],"curies":[{"name":"wp","href":"https:\/\/api.w.org\/{rel}","templated":true}]}}