{"id":4739,"date":"2026-04-21T09:10:33","date_gmt":"2026-04-21T09:10:33","guid":{"rendered":"https:\/\/dev.sbro.ro\/?product=cand-iubirea-imi-iese-in-cale"},"modified":"2026-04-21T09:10:33","modified_gmt":"2026-04-21T09:10:33","slug":"cand-iubirea-imi-iese-in-cale","status":"publish","type":"product","link":"https:\/\/dev.sbro.ro\/product\/cand-iubirea-imi-iese-in-cale\/","title":{"rendered":"Cand iubirea imi iese in cale"},"content":{"rendered":"<p>Cand gasesti iubirea pentru care merita sa lupti\u2026<\/p>\n<p>Michigan, 1873 \u2013 Cand Tess Wakefield se trezeste dupa un accident de caruta \u00eengrozitor, afla ca si-a pierdut memoria. In perioada de convalescenta, \u00eesi pierde si inima, pe care i-o rapeste chipesul padurar si maistru al taberei de cherestea, Jake Lannigan. Dar nu totul decurge lin.<br \/>\nJake banuieste cine este femeia care sufera de amnezie: mostenitoarea rasfatata a afacerii Wakefield Cherestea! El crede ca accidentul \u00eei ofera sansa de a-i arata lui Tess ca are datoria sa replanteze copacii, nu sa investeasca mostenirea \u00een deschiderea altor buticuri fandosite de moda.<br \/>\nPe masura ce Tess se obisnuieste cu viata \u00een tabara, Jake descopera primul licar al unei iubiri tot mai mari. El vrea sa \u00eei spuna adevarul, dar, pana sa faca lucrul acesta, identitatea ei este dezvaluita si amandoi gasesc ca simtamintele lor nu sunt cele mai potrivite. Va interveni Dumnezeu ca sa le arate celor doi \u00eendaratnici ca doar El, \u00een \u00eentelepciunea Sa, le poate uni vreodata vietile?<\/p>\n","protected":false},"excerpt":{"rendered":"<p>Cand gasesti iubirea pentru care merita sa lupti\u2026 Michigan, 1873 \u2013 Cand Tess Wakefield se trezeste dupa un accident de caruta \u00eengrozitor, afla ca si-a pierdut memoria. In perioada de convalescenta, \u00eesi pierde si inima, pe care i-o rapeste chipesul padurar si maistru al taberei de cherestea, Jake Lannigan. Dar nu totul decurge lin. Jake [&hellip;]<\/p>\n","protected":false},"featured_media":10143,"comment_status":"open","ping_status":"closed","template":"","meta":[],"product_brand":[],"product_cat":[31],"product_tag":[],"class_list":{"0":"post-4739","1":"product","2":"type-product","3":"status-publish","4":"has-post-thumbnail","6":"product_cat-romane","8":"first","9":"instock","10":"shipping-taxable","11":"purchasable","12":"product-type-simple"},"_links":{"self":[{"href":"https:\/\/dev.sbro.ro\/wp-json\/wp\/v2\/product\/4739","targetHints":{"allow":["GET"]}}],"collection":[{"href":"https:\/\/dev.sbro.ro\/wp-json\/wp\/v2\/product"}],"about":[{"href":"https:\/\/dev.sbro.ro\/wp-json\/wp\/v2\/types\/product"}],"replies":[{"embeddable":true,"href":"https:\/\/dev.sbro.ro\/wp-json\/wp\/v2\/comments?post=4739"}],"wp:featuredmedia":[{"embeddable":true,"href":"https:\/\/dev.sbro.ro\/wp-json\/wp\/v2\/media\/10143"}],"wp:attachment":[{"href":"https:\/\/dev.sbro.ro\/wp-json\/wp\/v2\/media?parent=4739"}],"wp:term":[{"taxonomy":"product_brand","embeddable":true,"href":"https:\/\/dev.sbro.ro\/wp-json\/wp\/v2\/product_brand?post=4739"},{"taxonomy":"product_cat","embeddable":true,"href":"https:\/\/dev.sbro.ro\/wp-json\/wp\/v2\/product_cat?post=4739"},{"taxonomy":"product_tag","embeddable":true,"href":"https:\/\/dev.sbro.ro\/wp-json\/wp\/v2\/product_tag?post=4739"}],"curies":[{"name":"wp","href":"https:\/\/api.w.org\/{rel}","templated":true}]}}