{"id":4814,"date":"2026-04-21T09:10:43","date_gmt":"2026-04-21T09:10:43","guid":{"rendered":"https:\/\/dev.sbro.ro\/?product=pomul-comorii"},"modified":"2026-04-21T09:10:43","modified_gmt":"2026-04-21T09:10:43","slug":"pomul-comorii","status":"publish","type":"product","link":"https:\/\/dev.sbro.ro\/product\/pomul-comorii\/","title":{"rendered":"Pomul comorii"},"content":{"rendered":"<p>V\u0103 invit\u0103m la o aventur\u0103 al\u0103turi de patru animale care \u00eentruchipeaz\u0103 cele patru tipuri principale de personalitate: leul, conduc\u0103torul \u00eenn\u0103scut, care preia conducerea \u00een orice \u00eemprejurare \u0219i salveaz\u0103 situa\u021bia (de cele mai multe ori), castorul, perfec\u021bionistul care face totul cu timp dar de calitate, foca, av\u00e2nd drept motto al vie\u021bii: \u201es\u0103 ne sim\u021bim bine\u201c \u0219i care \u00eei molipse\u0219te pe to\u021bi prin optimismul ei \u0219i, \u00een fine, c\u00e2inele, recunoscut pentru loialitatea sa neclintit\u0103 \u0219i sensibilitate la nevoile altora. Aventura se \u00eencheie cu bine, dar premiul cel mai mare a fost s\u0103 lucreze \u00eempreun\u0103 \u0219i s\u0103 \u00eenve\u021be s\u0103 foloseasc\u0103 aptitudinile \u00eenn\u0103scute. De asemenea, cartea are un omolog pentru lumea adul\u021bilor (de fapt pentru \u201ejungla lor\u201c), Cele dou\u0103 fe\u021be ale dragostei, care abordeaz\u0103 aceste patru tipuri de personalitate la nivelul adul\u021bilor, teza c\u0103r\u021bii fiind c\u0103 dragostea autentic\u0103 are dou\u0103 fe\u021be, una tandr\u0103 \u0219i una ferm\u0103. V\u0103 l\u0103s\u0103m s\u0103 descoperi\u021bi cum se \u00eemparte cele patru animale \u00een aceste dou\u0103 direc\u021bii. autori John &amp; Cindy Trent, Gary &amp; Norma Smalley ilustra\u021bii Judy Love<\/p>\n","protected":false},"excerpt":{"rendered":"<p>V\u0103 invit\u0103m la o aventur\u0103 al\u0103turi de patru animale care \u00eentruchipeaz\u0103 cele patru tipuri principale de personalitate: leul, conduc\u0103torul \u00eenn\u0103scut, care preia conducerea \u00een orice \u00eemprejurare \u0219i salveaz\u0103 situa\u021bia (de cele mai multe ori), castorul, perfec\u021bionistul care face totul cu timp dar de calitate, foca, av\u00e2nd drept motto al vie\u021bii: \u201es\u0103 ne sim\u021bim bine\u201c \u0219i [&hellip;]<\/p>\n","protected":false},"featured_media":10217,"comment_status":"open","ping_status":"closed","template":"","meta":[],"product_brand":[],"product_cat":[8,35],"product_tag":[],"class_list":{"0":"post-4814","1":"product","2":"type-product","3":"status-publish","4":"has-post-thumbnail","6":"product_cat-carti","7":"product_cat-copii","9":"first","10":"outofstock","11":"shipping-taxable","12":"purchasable","13":"product-type-simple"},"_links":{"self":[{"href":"https:\/\/dev.sbro.ro\/wp-json\/wp\/v2\/product\/4814","targetHints":{"allow":["GET"]}}],"collection":[{"href":"https:\/\/dev.sbro.ro\/wp-json\/wp\/v2\/product"}],"about":[{"href":"https:\/\/dev.sbro.ro\/wp-json\/wp\/v2\/types\/product"}],"replies":[{"embeddable":true,"href":"https:\/\/dev.sbro.ro\/wp-json\/wp\/v2\/comments?post=4814"}],"wp:featuredmedia":[{"embeddable":true,"href":"https:\/\/dev.sbro.ro\/wp-json\/wp\/v2\/media\/10217"}],"wp:attachment":[{"href":"https:\/\/dev.sbro.ro\/wp-json\/wp\/v2\/media?parent=4814"}],"wp:term":[{"taxonomy":"product_brand","embeddable":true,"href":"https:\/\/dev.sbro.ro\/wp-json\/wp\/v2\/product_brand?post=4814"},{"taxonomy":"product_cat","embeddable":true,"href":"https:\/\/dev.sbro.ro\/wp-json\/wp\/v2\/product_cat?post=4814"},{"taxonomy":"product_tag","embeddable":true,"href":"https:\/\/dev.sbro.ro\/wp-json\/wp\/v2\/product_tag?post=4814"}],"curies":[{"name":"wp","href":"https:\/\/api.w.org\/{rel}","templated":true}]}}