{"id":4850,"date":"2026-04-21T09:10:47","date_gmt":"2026-04-21T09:10:47","guid":{"rendered":"https:\/\/dev.sbro.ro\/?product=chemare-periculoasa-confruntarea-provocarilor-unice-ale-lucrarii-pastorale"},"modified":"2026-04-21T09:10:47","modified_gmt":"2026-04-21T09:10:47","slug":"chemare-periculoasa-confruntarea-provocarilor-unice-ale-lucrarii-pastorale","status":"publish","type":"product","link":"https:\/\/dev.sbro.ro\/product\/chemare-periculoasa-confruntarea-provocarilor-unice-ale-lucrarii-pastorale\/","title":{"rendered":"Chemare periculoas\u0103. Confruntarea provoc\u0103rilor unice ale lucr\u0103rii pastorale"},"content":{"rendered":"<p>C\u0103tre pastori \u0219i profesori, seminari\u0219ti \u0219i studen\u021bi, lideri de biseric\u0103 \u0219i enoria\u0219i \u2013 c\u0103tre oricine \u00ee\u0219i ia \u00een serios rolul ce \u00eei revine \u00een protejarea lucr\u0103rii de pastorat!<\/p>\n<p>\u201eDac\u0103 e\u0219ti \u00een lucrare, ar trebui s\u0103 cite\u0219ti cartea aceasta. Este o carte care te taie la inim\u0103 \u0219i te arat\u0103 vinovat, dar care \u00ee\u021bi \u0219i pune la \u00eendem\u00e2n\u0103 remedii biblice pentru vindecare. Mi-ar pl\u0103cea s\u0103 o pun \u00een m\u00e2inile fiec\u0103rui seminarist din campusul pe care \u00eel conduc.\u201c<\/p>\n<p>&#8212; DANIEL L. AKIN, pre\u0219edinte, Southeastern Baptist Theological Seminary<\/p>\n<p>\u201eTripp \u00aba comis-o\u00bb din nou. Cu o \u00een\u021belegere p\u0103trunz\u0103toare \u0219i un realism robust, el arunc\u0103 o privire cuprinz\u0103toare asupra provoc\u0103rilor care sunt unice pentru lucrarea pastoral\u0103, sau intensificate de aceasta. Centrat\u0103 pe Evanghelie \u0219i saturat\u0103 de har p\u00e2n\u0103 la miez, Chemare periculoas\u0103 este o lectur\u0103 obligatorie.\u201c<\/p>\n<p>&#8212; TULLIAN TCHIVIDJIAN, autor, Jesus + Nothing = Everything<\/p>\n<p>\u201eDac\u0103 aceast\u0103 carte ar fi o predic\u0103, ar fi cea mai consistent\u0103 \u0219i \u00eenvior\u0103toare predic\u0103 pe care a\u021bi avea vreodat\u0103 nevoie s-o auzi\u021bi. Speran\u021ba mea este s\u0103 fie tradus\u0103 \u00een c\u00e2t mai multe limbi, s\u0103 devin\u0103 o lectur\u0103 obligatorie \u00een seminarii \u0219i s\u0103 ajung\u0103 la cre\u0219tinii de pretutindeni.\u201c<\/p>\n<p>&#8212; BURK PARSONS, pastor, Saint Andrew\u2019s Chapel, Sanford, Florida<\/p>\n<p>\u201ePrin cartea aceasta, prietenul meu Paul Tripp aprinde lumina reflectorului Cuv\u00e2ntului lui Dumnezeu \u00een inima oric\u0103rui pastor. Fie c\u0103 e\u0219ti \u00een lucrare de dou\u0103zeci de minute sau de dou\u0103zeci de ani, \u021bi-o recomand \u2013 fii preg\u0103tit pentru schimbarea pe care Dumnezeu o va face \u00een inima, via\u021ba \u0219i lucrarea ta.\u201c<\/p>\n<p>&#8212; JAMES MACDONALD, pastor, Harvest Bible Chapel; autor, Vertical Church<\/p>\n<p>\u201eExist\u0103 \u00een zilele de azi o for\u021b\u0103 \u00eentunecat\u0103 \u0219i distructiv\u0103 care lucreaz\u0103 \u00eempotriva pastorilor. Cu mult\u0103 \u00een\u021belepciune, dar \u0219i cu fermitate, Chemare periculoas\u0103 a lui Tripp predic\u0103 Evanghelia harului oamenilor care predic\u0103 Evanghelia duminic\u0103 de duminic\u0103 tuturor, dar nu \u0219i lor \u00een\u0219i\u0219i.\u201c<\/p>\n<p>&#8212; ERIC C. REDMOND, pastor \u0219i profesor de teologie, New Canaan Baptist Church<\/p>\n<p>\u201ePu\u021bini ar privi slujba de pastor ca pe o chemare periculoas\u0103, dar pu\u021bini sunt \u0219i la fel de califica\u021bi \u0219i profunzi ca Paul Tripp s\u0103 dezv\u0103luie capcanele poten\u021biale asociate cu lucrarea pastoral\u0103. Acest excelent volum ar trebui citit, recitit \u0219i aplicat.\u201c <\/p>\n<p>&#8212; TERRY VIRGO, fondator, Newfrontiers<\/p>\n<p>CUPRINS<\/p>\n<p>Introducere<br \/>\nPARTEA I<br \/>\nO EXAMINARE A CULTURII PASTORALE<br \/>\n1. \u00cendreptat spre dezastru<br \/>\n2. Din nou \u0219i din nou<br \/>\n3. Creiere teologice mari \u0219i inimi bolnave<br \/>\n4. Mai mult dec\u00e2t cuno\u0219tin\u021be \u0219i competen\u021be<br \/>\n5. \u00cencheieturi \u0219i ligamente<br \/>\n6. Comunitate absent\u0103<br \/>\n7. Zone de r\u0103zboi                            <\/p>\n<p>PARTEA a II-a<br \/>\nPERICOLUL DE A-\u021aI PIERDE VENERA\u021aIA (S\u0102 UI\u021aI CINE ESTE DUMNEZEU)<br \/>\n8. Obi\u0219nuin\u021b\u0103<br \/>\n9. Secrete murdare<br \/>\n10. Mediocritate<br \/>\n11. \u00centre deja \u0219i nu \u00eenc\u0103                          <\/p>\n<p>PARTEA a III-a<br \/>\nPERICOLUL ATINGERII SUCCESULUI (S\u0102 UI\u021aI CINE E\u0218TI TU)<br \/>\n12. Autoglorificare<br \/>\n13. Preg\u0103tire continu\u0103<br \/>\n14. Separare<br \/>\n15. Ce urmeaz\u0103 acum?                          <\/p>\n","protected":false},"excerpt":{"rendered":"<p>C\u0103tre pastori \u0219i profesori, seminari\u0219ti \u0219i studen\u021bi, lideri de biseric\u0103 \u0219i enoria\u0219i \u2013 c\u0103tre oricine \u00ee\u0219i ia \u00een serios rolul ce \u00eei revine \u00een protejarea lucr\u0103rii de pastorat! \u201eDac\u0103 e\u0219ti \u00een lucrare, ar trebui s\u0103 cite\u0219ti cartea aceasta. Este o carte care te taie la inim\u0103 \u0219i te arat\u0103 vinovat, dar care \u00ee\u021bi \u0219i pune [&hellip;]<\/p>\n","protected":false},"featured_media":10253,"comment_status":"open","ping_status":"closed","template":"","meta":[],"product_brand":[],"product_cat":[54],"product_tag":[],"class_list":{"0":"post-4850","1":"product","2":"type-product","3":"status-publish","4":"has-post-thumbnail","6":"product_cat-pastorale","8":"first","9":"instock","10":"shipping-taxable","11":"purchasable","12":"product-type-simple"},"_links":{"self":[{"href":"https:\/\/dev.sbro.ro\/wp-json\/wp\/v2\/product\/4850","targetHints":{"allow":["GET"]}}],"collection":[{"href":"https:\/\/dev.sbro.ro\/wp-json\/wp\/v2\/product"}],"about":[{"href":"https:\/\/dev.sbro.ro\/wp-json\/wp\/v2\/types\/product"}],"replies":[{"embeddable":true,"href":"https:\/\/dev.sbro.ro\/wp-json\/wp\/v2\/comments?post=4850"}],"wp:featuredmedia":[{"embeddable":true,"href":"https:\/\/dev.sbro.ro\/wp-json\/wp\/v2\/media\/10253"}],"wp:attachment":[{"href":"https:\/\/dev.sbro.ro\/wp-json\/wp\/v2\/media?parent=4850"}],"wp:term":[{"taxonomy":"product_brand","embeddable":true,"href":"https:\/\/dev.sbro.ro\/wp-json\/wp\/v2\/product_brand?post=4850"},{"taxonomy":"product_cat","embeddable":true,"href":"https:\/\/dev.sbro.ro\/wp-json\/wp\/v2\/product_cat?post=4850"},{"taxonomy":"product_tag","embeddable":true,"href":"https:\/\/dev.sbro.ro\/wp-json\/wp\/v2\/product_tag?post=4850"}],"curies":[{"name":"wp","href":"https:\/\/api.w.org\/{rel}","templated":true}]}}