{"id":5069,"date":"2026-04-21T09:11:13","date_gmt":"2026-04-21T09:11:13","guid":{"rendered":"https:\/\/dev.sbro.ro\/?product=actiunile-divine"},"modified":"2026-04-21T09:11:13","modified_gmt":"2026-04-21T09:11:13","slug":"actiunile-divine","status":"publish","type":"product","link":"https:\/\/dev.sbro.ro\/?product=actiunile-divine","title":{"rendered":"Ac\u0163iunile divine"},"content":{"rendered":"<p>Cartea <em>Ac\u0163iunile divine<\/em> este rezultatul unui studiu atent al Scripturii pornit dintr-o dorin\u0163\u0103 profund\u0103 dup\u0103 revela\u0163ie \u015fi relevan\u0163\u0103. Autorul pleac\u0103 de la c&acirc;teva expresii biblice care atrag aten\u0163ia \u015fi printr-un efort analitic ajunge s\u0103 pun\u0103 probleme \u015fi &icirc;ntreb\u0103ri teologice cruciale pentru Biserica de azi cu privire la modul &icirc;n care Dumnezeu a ac\u0163ionat \u015fi ac\u0163ioneaz\u0103 &icirc;n lume. Ac\u0163iunile lui Dumnezeu sunt &icirc;n\u0163elese numai &icirc;n lumina telosului lui Dumnezeu, adic\u0103 prin &icirc;n\u0163elegerea faptului c\u0103 toate lucrurile sunt orientate inten\u0163ionat c\u0103tre ve\u015fnicie. Marile instrumente ale ac\u0163iunilor divine, pe care autorul le identific\u0103 \u015fi le explic\u0103 sunt: Cuv&acirc;ntul, Lumina \u015fi Duhul. Instrumentele ac\u0163iunilor divine sunt \u015fi instrumentele majore ale ac\u0163iunilor omului. Cartea are un mesaj simplu \u015fi practic: trebuie s\u0103 urm\u0103m modelul divin pentru a da sens \u015fi eficien\u0163\u0103 ac\u0163iunilor noastre. Fii deschis unei noi perspective provocatoare \u015fi pline de speran\u0163\u0103.<\/p>\n","protected":false},"excerpt":{"rendered":"<p>Cartea Ac\u0163iunile divine este rezultatul unui studiu atent al Scripturii pornit dintr-o dorin\u0163\u0103 profund\u0103 dup\u0103 revela\u0163ie \u015fi relevan\u0163\u0103. Autorul pleac\u0103 de la c&acirc;teva expresii biblice care atrag aten\u0163ia \u015fi printr-un efort analitic ajunge s\u0103 pun\u0103 probleme \u015fi &icirc;ntreb\u0103ri teologice cruciale pentru Biserica de azi cu privire la modul &icirc;n care Dumnezeu a ac\u0163ionat \u015fi ac\u0163ioneaz\u0103 [&hellip;]<\/p>\n","protected":false},"featured_media":10472,"comment_status":"open","ping_status":"closed","template":"","meta":[],"product_brand":[],"product_cat":[40],"product_tag":[],"class_list":{"0":"post-5069","1":"product","2":"type-product","3":"status-publish","4":"has-post-thumbnail","6":"product_cat-studiu-biblic","8":"first","9":"instock","10":"shipping-taxable","11":"purchasable","12":"product-type-simple"},"_links":{"self":[{"href":"https:\/\/dev.sbro.ro\/index.php?rest_route=\/wp\/v2\/product\/5069","targetHints":{"allow":["GET"]}}],"collection":[{"href":"https:\/\/dev.sbro.ro\/index.php?rest_route=\/wp\/v2\/product"}],"about":[{"href":"https:\/\/dev.sbro.ro\/index.php?rest_route=\/wp\/v2\/types\/product"}],"replies":[{"embeddable":true,"href":"https:\/\/dev.sbro.ro\/index.php?rest_route=%2Fwp%2Fv2%2Fcomments&post=5069"}],"wp:featuredmedia":[{"embeddable":true,"href":"https:\/\/dev.sbro.ro\/index.php?rest_route=\/wp\/v2\/media\/10472"}],"wp:attachment":[{"href":"https:\/\/dev.sbro.ro\/index.php?rest_route=%2Fwp%2Fv2%2Fmedia&parent=5069"}],"wp:term":[{"taxonomy":"product_brand","embeddable":true,"href":"https:\/\/dev.sbro.ro\/index.php?rest_route=%2Fwp%2Fv2%2Fproduct_brand&post=5069"},{"taxonomy":"product_cat","embeddable":true,"href":"https:\/\/dev.sbro.ro\/index.php?rest_route=%2Fwp%2Fv2%2Fproduct_cat&post=5069"},{"taxonomy":"product_tag","embeddable":true,"href":"https:\/\/dev.sbro.ro\/index.php?rest_route=%2Fwp%2Fv2%2Fproduct_tag&post=5069"}],"curies":[{"name":"wp","href":"https:\/\/api.w.org\/{rel}","templated":true}]}}