{"id":5078,"date":"2026-04-21T09:11:14","date_gmt":"2026-04-21T09:11:14","guid":{"rendered":"https:\/\/dev.sbro.ro\/?product=credinta-publica-cum-trebuie-crestinii-sa-slujeasca-binele-comun"},"modified":"2026-04-21T09:11:14","modified_gmt":"2026-04-21T09:11:14","slug":"credinta-publica-cum-trebuie-crestinii-sa-slujeasca-binele-comun","status":"publish","type":"product","link":"https:\/\/dev.sbro.ro\/product\/credinta-publica-cum-trebuie-crestinii-sa-slujeasca-binele-comun\/","title":{"rendered":"Credin\u0163\u0103 public\u0103: cum trebuie cre\u015ftinii s\u0103 slujeasc\u0103 binele comun"},"content":{"rendered":"<p style=\"text-align: justify;\">Care este locul credin\u021bei cre\u0219tine &icirc;n secolul XXI? Pentru Miroslav Volf, credin\u021ba trebuie s\u0103 se manifeste public, &icirc;n mod ne&icirc;ngr\u0103dit. Dup\u0103 modelul ilustrat de Moise la Sinai, cre\u0219tinismul presupune ascensiunea (&icirc;nt&acirc;lnirea cu Dumnezeu) \u0219i respectiv revenirea (manifestarea mesajului primit). Cartea lui Volf este o pledoarie pentru importan\u021ba aparte pe care o are credin\u021ba &icirc;n spa\u021biul public. <\/p>\n<p style=\"text-align: justify;\">\n<p style=\"text-align: justify;\"><em>Utilitatea acestei apari\u021bii pentru cititorii rom&acirc;ni &ndash; evanghelici sau de alt\u0103 culoare confesional\u0103 &ndash; se poate sus\u021bine cu mai multe (tipuri de) argumente. &Icirc;nt&acirc;i de toate, e scris\u0103 pentru un public larg, distil&acirc;nd &icirc;ntr-un stil accesibil un amplu material de specialitate din mai multe domenii ale cunoa\u0219terii (teologie, filosofie, sociologie, studii religioase etc.). &Icirc;n al doilea r&acirc;nd, ofer\u0103 un instrumentar de baz\u0103 oricui vrea s\u0103-\u0219i fixeze ni\u0219te repere pentru interac\u021biunea religiei cre\u0219tine cu societatea \u0219i cultura &icirc;n mijlocul c\u0103reia tr\u0103im. De asemenea, furnizeaz\u0103 o temelie solid\u0103 pentru legitimitatea prezen\u021bei cre\u0219tine &icirc;n spa\u021biul public. &Icirc;n plus, abordarea propus\u0103 de Volf semnaleaz\u0103 mai multe pericole care &icirc;nso\u021besc dinamica credin\u021bei cre\u0219tine, cu un accent mai puternic pe rela\u021bia cu lumea din afara comunit\u0103\u021bilor ecleziale \u0219i a zidurilor bisericii. Dar cel mai important c&acirc;\u0219tig ar putea fi c\u0103 ofer\u0103 un punct de sprijin consistent pentru o dezbatere absolut necesar\u0103 cu privire la strategiile alese pentru prezen\u021ba public\u0103 a cre\u0219tinilor &icirc;n Rom&acirc;nia. <\/em><\/p>\n<p style=\"text-align: right;\"><em>Teofil Stanciu, teolog, redactor-\u0219ef al revistei Convergen\u021be <\/em><\/p>\n<p style=\"text-align: justify;\">\n<p style=\"text-align: justify;\"><em>Un adev\u0103rat izvor de &icirc;n\u021belepciune pentru cre\u0219tinul contemporan, cartea Credin\u021b\u0103 public\u0103 este probabil cea mai semnificativ\u0103 contribu\u021bie la dezbaterea cu privire la locul credin\u021bei cre\u0219tine &icirc;n societate de la Richard Niebuhr &icirc;ncoace. &Icirc;n stilul lui caracteristic antrenant \u0219i cu mult\u0103 claritate, Miroslav Volf ofer\u0103 o paradigm\u0103 pentru m\u0103rturia cre\u0219tin\u0103 &icirc;ntr-o lume pluralist\u0103 \u0219i posibilitatea angajamentului politic al credincio\u0219ilor pentru a sluji binele comun. <\/em><\/p>\n<p style=\"text-align: right;\"><em>Marcel M\u0103celaru, profesor de teologie, Universitatea Aurel Vlaicu, Arad <\/em><\/p>\n<p style=\"text-align: justify;\">\n<p style=\"text-align: justify;\"><em>Dup\u0103 clasicul volum al lui Richard Niebuhr, Cristos \u0219i cultura, editura Casa C\u0103r\u021bii ne propune o nou\u0103 abordare a rela\u021biei dintre credin\u021b\u0103 \u0219i cultur\u0103, de data aceasta venit\u0103 de la un autor cre\u0219tin contemporan, inovator \u0219i prolific. Cartea lui Miroslav Volf, de\u0219i apare ca un demers teoretic, &icirc;\u0219i invit\u0103 cititorii cre\u0219tini s\u0103-\u0219i recupereze mai &icirc;nt&acirc;i identitatea profetic\u0103 &icirc;n spa\u021biul public, ca, mai apoi, s\u0103-\u0219i poat\u0103 angaja practic \u0219i creativ credin\u021ba &icirc;n interac\u021biunea cu varietatea culturilor &icirc;n care ace\u0219tia tr\u0103iesc. Credin\u021b\u0103 public\u0103 este un efort &icirc;ndr\u0103zne\u021b de a \u021bine &icirc;n echilibru exclusivismul religios \u0219i pluralismul public, evit&acirc;ndu-se astfel marginalizarea credin\u021bei din discursul public sau apari\u021bia totalitarismului religios. <\/em><\/p>\n<p style=\"text-align: right;\"><em>Emil Barto\u0219, profesor de teologie, Universitatea din Bucure\u0219ti<\/em><\/p>\n","protected":false},"excerpt":{"rendered":"<p>Care este locul credin\u021bei cre\u0219tine &icirc;n secolul XXI? Pentru Miroslav Volf, credin\u021ba trebuie s\u0103 se manifeste public, &icirc;n mod ne&icirc;ngr\u0103dit. Dup\u0103 modelul ilustrat de Moise la Sinai, cre\u0219tinismul presupune ascensiunea (&icirc;nt&acirc;lnirea cu Dumnezeu) \u0219i respectiv revenirea (manifestarea mesajului primit). Cartea lui Volf este o pledoarie pentru importan\u021ba aparte pe care o are credin\u021ba &icirc;n spa\u021biul [&hellip;]<\/p>\n","protected":false},"featured_media":10481,"comment_status":"open","ping_status":"closed","template":"","meta":[],"product_brand":[],"product_cat":[40],"product_tag":[],"class_list":{"0":"post-5078","1":"product","2":"type-product","3":"status-publish","4":"has-post-thumbnail","6":"product_cat-studiu-biblic","8":"first","9":"instock","10":"shipping-taxable","11":"purchasable","12":"product-type-simple"},"_links":{"self":[{"href":"https:\/\/dev.sbro.ro\/wp-json\/wp\/v2\/product\/5078","targetHints":{"allow":["GET"]}}],"collection":[{"href":"https:\/\/dev.sbro.ro\/wp-json\/wp\/v2\/product"}],"about":[{"href":"https:\/\/dev.sbro.ro\/wp-json\/wp\/v2\/types\/product"}],"replies":[{"embeddable":true,"href":"https:\/\/dev.sbro.ro\/wp-json\/wp\/v2\/comments?post=5078"}],"wp:featuredmedia":[{"embeddable":true,"href":"https:\/\/dev.sbro.ro\/wp-json\/wp\/v2\/media\/10481"}],"wp:attachment":[{"href":"https:\/\/dev.sbro.ro\/wp-json\/wp\/v2\/media?parent=5078"}],"wp:term":[{"taxonomy":"product_brand","embeddable":true,"href":"https:\/\/dev.sbro.ro\/wp-json\/wp\/v2\/product_brand?post=5078"},{"taxonomy":"product_cat","embeddable":true,"href":"https:\/\/dev.sbro.ro\/wp-json\/wp\/v2\/product_cat?post=5078"},{"taxonomy":"product_tag","embeddable":true,"href":"https:\/\/dev.sbro.ro\/wp-json\/wp\/v2\/product_tag?post=5078"}],"curies":[{"name":"wp","href":"https:\/\/api.w.org\/{rel}","templated":true}]}}