{"id":5106,"date":"2026-04-21T09:11:18","date_gmt":"2026-04-21T09:11:18","guid":{"rendered":"https:\/\/dev.sbro.ro\/?product=joc-cartea-lui-marcu"},"modified":"2026-04-21T09:11:18","modified_gmt":"2026-04-21T09:11:18","slug":"joc-cartea-lui-marcu","status":"publish","type":"product","link":"https:\/\/dev.sbro.ro\/product\/joc-cartea-lui-marcu\/","title":{"rendered":"Joc &#8211; Cartea lui Marcu"},"content":{"rendered":"<p>Cartea lui Marcu este un joc cu peste cinci sute de \u00eentreb\u0103ri \u0219i r\u0103spunsuri, exclusiv din Evanghelia lui Marcu, \u00eemp\u0103r\u021bite astfel: adev\u0103rat\/ fals, \u00eentreb\u0103ri tip gril\u0103, \u00eentreb\u0103ri tip completeaz\u0103, sau r\u0103spunde, \u0219i asocieri. C\u0103l\u0103tore\u0219ti pe un traseu parcurs c\u00e2ndva de M\u00e2ntuitorul, locurile str\u0103b\u0103tute \u00een misiunea Sa prin Galileea. Traseul \u00ee\u021bi ofer\u0103 11 popasuri cu provoc\u0103ri. Jocul este un ajutor excelent \u00een preg\u0103tirea \u0219i evaluarea pentru concursul na\u021bional, Talantul \u00een Nego\u021b \u2013 2022 Obiectivele jocului: * Testeaz\u0103 \u0219i dezvolt\u0103 cuno\u0219tin\u021bele \u0219i vocabularul juc\u0103torului, * Antreneaz\u0103 spiritul de echip\u0103. * Antreneaz\u0103 \u0219i dezvolt\u0103 memoria juc\u0103torului. Con\u021bine: Peste 500 de \u00eentreb\u0103ri \u0219i r\u0103spunsuri gen: adev\u0103rat\/fals, \u00eentreb\u0103ri gril\u0103, completeaz\u0103, asociaz\u0103 \u2013 totul din Evanghelia dup\u0103 Marcu; 5 pioni din lemn, o plac\u0103 de joc cu traseu (ca\u0219erat\u0103 pe carton mucava) \u2013 dimensiune A3. Greutate produs: \u2013 420 gr. Dimensiune produs: 300 \/ 220 \/ 20 mm Autor: Ligia Ungureanu Desene de Virginia Iorgulescu Un joc de familie care poate fi explorat \u00een dou\u0103 variante. Timp + 20 minute. Se adreseaz\u0103 copiilor cu v\u00e2rste + 8 ani, poate fi \u00eens\u0103 foarte nimerit adolescen\u021bilor \u0219i chiar adul\u021bilor \u2013 o ocazie nimerit\u0103 de a duce \u00eempreun\u0103 copiii cu p\u0103rin\u021bi, bunici, etc.<\/p>\n","protected":false},"excerpt":{"rendered":"<p>Cartea lui Marcu este un joc cu peste cinci sute de \u00eentreb\u0103ri \u0219i r\u0103spunsuri, exclusiv din Evanghelia lui Marcu, \u00eemp\u0103r\u021bite astfel: adev\u0103rat\/ fals, \u00eentreb\u0103ri tip gril\u0103, \u00eentreb\u0103ri tip completeaz\u0103, sau r\u0103spunde, \u0219i asocieri. C\u0103l\u0103tore\u0219ti pe un traseu parcurs c\u00e2ndva de M\u00e2ntuitorul, locurile str\u0103b\u0103tute \u00een misiunea Sa prin Galileea. Traseul \u00ee\u021bi ofer\u0103 11 popasuri cu provoc\u0103ri. [&hellip;]<\/p>\n","protected":false},"featured_media":10508,"comment_status":"open","ping_status":"closed","template":"","meta":[],"product_brand":[],"product_cat":[98],"product_tag":[],"class_list":{"0":"post-5106","1":"product","2":"type-product","3":"status-publish","4":"has-post-thumbnail","6":"product_cat-jocuri","8":"first","9":"instock","10":"shipping-taxable","11":"purchasable","12":"product-type-simple"},"_links":{"self":[{"href":"https:\/\/dev.sbro.ro\/wp-json\/wp\/v2\/product\/5106","targetHints":{"allow":["GET"]}}],"collection":[{"href":"https:\/\/dev.sbro.ro\/wp-json\/wp\/v2\/product"}],"about":[{"href":"https:\/\/dev.sbro.ro\/wp-json\/wp\/v2\/types\/product"}],"replies":[{"embeddable":true,"href":"https:\/\/dev.sbro.ro\/wp-json\/wp\/v2\/comments?post=5106"}],"wp:featuredmedia":[{"embeddable":true,"href":"https:\/\/dev.sbro.ro\/wp-json\/wp\/v2\/media\/10508"}],"wp:attachment":[{"href":"https:\/\/dev.sbro.ro\/wp-json\/wp\/v2\/media?parent=5106"}],"wp:term":[{"taxonomy":"product_brand","embeddable":true,"href":"https:\/\/dev.sbro.ro\/wp-json\/wp\/v2\/product_brand?post=5106"},{"taxonomy":"product_cat","embeddable":true,"href":"https:\/\/dev.sbro.ro\/wp-json\/wp\/v2\/product_cat?post=5106"},{"taxonomy":"product_tag","embeddable":true,"href":"https:\/\/dev.sbro.ro\/wp-json\/wp\/v2\/product_tag?post=5106"}],"curies":[{"name":"wp","href":"https:\/\/api.w.org\/{rel}","templated":true}]}}