{"id":5155,"date":"2026-04-21T09:11:23","date_gmt":"2026-04-21T09:11:23","guid":{"rendered":"https:\/\/dev.sbro.ro\/?product=priscila"},"modified":"2026-04-21T09:11:23","modified_gmt":"2026-04-21T09:11:23","slug":"priscila","status":"publish","type":"product","link":"https:\/\/dev.sbro.ro\/product\/priscila\/","title":{"rendered":"Priscila"},"content":{"rendered":"<p>Povestea Priscilei aduce la via\u021b\u0103 lumea primului secol \u0219i \u00eei ajut\u0103 pe cititori s\u0103 se conecteze cu evenimentele \u0219i coresponden\u021ba din c\u0103r\u021bile Noului Testament.<\/p>\n<p>Witherington combin\u0103 erudi\u021bia biblic\u0103 \u0219i talentul povestirii pentru a oferi cititorilor o imagine vie a unei importante femei din Noul Testament.<\/p>\n<p>\u201eCartea este o povestire imaginar\u0103, dar acurat\u0103 istoric, a vie\u021bii unei femei importante din cre\u0219tinismul timpuriu, Priscila. Via\u021ba Priscilei, \u00eens\u0103, este mai mult dec\u00e2t o via\u021b\u0103, este o fereastr\u0103 prin care Ben Witherington face un portret al dezvolt\u0103rii cre\u0219tinismului \u00een primul secol \u00een Imperiul Roman, ajung\u00e2nd p\u00e2n\u0103 la Roma. Octogenara Priscila, povestind fiicei ei Julia, evoc\u0103 \u0219i examineaz\u0103 episoade din Noul Testament astfel \u00eenc\u00e2t am putea considera Priscila, o abordare inovatoare a introducerii \u00een Noul Testament, iar fotografiile adaug\u0103 un plus de autenticitate.\u201c<\/p>\n","protected":false},"excerpt":{"rendered":"<p>Povestea Priscilei aduce la via\u021b\u0103 lumea primului secol \u0219i \u00eei ajut\u0103 pe cititori s\u0103 se conecteze cu evenimentele \u0219i coresponden\u021ba din c\u0103r\u021bile Noului Testament. Witherington combin\u0103 erudi\u021bia biblic\u0103 \u0219i talentul povestirii pentru a oferi cititorilor o imagine vie a unei importante femei din Noul Testament. \u201eCartea este o povestire imaginar\u0103, dar acurat\u0103 istoric, a vie\u021bii [&hellip;]<\/p>\n","protected":false},"featured_media":10557,"comment_status":"open","ping_status":"closed","template":"","meta":[],"product_brand":[],"product_cat":[20],"product_tag":[],"class_list":{"0":"post-5155","1":"product","2":"type-product","3":"status-publish","4":"has-post-thumbnail","6":"product_cat-biografii-eseuri-marturii","8":"first","9":"instock","10":"shipping-taxable","11":"purchasable","12":"product-type-simple"},"_links":{"self":[{"href":"https:\/\/dev.sbro.ro\/wp-json\/wp\/v2\/product\/5155","targetHints":{"allow":["GET"]}}],"collection":[{"href":"https:\/\/dev.sbro.ro\/wp-json\/wp\/v2\/product"}],"about":[{"href":"https:\/\/dev.sbro.ro\/wp-json\/wp\/v2\/types\/product"}],"replies":[{"embeddable":true,"href":"https:\/\/dev.sbro.ro\/wp-json\/wp\/v2\/comments?post=5155"}],"wp:featuredmedia":[{"embeddable":true,"href":"https:\/\/dev.sbro.ro\/wp-json\/wp\/v2\/media\/10557"}],"wp:attachment":[{"href":"https:\/\/dev.sbro.ro\/wp-json\/wp\/v2\/media?parent=5155"}],"wp:term":[{"taxonomy":"product_brand","embeddable":true,"href":"https:\/\/dev.sbro.ro\/wp-json\/wp\/v2\/product_brand?post=5155"},{"taxonomy":"product_cat","embeddable":true,"href":"https:\/\/dev.sbro.ro\/wp-json\/wp\/v2\/product_cat?post=5155"},{"taxonomy":"product_tag","embeddable":true,"href":"https:\/\/dev.sbro.ro\/wp-json\/wp\/v2\/product_tag?post=5155"}],"curies":[{"name":"wp","href":"https:\/\/api.w.org\/{rel}","templated":true}]}}