{"id":5255,"date":"2026-04-21T09:11:37","date_gmt":"2026-04-21T09:11:37","guid":{"rendered":"https:\/\/dev.sbro.ro\/?product=vrajmasul-dinlauntru-o-discutie-deschisa-despre-puterea-si-infrangerea-pacatului"},"modified":"2026-04-21T09:11:37","modified_gmt":"2026-04-21T09:11:37","slug":"vrajmasul-dinlauntru-o-discutie-deschisa-despre-puterea-si-infrangerea-pacatului","status":"publish","type":"product","link":"https:\/\/dev.sbro.ro\/product\/vrajmasul-dinlauntru-o-discutie-deschisa-despre-puterea-si-infrangerea-pacatului\/","title":{"rendered":"Vr\u0103jma\u0219ul dinl\u0103untru. O discu\u021bie deschis\u0103 despre puterea \u0219i \u00eenfr\u00e2ngerea p\u0103catului"},"content":{"rendered":"<p>De ce continui s\u0103 p\u0103c\u0103tuiesc?<\/p>\n<p>\u021ainta acestei c\u0103r\u021bi e una singur\u0103: p\u0103catul. Inspir\u00e2ndu-se din dou\u0103 lucr\u0103ri magistrale ale lui John Owen, Kris Lundgaard ne ofer\u0103 ajutor, \u00eencurajare \u0219i n\u0103dejde pentru a birui \u00een lupta cu vr\u0103jma\u0219ul dinl\u0103untru.<\/p>\n<p>\u201e&#8230;o carte de mare actualitate, bine scris\u0103. Orice cre\u015ftin preocupat \u00een mod serios de problema sfin\u0163eniei ar trebui s\u0103 o citeasc\u0103.\u201c\u2014Jerry Bridges<\/p>\n<p>\u201eKris Lundgaard realizeaz\u0103 imposibilul. El ne d\u0103ruie\u0219te o parte din cea mai bun\u0103 teologie puritan\u0103, \u00eentr-un limbaj pe care s\u0103-l putem \u00een\u0163elege cu to\u0163ii&#8230; Ne provoac\u0103 \u00een direc\u0163ia unei transform\u0103ri spirituale radicale.\u201c\u2014Richard L. Pratt, Jr.<\/p>\n<p>\u201e&#8230;o aten\u0163ionare realist\u0103 asupra faptului c\u0103 desp\u0103r\u0163i\u0163i de harul lui Dumnezeu suntem mult mai slabi dec\u00e2t ne putem imagina \u2013 dar Cel care este \u00een noi este mai tare dec\u00e2t cel care este \u00een lume.\u201c\u2014Bryan Chapell<\/p>\n<p>\u201e&#8230;o lectur\u0103 obligatorie pentru to\u0163i cei care nu vor s\u0103 ridice steagul alb \u00een fa\u021ba p\u0103catului, ci caut\u0103 s\u0103 ob\u021bin\u0103 o biruin\u0163\u0103 r\u0103sun\u0103toare asupra lui.\u201c \u2014Steven Lawson<\/p>\n<p>\u201eKris Lundgaard ne ofer\u0103 o carte de excep\u021bie: onest\u0103, real\u0103 \u015fi, mai presus de orice, plin\u0103 de n\u0103dejde.\u201c\u2014Steve Brown<\/p>\n<p>Cuprins<br \/>\nPrefa\u0163\u0103<br \/>\nMul\u021bumiri    <\/p>\n<p>Partea \u00eent\u00e2i: Puterea p\u0103catului, prin ceea ce este el<br \/>\n1. R\u0103ul lipit de mine<br \/>\n2. Bra\u0163ul lung al legii<br \/>\n3. Casa b\u00e2ntuit\u0103<br \/>\n4. Diferen\u0163e ireconciliabile<\/p>\n<p>Partea a doua: Puterea p\u0103catului \u0219i cum lucreaz\u0103 el<br \/>\n5. Trucurile meseriei<br \/>\n6. Lua\u021bi de val<br \/>\n7. Nicio minte inactiv\u0103<\/p>\n<p>Digresiune: s\u0103 iube\u0219ti pe Dumnezeu cu tot cugetul t\u0103u<\/p>\n<p>8. Prin\u0219i \u00een c\u00e2rlig<br \/>\n9. Maculata concep\u021bie<\/p>\n<p>Partea a treia: Puterea p\u0103catului \u00een ceea ce face<br \/>\n10. \u00cendep\u0103rtare prin alunecare<\/p>\n<p>Partea a patra: Capac b\u0103tut \u00een cuie peste sicriul p\u0103catului<br \/>\n11. Un transplant de m\u0103duv\u0103 osoas\u0103<br \/>\n12. Nu exist\u0103 pace u\u015foar\u0103<br \/>\n13. Credin\u0163\u0103 letal\u0103<\/p>\n","protected":false},"excerpt":{"rendered":"<p>De ce continui s\u0103 p\u0103c\u0103tuiesc? \u021ainta acestei c\u0103r\u021bi e una singur\u0103: p\u0103catul. Inspir\u00e2ndu-se din dou\u0103 lucr\u0103ri magistrale ale lui John Owen, Kris Lundgaard ne ofer\u0103 ajutor, \u00eencurajare \u0219i n\u0103dejde pentru a birui \u00een lupta cu vr\u0103jma\u0219ul dinl\u0103untru. \u201e&#8230;o carte de mare actualitate, bine scris\u0103. Orice cre\u015ftin preocupat \u00een mod serios de problema sfin\u0163eniei ar trebui [&hellip;]<\/p>\n","protected":false},"featured_media":10656,"comment_status":"open","ping_status":"closed","template":"","meta":[],"product_brand":[],"product_cat":[18],"product_tag":[],"class_list":{"0":"post-5255","1":"product","2":"type-product","3":"status-publish","4":"has-post-thumbnail","6":"product_cat-viata-crestina","8":"first","9":"instock","10":"shipping-taxable","11":"purchasable","12":"product-type-simple"},"_links":{"self":[{"href":"https:\/\/dev.sbro.ro\/wp-json\/wp\/v2\/product\/5255","targetHints":{"allow":["GET"]}}],"collection":[{"href":"https:\/\/dev.sbro.ro\/wp-json\/wp\/v2\/product"}],"about":[{"href":"https:\/\/dev.sbro.ro\/wp-json\/wp\/v2\/types\/product"}],"replies":[{"embeddable":true,"href":"https:\/\/dev.sbro.ro\/wp-json\/wp\/v2\/comments?post=5255"}],"wp:featuredmedia":[{"embeddable":true,"href":"https:\/\/dev.sbro.ro\/wp-json\/wp\/v2\/media\/10656"}],"wp:attachment":[{"href":"https:\/\/dev.sbro.ro\/wp-json\/wp\/v2\/media?parent=5255"}],"wp:term":[{"taxonomy":"product_brand","embeddable":true,"href":"https:\/\/dev.sbro.ro\/wp-json\/wp\/v2\/product_brand?post=5255"},{"taxonomy":"product_cat","embeddable":true,"href":"https:\/\/dev.sbro.ro\/wp-json\/wp\/v2\/product_cat?post=5255"},{"taxonomy":"product_tag","embeddable":true,"href":"https:\/\/dev.sbro.ro\/wp-json\/wp\/v2\/product_tag?post=5255"}],"curies":[{"name":"wp","href":"https:\/\/api.w.org\/{rel}","templated":true}]}}