{"id":5513,"date":"2026-04-21T09:12:10","date_gmt":"2026-04-21T09:12:10","guid":{"rendered":"https:\/\/dev.sbro.ro\/?product=sprijinitorul-tau-personal-ajutor-biblic-pentru-depasirea-momentelor-grele"},"modified":"2026-04-21T09:12:10","modified_gmt":"2026-04-21T09:12:10","slug":"sprijinitorul-tau-personal-ajutor-biblic-pentru-depasirea-momentelor-grele","status":"publish","type":"product","link":"https:\/\/dev.sbro.ro\/product\/sprijinitorul-tau-personal-ajutor-biblic-pentru-depasirea-momentelor-grele\/","title":{"rendered":"Sprijinitorul t\u0103u personal &#8211; Ajutor biblic pentru dep\u0103\u0219irea momentelor grele"},"content":{"rendered":"<p>O vorb\u0103 care te-a jignit\u2026 planuri care dau gre\u0219\u2026 temeri \u0219i \u00eendoieli\u2026 o situa\u021bie critic\u0103 neprev\u0103zut\u0103. Spre cine te \u00eendrep\u021bi pentru ajutor?<\/p>\n<p>Aceast\u0103 nou\u0103 carte te va \u00eenv\u0103\u021ba cum s\u0103 te \u00eent\u0103re\u0219ti \u00een Dumnezeu. Discut\u00e2nd subiecte cum ar fi: teama, \u00eendoiala, singur\u0103tatea, ispita \u0219i pierderea celui drag cartea aceasta aduce \u00een discu\u021bie 40 dintre problemele cele mai des \u00eent\u00e2lnite \u00een via\u021b\u0103.<\/p>\n<p>\u00cen\u021belegere, sfat \u0219i versete biblice selectate cu aten\u021bie, toate acestea \u00ee\u021bi sunt date ca s\u0103 te ajute s\u0103-\u021bi pui c\u00e2t mai mult \u00eencrederea \u00een Dumnezeu.<\/p>\n<p>\u00cenva\u021b\u0103 cum s\u0103 te \u00eemb\u0103rb\u0103tezi \u00een Dumnezeu.<\/p>\n<ul>\n<li>Ajutor biblic pentru 40 dintre cele mai curente probleme ale vie\u021bii.<\/li>\n<li>Versete biblice care se adreseaz\u0103 fiec\u0103rei situa\u021bii concrete.<\/li>\n<li>Surs\u0103 valoroas\u0103 pentru uz personal.<\/li>\n<li>Unealt\u0103 potrivit\u0103 pentru ajutorarea altora.<\/li>\n<\/ul>\n<p>\u201e\u2026 o min\u0103 de sfaturi nepre\u021buite \u0219i o g\u00e2ndire biblic\u0103\u201d. <em>Evangelism Today<\/em><\/p>\n<p> Selwyn Hughes (n. 1928) a fost fondatorul Societ\u0103\u021bii CWR \u0219i autor al foarte popularei lucr\u0103ri \u201e\u00cen fiecare zi cu Isus\u201d, carte de medita\u021bii zilnice care \u00eenso\u021be\u0219te citirea Bibliei. Pastor \u0219i evanghelist la \u00eenceputul lucr\u0103rii sale, Selwyn Hughes a acumulat \u0219i o experien\u021b\u0103 de peste 40 de ani de consiliere cre\u0219tin\u0103. Selwyn a trecut \u00een ve\u0219nicii \u00een anul 2006.<\/p>\n<p><strong>CUPRINS<\/strong><\/p>\n<p>       Introducere<\/p>\n<ol>\n<li>C\u00e2nd e\u015fti tr\u0103dat de un prieten<\/li>\n<li>C\u00e2nd \u0163i se pare c\u0103 Dumnezeu S-a \u00eendep\u0103rtat de tine<\/li>\n<li>C\u00e2nd e\u015fti asaltat de g\u00e2nduri rele<\/li>\n<li>C\u00e2nd e\u015fti epuizat de boal\u0103<\/li>\n<li>C\u00e2nd temerile dep\u0103\u015fesc limitele<\/li>\n<li>C\u00e2nd e\u015fti cuprins de singur\u0103tate<\/li>\n<li>C\u00e2nd nu-\u0163i e u\u015for s\u0103 ier\u0163i<\/li>\n<li>C\u00e2nd cazi \u00een autocomp\u0103timire<\/li>\n<li>C\u00e2nd sim\u0163i c\u0103 te cuprinde gelozia<\/li>\n<li>C\u00e2nd nu-\u0163i mai vine s\u0103 te rogi<\/li>\n<li>C\u00e2nd te n\u0103p\u0103desc \u00eendoielile<\/li>\n<li>C\u00e2nd te confrun\u0163i cu e\u0219ecul<\/li>\n<li>C\u00e2nd nu mai speri \u00een nimic<\/li>\n<li>C\u00e2nd dup\u0103 un necaz vine altul<\/li>\n<li>C\u00e2nd e\u015fti paralizat de sentimente de inferioritate<\/li>\n<li>C\u00e2nd te \u00eentrebi dac\u0103 Dumnezeu poate schimba lucrurile<\/li>\n<li>C\u00e2nd cazi \u00eentr-un p\u0103cat cumplit<\/li>\n<li>C\u00e2nd e\u015fti cople\u015fit de ru\u015fine<\/li>\n<li>C\u00e2nd e\u015fti concediat sau f\u0103r\u0103 slujb\u0103<\/li>\n<li>C\u00e2nd \u00ee\u0163i este greu s\u0103 fii generos<\/li>\n<li>C\u00e2nd \u0163i se pare c\u0103 Biblia nu-\u0163i mai vorbe\u015fte<\/li>\n<li>C\u00e2nd moare cineva drag<\/li>\n<li>C\u00e2nd te lup\u0163i cu m\u00e2nia<\/li>\n<li>C\u00e2nd e\u015fti nedumerit de prosperitatea celor nelegiui\u0163i<\/li>\n<li>C\u00e2nd e\u015fti dobor\u00e2t de stres<\/li>\n<li>C\u00e2nd te st\u0103p\u00e2ne\u015fte egoismul<\/li>\n<li>C\u00e2nd e\u015fti ab\u0103tut \u015fi deprimat<\/li>\n<li>C\u00e2nd te \u00eendoie\u015fti de bun\u0103tatea lui Dumnezeu<\/li>\n<li>C\u00e2nd te chinuie dezam\u0103girile<\/li>\n<li>C\u00e2nd nu ai siguran\u0163\u0103 spiritual\u0103<\/li>\n<li>C\u00e2nd \u0163i-e fric\u0103 de moarte<\/li>\n<li>C\u00e2nd ai nevoie de c\u0103l\u0103uzire divin\u0103<\/li>\n<li>C\u00e2nd amintirile dureroase persist\u0103<\/li>\n<li>C\u00e2nd o c\u0103s\u0103torie se destram\u0103<\/li>\n<li>C\u00e2nd te sim\u0163i uitat de Dumnezeu<\/li>\n<li>C\u00e2nd ai probleme \u00een familie<\/li>\n<li>C\u00e2nd te lup\u0163i cu porniri sexuale<\/li>\n<li>C\u00e2nd e\u015fti h\u0103r\u0163uit de ispite puternice<\/li>\n<li>C\u00e2nd promisiunile lui Dumnezeu \u00eent\u00e2rzie s\u0103 se \u00eemplineasc\u0103<\/li>\n<li>C\u00e2nd dragostea ta pentru Domnul \u00eencepe s\u0103 scad\u0103<\/li>\n<\/ol>\n","protected":false},"excerpt":{"rendered":"<p>O vorb\u0103 care te-a jignit\u2026 planuri care dau gre\u0219\u2026 temeri \u0219i \u00eendoieli\u2026 o situa\u021bie critic\u0103 neprev\u0103zut\u0103. Spre cine te \u00eendrep\u021bi pentru ajutor? Aceast\u0103 nou\u0103 carte te va \u00eenv\u0103\u021ba cum s\u0103 te \u00eent\u0103re\u0219ti \u00een Dumnezeu. Discut\u00e2nd subiecte cum ar fi: teama, \u00eendoiala, singur\u0103tatea, ispita \u0219i pierderea celui drag cartea aceasta aduce \u00een discu\u021bie 40 dintre problemele [&hellip;]<\/p>\n","protected":false},"featured_media":10900,"comment_status":"open","ping_status":"closed","template":"","meta":[],"product_brand":[],"product_cat":[41,18],"product_tag":[],"class_list":{"0":"post-5513","1":"product","2":"type-product","3":"status-publish","4":"has-post-thumbnail","6":"product_cat-consiliere","7":"product_cat-viata-crestina","9":"first","10":"instock","11":"shipping-taxable","12":"purchasable","13":"product-type-simple"},"_links":{"self":[{"href":"https:\/\/dev.sbro.ro\/wp-json\/wp\/v2\/product\/5513","targetHints":{"allow":["GET"]}}],"collection":[{"href":"https:\/\/dev.sbro.ro\/wp-json\/wp\/v2\/product"}],"about":[{"href":"https:\/\/dev.sbro.ro\/wp-json\/wp\/v2\/types\/product"}],"replies":[{"embeddable":true,"href":"https:\/\/dev.sbro.ro\/wp-json\/wp\/v2\/comments?post=5513"}],"wp:featuredmedia":[{"embeddable":true,"href":"https:\/\/dev.sbro.ro\/wp-json\/wp\/v2\/media\/10900"}],"wp:attachment":[{"href":"https:\/\/dev.sbro.ro\/wp-json\/wp\/v2\/media?parent=5513"}],"wp:term":[{"taxonomy":"product_brand","embeddable":true,"href":"https:\/\/dev.sbro.ro\/wp-json\/wp\/v2\/product_brand?post=5513"},{"taxonomy":"product_cat","embeddable":true,"href":"https:\/\/dev.sbro.ro\/wp-json\/wp\/v2\/product_cat?post=5513"},{"taxonomy":"product_tag","embeddable":true,"href":"https:\/\/dev.sbro.ro\/wp-json\/wp\/v2\/product_tag?post=5513"}],"curies":[{"name":"wp","href":"https:\/\/api.w.org\/{rel}","templated":true}]}}