{"id":563,"date":"2026-04-21T09:02:43","date_gmt":"2026-04-21T09:02:43","guid":{"rendered":"https:\/\/dev.sbro.ro\/?product=strigat-din-adinc"},"modified":"2026-04-21T09:02:43","modified_gmt":"2026-04-21T09:02:43","slug":"strigat-din-adinc","status":"publish","type":"product","link":"https:\/\/dev.sbro.ro\/?product=strigat-din-adinc","title":{"rendered":"Strigat din adinc"},"content":{"rendered":"<p>Boala, suferin\u0163a \u015fi durerea sunt omniprezente. Dar unde este Dumnezeu \u00een toate acestea? De ce permite El at\u00eeta suferin\u0163\u0103? De ce nu intervine \u2013 dac\u0103 poate s-o fac\u0103? \u00cen aceast\u0103 carte, ni\u015fte persoane relateaz\u0103 modul cum au g\u0103sit m\u00eeng\u00eeiere \u015fi ajutor \u00een situa\u0163ii disperate \u015fi aparent f\u0103r\u0103 sc\u0103pare. Volker \u00centr-un sanatoriu din Germania de Est, Volker ajunge \u00een punctul cel mai de jos al vie\u0163ii. \u00cen timp ce \u00eentreb\u0103ri chinuitoare nu-i dau pace tat\u0103lui de familie legat de pat, i se propune so\u0163iei lui s\u0103 divor\u0163eze de el\u2026. Gabi. Dup\u0103 un an agitat ca administratoare a unei case de vacan\u0163\u0103, gabi \u015fi familia ei se bucur\u0103 de perspectiva unor s\u0103rb\u0103tori fericite de Cr\u0103sciun. Totu\u015fi, \u00een loc de aceasta \u00eencepe o lupt\u0103 pe via\u0163\u0103 \u015fi pe moarte. Martin \u015fi Margitta. Proasp\u0103t c\u0103s\u0103torit, Martin \u00ee\u015fi dore\u015fte mul\u0163i copii \u2013 dac\u0103 se poate o \u00eentreag\u0103 echip\u0103 de fotbal. Dar el nu va putea juca niciodat\u0103 fotbal cu \u00eent\u00eeiul s\u0103u n\u0103scut\u2026. Christa. Un accident grav de circula\u0163ie al so\u0163ului ei \u00eentunec\u0103 fericirea tinerei famili. Oare va supravie\u0163ui? Se va \u00eens\u0103n\u0103to\u015fi? \u015ei ce se va \u00eent\u00eempla dac\u0103 el va r\u0103m\u00eene dependent de \u00eengrijirea altora? Gunther \u015fi Burkhard. Gunther viseaz\u0103 ca m\u0103car o dat\u0103 \u00een via\u0163\u0103 s\u0103 poat\u0103 vedea un r\u0103s\u0103rit de soare \u00een mun\u0163i. Totu\u015fi, aceast\u0103 dorin\u0163\u0103 nu se va \u00eemplini niciodat\u0103, nici pentru el, nici pentru prietenul s\u0103u Burkhard.<\/p>\n","protected":false},"excerpt":{"rendered":"<p>Boala, suferin\u0163a \u015fi durerea sunt omniprezente. Dar unde este Dumnezeu \u00een toate acestea? De ce permite El at\u00eeta suferin\u0163\u0103? De ce nu intervine \u2013 dac\u0103 poate s-o fac\u0103? \u00cen aceast\u0103 carte, ni\u015fte persoane relateaz\u0103 modul cum au g\u0103sit m\u00eeng\u00eeiere \u015fi ajutor \u00een situa\u0163ii disperate \u015fi aparent f\u0103r\u0103 sc\u0103pare. Volker \u00centr-un sanatoriu din Germania de Est, [&hellip;]<\/p>\n","protected":false},"featured_media":6006,"comment_status":"open","ping_status":"closed","template":"","meta":[],"product_brand":[],"product_cat":[20],"product_tag":[],"class_list":{"0":"post-563","1":"product","2":"type-product","3":"status-publish","4":"has-post-thumbnail","6":"product_cat-biografii-eseuri-marturii","8":"first","9":"outofstock","10":"shipping-taxable","11":"purchasable","12":"product-type-simple"},"_links":{"self":[{"href":"https:\/\/dev.sbro.ro\/index.php?rest_route=\/wp\/v2\/product\/563","targetHints":{"allow":["GET"]}}],"collection":[{"href":"https:\/\/dev.sbro.ro\/index.php?rest_route=\/wp\/v2\/product"}],"about":[{"href":"https:\/\/dev.sbro.ro\/index.php?rest_route=\/wp\/v2\/types\/product"}],"replies":[{"embeddable":true,"href":"https:\/\/dev.sbro.ro\/index.php?rest_route=%2Fwp%2Fv2%2Fcomments&post=563"}],"wp:featuredmedia":[{"embeddable":true,"href":"https:\/\/dev.sbro.ro\/index.php?rest_route=\/wp\/v2\/media\/6006"}],"wp:attachment":[{"href":"https:\/\/dev.sbro.ro\/index.php?rest_route=%2Fwp%2Fv2%2Fmedia&parent=563"}],"wp:term":[{"taxonomy":"product_brand","embeddable":true,"href":"https:\/\/dev.sbro.ro\/index.php?rest_route=%2Fwp%2Fv2%2Fproduct_brand&post=563"},{"taxonomy":"product_cat","embeddable":true,"href":"https:\/\/dev.sbro.ro\/index.php?rest_route=%2Fwp%2Fv2%2Fproduct_cat&post=563"},{"taxonomy":"product_tag","embeddable":true,"href":"https:\/\/dev.sbro.ro\/index.php?rest_route=%2Fwp%2Fv2%2Fproduct_tag&post=563"}],"curies":[{"name":"wp","href":"https:\/\/api.w.org\/{rel}","templated":true}]}}