{"id":5639,"date":"2026-04-21T09:12:25","date_gmt":"2026-04-21T09:12:25","guid":{"rendered":"https:\/\/dev.sbro.ro\/?product=baiatul-din-nazaret"},"modified":"2026-04-21T09:12:25","modified_gmt":"2026-04-21T09:12:25","slug":"baiatul-din-nazaret","status":"publish","type":"product","link":"https:\/\/dev.sbro.ro\/?product=baiatul-din-nazaret","title":{"rendered":"B\u0103iatul din Nazaret"},"content":{"rendered":"<p>Povestea imagineaz\u0103 prima c\u0103l\u0103torie a b\u0103iatului Isus \u00eenspre lerusalim, cu ocazia s\u0103rb\u0103torii Pa\u0219telui, \u0219i \u00eenf\u0103\u021bi\u0219eaz\u0103 r\u00e2nd pe r\u00e2nd \u0219i din aproape \u00een aproape treptele maturiz\u0103rii spirituale ale b\u0103iatului.<\/p>\n<p>Fiecare dintre peripe\u021biile din c\u0103l\u0103toria \u00eenspre magnifica cetate, \u00eent\u00e2lnirile pe care b\u0103iatul le are cu diverse personaje, c\u0103ut\u0103rile \u0219i tr\u0103irile sale suflete\u0219ti din cur\u021bile Templului au menirea de a \u00eendrepta aten\u021bia cititorului \u00eenspre transformarea l\u0103untric\u00e3 ce se petrecea \u00een inima \u0219i mintea b\u0103ie\u021bandrului Isus.<\/p>\n<p>Dac\u0103 la pornirea din Nazaret este doar preaiubitul p\u0103rin\u021bilor s\u0103i, un b\u0103ietan care \u00eensufle\u021be\u0219te cu bucuria sa \u00eentregul grup de pelerini \u0219i care gust\u0103 din plin farmecul naturii din jur, cu fiecare \u00eent\u00e2lnire pe care o are, b\u0103iatul devine tot mai meditativ, tot mai dornic s\u0103 fac\u0103 \u201eceva\u201d pentru a \u00eendrepta lucrurile, pentru a-i sc\u0103pa pe oameni de sub puterea r\u0103ului care \u00eei st\u0103p\u00e2ne\u0219te \u0219i de a reduce toate jertfele miilor de miei din cur\u021bile Templului la o singur\u0103 jertf\u0103, \u00een care s\u0103 moar\u0103 un singur Miel.<\/p>\n<p>Despre autor<\/p>\n<p>Henry van Dyke (1852-1933) a fost un autor american, profesor \u0219i pastor prezbiterian. Pe parcursul a peste dou\u0103 decenii, a fost profesor de literatur\u0103 englez\u0103 la Princeton, dar \u0219i la Universitatea din Paris. \u00cen 1913, fostul s\u0103u coleg de clas\u0103, pre\u0219edintele Wilson, l-a numit ministru pentru rela\u021biile diplomatice cu \u021a\u0103rile de Jos \u0219i Luxemburg. Ca om al bisericii, Henry van Dyke a fost foarte marcat de marile s\u0103rb\u0103tori ale cre\u0219tin\u0103t\u0103\u021bii &#8211; Na\u0219terea \u0219i \u00cenvierea lui Isus Cristos &#8211; ceea ce l-a \u00eemboldit s\u0103 scrie mai multe povestiri referitoare la acestea.<\/p>\n","protected":false},"excerpt":{"rendered":"<p>Povestea imagineaz\u0103 prima c\u0103l\u0103torie a b\u0103iatului Isus \u00eenspre lerusalim, cu ocazia s\u0103rb\u0103torii Pa\u0219telui, \u0219i \u00eenf\u0103\u021bi\u0219eaz\u0103 r\u00e2nd pe r\u00e2nd \u0219i din aproape \u00een aproape treptele maturiz\u0103rii spirituale ale b\u0103iatului. Fiecare dintre peripe\u021biile din c\u0103l\u0103toria \u00eenspre magnifica cetate, \u00eent\u00e2lnirile pe care b\u0103iatul le are cu diverse personaje, c\u0103ut\u0103rile \u0219i tr\u0103irile sale suflete\u0219ti din cur\u021bile Templului au menirea [&hellip;]<\/p>\n","protected":false},"featured_media":11024,"comment_status":"open","ping_status":"closed","template":"","meta":[],"product_brand":[],"product_cat":[30],"product_tag":[],"class_list":{"0":"post-5639","1":"product","2":"type-product","3":"status-publish","4":"has-post-thumbnail","6":"product_cat-beletristica","8":"first","9":"instock","10":"shipping-taxable","11":"purchasable","12":"product-type-simple"},"_links":{"self":[{"href":"https:\/\/dev.sbro.ro\/index.php?rest_route=\/wp\/v2\/product\/5639","targetHints":{"allow":["GET"]}}],"collection":[{"href":"https:\/\/dev.sbro.ro\/index.php?rest_route=\/wp\/v2\/product"}],"about":[{"href":"https:\/\/dev.sbro.ro\/index.php?rest_route=\/wp\/v2\/types\/product"}],"replies":[{"embeddable":true,"href":"https:\/\/dev.sbro.ro\/index.php?rest_route=%2Fwp%2Fv2%2Fcomments&post=5639"}],"wp:featuredmedia":[{"embeddable":true,"href":"https:\/\/dev.sbro.ro\/index.php?rest_route=\/wp\/v2\/media\/11024"}],"wp:attachment":[{"href":"https:\/\/dev.sbro.ro\/index.php?rest_route=%2Fwp%2Fv2%2Fmedia&parent=5639"}],"wp:term":[{"taxonomy":"product_brand","embeddable":true,"href":"https:\/\/dev.sbro.ro\/index.php?rest_route=%2Fwp%2Fv2%2Fproduct_brand&post=5639"},{"taxonomy":"product_cat","embeddable":true,"href":"https:\/\/dev.sbro.ro\/index.php?rest_route=%2Fwp%2Fv2%2Fproduct_cat&post=5639"},{"taxonomy":"product_tag","embeddable":true,"href":"https:\/\/dev.sbro.ro\/index.php?rest_route=%2Fwp%2Fv2%2Fproduct_tag&post=5639"}],"curies":[{"name":"wp","href":"https:\/\/api.w.org\/{rel}","templated":true}]}}