{"id":5826,"date":"2026-04-21T09:12:51","date_gmt":"2026-04-21T09:12:51","guid":{"rendered":"https:\/\/dev.sbro.ro\/?product=viitorul-lumii-crestine"},"modified":"2026-04-21T09:12:51","modified_gmt":"2026-04-21T09:12:51","slug":"viitorul-lumii-crestine","status":"publish","type":"product","link":"https:\/\/dev.sbro.ro\/?product=viitorul-lumii-crestine","title":{"rendered":"Viitorul lumii cre\u0219tine"},"content":{"rendered":"<p>Dac\u00e3 vremurile vor impune, p\u00e2n\u0103 la urm\u00e3, o reg\u00e2ndire profund\u0103 a istoriei globale contemporane dintr-o perspectiv\u0103 cre\u0219tin\u0103, <em>Viitorul lumii cre\u0219tine<\/em> va fi unul dintre reperele semnificative care arat\u00e3 direc\u021bia. &#8212; MARK NOLL, Books &amp; Culture<\/p>\n<p>O carte esen\u021bial\u0103 pentru oricine vrea s\u0103 \u00een\u021beleag\u0103 unde s-a mutat centrul cre\u0219tinismului de azi \u0219i s\u0103 \u00eentrevad\u0103 ce urmeaz\u0103. Jenkins are meritul de a ne aminti, de-a lungul paginilor adesea captivante ale acestei lucr\u0103ri pline de via\u021b\u0103&#8230; c\u0103 istoria cre\u0219tinismului este istoria unor adapt\u0103ri inovatoare &#8211; \u0219i imprevizibile. &#8212; <em>New York Times Books Review<\/em><\/p>\n<p><em>Viitorul lumii cre\u0219tine<\/em> este o carte excelent\u0103 pentru teologi, misiologi \u0219i pastori ai comunit\u0103\u021bilor multiculturale. Este o lectur\u0103 esen\u021bial\u0103 pentru cei care g\u00e2ndesc strategiile din orice denomina\u021bie \u0219i din orice institu\u021bie cre\u0219tin\u0103. &#8212; BRUCE CAMPBELL MOYE, Andrews University<\/p>\n<p>Cartea lui Jenkins devine o born\u0103 de neocolit pentru oricine este interesat de fenomenul religios \u0219i poate deveni punctul de plecare al unui dialog mai amplu, at\u00e2t la nivel de societate, c\u00e2t \u0219i intra sau inter-cre\u0219tin, relev\u00e2nd conving\u0103tor c\u0103 noile forme pe care le \u00eembrac\u0103 actualmente credin\u021ba cre\u0219tin\u0103 vin adesea cu hibridiz\u0103ri surprinz\u0103toare, cu un bagaj experien\u021bial nou, cu ve\u0219minte culturale extrem de diverse. &#8212; CRISTIAN SONEA, Facultatea de Teologie Ortodox\u0103, Universitatea \u201eBabe\u0219-Bolyai&#8221;, Cluj-Napoca<\/p>\n","protected":false},"excerpt":{"rendered":"<p>Dac\u00e3 vremurile vor impune, p\u00e2n\u0103 la urm\u00e3, o reg\u00e2ndire profund\u0103 a istoriei globale contemporane dintr-o perspectiv\u0103 cre\u0219tin\u0103, Viitorul lumii cre\u0219tine va fi unul dintre reperele semnificative care arat\u00e3 direc\u021bia. &#8212; MARK NOLL, Books &amp; Culture O carte esen\u021bial\u0103 pentru oricine vrea s\u0103 \u00een\u021beleag\u0103 unde s-a mutat centrul cre\u0219tinismului de azi \u0219i s\u0103 \u00eentrevad\u0103 ce urmeaz\u0103. [&hellip;]<\/p>\n","protected":false},"featured_media":11204,"comment_status":"open","ping_status":"closed","template":"","meta":[],"product_brand":[],"product_cat":[18],"product_tag":[],"class_list":{"0":"post-5826","1":"product","2":"type-product","3":"status-publish","4":"has-post-thumbnail","6":"product_cat-viata-crestina","8":"first","9":"instock","10":"shipping-taxable","11":"purchasable","12":"product-type-simple"},"_links":{"self":[{"href":"https:\/\/dev.sbro.ro\/index.php?rest_route=\/wp\/v2\/product\/5826","targetHints":{"allow":["GET"]}}],"collection":[{"href":"https:\/\/dev.sbro.ro\/index.php?rest_route=\/wp\/v2\/product"}],"about":[{"href":"https:\/\/dev.sbro.ro\/index.php?rest_route=\/wp\/v2\/types\/product"}],"replies":[{"embeddable":true,"href":"https:\/\/dev.sbro.ro\/index.php?rest_route=%2Fwp%2Fv2%2Fcomments&post=5826"}],"wp:featuredmedia":[{"embeddable":true,"href":"https:\/\/dev.sbro.ro\/index.php?rest_route=\/wp\/v2\/media\/11204"}],"wp:attachment":[{"href":"https:\/\/dev.sbro.ro\/index.php?rest_route=%2Fwp%2Fv2%2Fmedia&parent=5826"}],"wp:term":[{"taxonomy":"product_brand","embeddable":true,"href":"https:\/\/dev.sbro.ro\/index.php?rest_route=%2Fwp%2Fv2%2Fproduct_brand&post=5826"},{"taxonomy":"product_cat","embeddable":true,"href":"https:\/\/dev.sbro.ro\/index.php?rest_route=%2Fwp%2Fv2%2Fproduct_cat&post=5826"},{"taxonomy":"product_tag","embeddable":true,"href":"https:\/\/dev.sbro.ro\/index.php?rest_route=%2Fwp%2Fv2%2Fproduct_tag&post=5826"}],"curies":[{"name":"wp","href":"https:\/\/api.w.org\/{rel}","templated":true}]}}