{"id":5832,"date":"2026-04-21T09:12:51","date_gmt":"2026-04-21T09:12:51","guid":{"rendered":"https:\/\/dev.sbro.ro\/?product=orizontul-marilor-promisiuni-william-carey"},"modified":"2026-04-21T09:12:51","modified_gmt":"2026-04-21T09:12:51","slug":"orizontul-marilor-promisiuni-william-carey","status":"publish","type":"product","link":"https:\/\/dev.sbro.ro\/product\/orizontul-marilor-promisiuni-william-carey\/","title":{"rendered":"Orizontul marilor promisiuni &#8211; William Carey"},"content":{"rendered":"<p><strong>Misionarul care a schimbat China<\/strong><\/p>\n<p>Via\u021ba lui Hudson Taylor a fost plin\u0103 de aventur\u0103, credin\u021b\u0103 neclintit\u0103 \u0219i miracole incredibile. De\u0219i a fost un copil fragil, adesea bolnav \u0219i cu o vedere slab\u0103, Dumnezeu l-a ales pentru o misiune m\u0103rea\u021b\u0103: s\u0103 duc\u0103 Evanghelia \u00een China.<\/p>\n<p>La doar 21 de ani, Hudson a p\u0103r\u0103sit confortul Angliei \u0219i a navigat p\u00e2n\u0103 la cel\u0103lalt cap\u0103t al lumii. De ce? Pentru a le spune chinezilor vestea bun\u0103 a lui Isus Hristos. A \u00eenfruntat opozi\u021bie, greut\u0103\u021bi \u0219i pericole incredibile, dar credin\u021ba lui l-a purtat mai departe.<\/p>\n<p>\u00cen aceast\u0103 poveste captivant\u0103, Catherine Mackenzie ne poart\u0103 prin copil\u0103ria lui Hudson, adolescen\u021ba lui plin\u0103 de fr\u0103m\u00e2nt\u0103ri \u0219i anii \u00een care a devenit unul dintre cei mai mari misionari ai istoriei. Este un exemplu de curaj \u0219i devotament care va inspira orice cititor s\u0103-L urmeze pe Dumnezeu cu aceea\u0219i pasiune.<\/p>\n","protected":false},"excerpt":{"rendered":"<p>Misionarul care a schimbat China Via\u021ba lui Hudson Taylor a fost plin\u0103 de aventur\u0103, credin\u021b\u0103 neclintit\u0103 \u0219i miracole incredibile. De\u0219i a fost un copil fragil, adesea bolnav \u0219i cu o vedere slab\u0103, Dumnezeu l-a ales pentru o misiune m\u0103rea\u021b\u0103: s\u0103 duc\u0103 Evanghelia \u00een China. La doar 21 de ani, Hudson a p\u0103r\u0103sit confortul Angliei \u0219i [&hellip;]<\/p>\n","protected":false},"featured_media":11210,"comment_status":"open","ping_status":"closed","template":"","meta":[],"product_brand":[],"product_cat":[20],"product_tag":[],"class_list":{"0":"post-5832","1":"product","2":"type-product","3":"status-publish","4":"has-post-thumbnail","6":"product_cat-biografii-eseuri-marturii","8":"first","9":"outofstock","10":"shipping-taxable","11":"purchasable","12":"product-type-simple"},"_links":{"self":[{"href":"https:\/\/dev.sbro.ro\/wp-json\/wp\/v2\/product\/5832","targetHints":{"allow":["GET"]}}],"collection":[{"href":"https:\/\/dev.sbro.ro\/wp-json\/wp\/v2\/product"}],"about":[{"href":"https:\/\/dev.sbro.ro\/wp-json\/wp\/v2\/types\/product"}],"replies":[{"embeddable":true,"href":"https:\/\/dev.sbro.ro\/wp-json\/wp\/v2\/comments?post=5832"}],"wp:featuredmedia":[{"embeddable":true,"href":"https:\/\/dev.sbro.ro\/wp-json\/wp\/v2\/media\/11210"}],"wp:attachment":[{"href":"https:\/\/dev.sbro.ro\/wp-json\/wp\/v2\/media?parent=5832"}],"wp:term":[{"taxonomy":"product_brand","embeddable":true,"href":"https:\/\/dev.sbro.ro\/wp-json\/wp\/v2\/product_brand?post=5832"},{"taxonomy":"product_cat","embeddable":true,"href":"https:\/\/dev.sbro.ro\/wp-json\/wp\/v2\/product_cat?post=5832"},{"taxonomy":"product_tag","embeddable":true,"href":"https:\/\/dev.sbro.ro\/wp-json\/wp\/v2\/product_tag?post=5832"}],"curies":[{"name":"wp","href":"https:\/\/api.w.org\/{rel}","templated":true}]}}