{"id":5860,"date":"2026-04-21T09:12:56","date_gmt":"2026-04-21T09:12:56","guid":{"rendered":"https:\/\/dev.sbro.ro\/?product=biblia-ucenicului-coperta-maro"},"modified":"2026-04-21T09:12:56","modified_gmt":"2026-04-21T09:12:56","slug":"biblia-ucenicului-coperta-maro","status":"publish","type":"product","link":"https:\/\/dev.sbro.ro\/?product=biblia-ucenicului-coperta-maro","title":{"rendered":"Biblia ucenicului &#8211; copert\u0103 maro"},"content":{"rendered":"<p><em><em> Biblia ucenicului<\/em> <\/em>con\u021bine \u0219i resurse specific adventiste. Este publicat\u0103 de Editura adventist\u0103 <em>Via\u021b\u0103 \u0219i s\u0103n\u0103tate<\/em>. <\/p>\n<p><em>Biblia ucenicului<\/em> este special conceput\u0103 pentru cei ce vor s\u0103 aprofundeze Biblia \u0219i s\u0103 le prezinte adev\u0103rurile ei \u0219i altora. Prezenta edi\u021bie cuprinde:<\/p>\n<p>\u2022 textul traducerii Dumitru Cornilescu revizuit ortografic;<br \/>\n\u2022 cuvintele Domnului Isus tip\u0103rite cu maro;<br \/>\n\u2022 instrumente biblice folositoare: lista minunilor \u0219i a parabolelor Domnului Isus, via\u021ba Lui, atributele Duhului Sf\u00e2nt, o list\u0103 a celor mai \u00eent\u00e2lnite simboluri biblice \u00eenso\u021bite de explica\u021bia lor, o list\u0103 a profe\u021biilor veterotestamentare despre Mesia \u0219i \u00eemplinirea lor etc.<br \/>\n\u2022 studiu biblic \u00een lan\u021b: un instrument practic \u0219i ingenios pentru studiul tematic al Bibliei;<br \/>\n\u2022 resurse speciale pentru misiune \u0219i predicare: sugestii pentru a le \u00eemp\u0103rt\u0103\u0219i oamenilor Evanghelia, r\u0103spunsuri la \u00eentreb\u0103rile spinoase ale Bibliei \u0219i alte materiale;<br \/>\n\u2022 coduri QR pentru a asculta c\u0103r\u021bile biblice \u00een format audio \u0219i pentru a accesa materiale suplimentare: r\u0103spunsuri pe larg la \u00eentreb\u0103ri din Biblie \u0219i descrieri ale unor a\u0219ez\u0103ri antice men\u021bionate pe paginile Scripturii;<br \/>\n\u2022 resurse specific adventiste: istoria Bisericii Adventiste de Ziua a \u0218aptea (la nivel mondial, dar \u0219i pe t\u0103r\u00e2m rom\u00e2nesc, principiile fundamentale de credin\u021b\u0103, coduri QR pentru declara\u021biile oficiale ale bisericii \u0219i pentru manualele departamentelor;<br \/>\n\u2022 \u201eExist\u0103 un r\u0103spuns!\u201d: studii biblice gata de a fi prezentate \u00een cadrul unor grupe mici;<br \/>\n\u2022 24 de plan\u0219e r\u0103sp\u00e2ndite de-a lungul \u00eentregii Biblii cu teme de interes: profe\u021bia celor 2300 de zile, sanctuarul din pustie, Mileniul, chipul din Daniel 2, ve\u0219mintele preo\u021be\u0219ti, animalele profetice din Daniel 7 \u0219i Apocalipsa 13 etc.<br \/>\n\u2022 peste 200 de comentarii, articole, grafice \u0219i tabele \u00eemp\u0103r\u021bite \u00een \u0219ase mari teme \u0219i r\u0103sp\u00e2ndite de-a lungul \u00eentregii Biblii: aspecte teologice, istorie \u0219i cultur\u0103, daruri \u0219i jertfe, personaje din Biblie, popoare \u0219i imperii \u0219i geografia \u021a\u0103rii Sfinte.<br \/>\n\u2022 resurse audio \u0219i video diverse;<br \/>\n\u2022 20 de h\u0103r\u021bi biblice.<\/p>\n<p>Dimensiune copert\u0103 \u2013 24.5&#215;17.5 cm, dimensiune pagin\u0103 \u2013 23.5&#215;16.5 cm, pagini albe, copert\u0103 pvc, culoare maro \u00een combina\u021bie cu crem \u0219i grena, margini argintii.<\/p>\n","protected":false},"excerpt":{"rendered":"<p>Biblia ucenicului con\u021bine \u0219i resurse specific adventiste. Este publicat\u0103 de Editura adventist\u0103 Via\u021b\u0103 \u0219i s\u0103n\u0103tate. Biblia ucenicului este special conceput\u0103 pentru cei ce vor s\u0103 aprofundeze Biblia \u0219i s\u0103 le prezinte adev\u0103rurile ei \u0219i altora. Prezenta edi\u021bie cuprinde: \u2022 textul traducerii Dumitru Cornilescu revizuit ortografic; \u2022 cuvintele Domnului Isus tip\u0103rite cu maro; \u2022 instrumente biblice [&hellip;]<\/p>\n","protected":false},"featured_media":11238,"comment_status":"open","ping_status":"closed","template":"","meta":[],"product_brand":[],"product_cat":[85],"product_tag":[],"class_list":{"0":"post-5860","1":"product","2":"type-product","3":"status-publish","4":"has-post-thumbnail","6":"product_cat-biblia-de-studiu","8":"first","9":"instock","10":"shipping-taxable","11":"purchasable","12":"product-type-simple"},"_links":{"self":[{"href":"https:\/\/dev.sbro.ro\/index.php?rest_route=\/wp\/v2\/product\/5860","targetHints":{"allow":["GET"]}}],"collection":[{"href":"https:\/\/dev.sbro.ro\/index.php?rest_route=\/wp\/v2\/product"}],"about":[{"href":"https:\/\/dev.sbro.ro\/index.php?rest_route=\/wp\/v2\/types\/product"}],"replies":[{"embeddable":true,"href":"https:\/\/dev.sbro.ro\/index.php?rest_route=%2Fwp%2Fv2%2Fcomments&post=5860"}],"wp:featuredmedia":[{"embeddable":true,"href":"https:\/\/dev.sbro.ro\/index.php?rest_route=\/wp\/v2\/media\/11238"}],"wp:attachment":[{"href":"https:\/\/dev.sbro.ro\/index.php?rest_route=%2Fwp%2Fv2%2Fmedia&parent=5860"}],"wp:term":[{"taxonomy":"product_brand","embeddable":true,"href":"https:\/\/dev.sbro.ro\/index.php?rest_route=%2Fwp%2Fv2%2Fproduct_brand&post=5860"},{"taxonomy":"product_cat","embeddable":true,"href":"https:\/\/dev.sbro.ro\/index.php?rest_route=%2Fwp%2Fv2%2Fproduct_cat&post=5860"},{"taxonomy":"product_tag","embeddable":true,"href":"https:\/\/dev.sbro.ro\/index.php?rest_route=%2Fwp%2Fv2%2Fproduct_tag&post=5860"}],"curies":[{"name":"wp","href":"https:\/\/api.w.org\/{rel}","templated":true}]}}